{"id":4175,"date":"2023-02-23T00:31:55","date_gmt":"2023-02-23T06:31:55","guid":{"rendered":"https:\/\/tecsecmty.com\/index.php\/producto\/dsc-rfk5501m-teclado-cableado-de-iconos-alcance-extendido-con-receptor-integrado-admite-64-zonas-de-las-cuales-32-pueden-ser-inalambricas-compatible-con-power-series\/"},"modified":"2023-03-22T23:23:24","modified_gmt":"2023-03-23T05:23:24","slug":"dsc-rfk5501m-teclado-cableado-de-iconos-alcance-extendido-con-receptor-integrado-admite-64-zonas-de-las-cuales-32-pueden-ser-inalambricas-compatible-con-power-series","status":"publish","type":"product","link":"https:\/\/tecsecmty.com\/index.php\/producto\/dsc-rfk5501m-teclado-cableado-de-iconos-alcance-extendido-con-receptor-integrado-admite-64-zonas-de-las-cuales-32-pueden-ser-inalambricas-compatible-con-power-series\/","title":{"rendered":"DSC RFK5501M &#8211; Teclado Cableado de Iconos alcance extendido con receptor integrado admite 64 zonas de las cuales 32 pueden ser inalambricas compatible con Power Series"},"content":{"rendered":"<div class=\"row aling-items-center padding-bottom-2x\">\n<div class=\"col-lg-12\">\n<h5 class=\"card-title text-center\">Descripci\u00f3n<\/h5>\n<p>El teclado modelo PK5501 de las series POWER es un teclado de iconos con pantalla LCD y capacidad de hasta 64 zonas de conexi\u00f3n con el panel tipo Cableada.<\/p>\n<p class=\"ql-align-center\">Este modelo es para los paneles DSC de POWER SERIES.<\/p>\n<p><img decoding=\"async\" class=\"overview-center-img-web\" src=\"https:\/\/tvc.mx\/media\/62862\/PK5501-central-overview.jpg\" alt=\"\" \/><\/div>\n<\/div>\n<div class=\"row align-items-center padding-bottom-2x\">\n<div class=\"col-md-5\"><img decoding=\"async\" class=\"d-block m-auto img-thumbnail\" src=\"https:\/\/tvc.mx\/media\/63030\/tecladoiconos-lateraloverview.jpg\" alt=\" \" \/><\/div>\n<div class=\"col-md-7 text-md-left text-center\">\n<h2>Especificaciones<\/h2>\n<p class=\"text-muted\">\n<ul>\n<li>Teclado horizontal con moderno dise\u00f1o de bajo perfil<\/li>\n<li>Botones de teclado m\u00e1s grandes<\/li>\n<li>Cinco teclas de funci\u00f3n programables<\/li>\n<li>El terminal de entrada y salida puede programarse para operar como una entrada de zona, salida programable o como un sensor de baja temperatura<\/li>\n<li>3 teclas de emergencia de un toque<\/li>\n<li>M\u00faltiples timbres de puerta por zona<\/li>\n<li>Retroiluminaci\u00f3n y sonido de teclado graduables<\/li>\n<li>Canal de cables<\/li>\n<li>Interruptor anti sabotaje dual para montaje de pared dual y tapa frontal<\/li>\n<li>Bisagra de montaje f\u00e1cil de instalar<\/li>\n<li>Montaje en superficie o cajas de electricidad simple<\/li>\n<li>Icono de estado de CA<\/li>\n<li>Disponible con teclas de funci\u00f3n en ingl\u00e9s<\/li>\n<li>RFK5501 incluye todas las mismas caracter\u00edsticas y soporta 32 zonas inal\u00e1mbricas y 16 llaves inal\u00e1mbricas<\/li>\n<\/ul>\n<p>&nbsp;<\/p>\n<\/div>\n<\/div>\n<hr class=\"padding-bottom-2x\" \/>\n<div class=\"row aling-items-center padding-bottom-2x\">\n<div class=\"col-lg-12\">\n<h5 class=\"card-title text-center\">Funci\u00f3n<\/h5>\n<p><strong>Funciones desde el teclado:<\/strong><\/p>\n<ul>\n<li>Registro del Teclado<\/li>\n<li>Transmisi\u00f3n de etiquetas a partir del LCD<\/li>\n<li>Programaci\u00f3n del idioma<\/li>\n<li>Alteraci\u00f3n de brillo<\/li>\n<li>Difusi\u00f3n de avisos de puerta<\/li>\n<li>Etc.<\/li>\n<\/ul>\n<p><img decoding=\"async\" class=\"overview-center-img-web\" src=\"https:\/\/tvc.mx\/media\/63081\/funci%C3%B3n-central-overview-teclado-de-iconos.jpg\" alt=\"\" \/><\/div>\n<\/div>\n","protected":false},"excerpt":{"rendered":"<p>Descripci\u00f3n El teclado modelo PK5501 de las series POWER es un teclado de iconos con pantalla LCD y capacidad de hasta 64 zonas de conexi\u00f3n con el panel tipo Cableada. Este modelo es para los paneles DSC de POWER SERIES. Especificaciones Teclado horizontal con moderno&hellip;<\/p>\n","protected":false},"featured_media":4174,"comment_status":"open","ping_status":"closed","template":"","meta":{"om_disable_all_campaigns":false,"_monsterinsights_skip_tracking":false,"_monsterinsights_sitenote_active":false,"_monsterinsights_sitenote_note":"","_monsterinsights_sitenote_category":0},"product_brand":[],"product_cat":[295],"product_tag":[212,211,151],"class_list":{"0":"post-4175","1":"product","2":"type-product","3":"status-publish","4":"has-post-thumbnail","6":"product_cat-teclados-alarmas-dsc","7":"product_tag-alarmas","8":"product_tag-alarmas-e-intrusion","9":"product_tag-seguridad","11":"first","12":"instock","13":"sale","14":"taxable","15":"shipping-taxable","16":"purchasable","17":"product-type-simple"},"aioseo_notices":[],"_links":{"self":[{"href":"https:\/\/tecsecmty.com\/index.php\/wp-json\/wp\/v2\/product\/4175","targetHints":{"allow":["GET"]}}],"collection":[{"href":"https:\/\/tecsecmty.com\/index.php\/wp-json\/wp\/v2\/product"}],"about":[{"href":"https:\/\/tecsecmty.com\/index.php\/wp-json\/wp\/v2\/types\/product"}],"replies":[{"embeddable":true,"href":"https:\/\/tecsecmty.com\/index.php\/wp-json\/wp\/v2\/comments?post=4175"}],"version-history":[{"count":0,"href":"https:\/\/tecsecmty.com\/index.php\/wp-json\/wp\/v2\/product\/4175\/revisions"}],"wp:featuredmedia":[{"embeddable":true,"href":"https:\/\/tecsecmty.com\/index.php\/wp-json\/wp\/v2\/media\/4174"}],"wp:attachment":[{"href":"https:\/\/tecsecmty.com\/index.php\/wp-json\/wp\/v2\/media?parent=4175"}],"wp:term":[{"taxonomy":"product_brand","embeddable":true,"href":"https:\/\/tecsecmty.com\/index.php\/wp-json\/wp\/v2\/product_brand?post=4175"},{"taxonomy":"product_cat","embeddable":true,"href":"https:\/\/tecsecmty.com\/index.php\/wp-json\/wp\/v2\/product_cat?post=4175"},{"taxonomy":"product_tag","embeddable":true,"href":"https:\/\/tecsecmty.com\/index.php\/wp-json\/wp\/v2\/product_tag?post=4175"}],"curies":[{"name":"wp","href":"https:\/\/api.w.org\/{rel}","templated":true}]}}