{"id":4189,"date":"2023-02-23T00:32:09","date_gmt":"2023-02-23T06:32:09","guid":{"rendered":"https:\/\/tecsecmty.com\/index.php\/producto\/wulian-courtainm-motor-para-abrir-o-cerrar-cortinas-automatice-las-cortinas-de-su-casa-sobre-pedido\/"},"modified":"2023-03-22T23:24:57","modified_gmt":"2023-03-23T05:24:57","slug":"wulian-courtainm-motor-para-abrir-o-cerrar-cortinas-automatice-las-cortinas-de-su-casa-sobre-pedido","status":"publish","type":"product","link":"https:\/\/tecsecmty.com\/index.php\/producto\/wulian-courtainm-motor-para-abrir-o-cerrar-cortinas-automatice-las-cortinas-de-su-casa-sobre-pedido\/","title":{"rendered":"WULIAN COURTAINM &#8211; Motor para abrir o cerrar cortinas \/ AUTOMATICE Las cortinas de su casa \/ Sobre pedido"},"content":{"rendered":"<div class=\"row aling-items-center padding-bottom-2x\">\n<div class=\"col-lg-12\">\n<h5 class=\"card-title text-center\">Descripci\u00f3n<\/h5>\n<p class=\"ql-align-center\"><strong>Motor para cortinas Inteligente<\/strong><\/p>\n<p>Con este modelo podr\u00e1s controlar el riel para cortinas tipo corredizas y asi automatizar la apertura y cierre. Puedes controlar de forma remota, local y autom\u00e1tica tus cortinas con la implementaci\u00f3n de las soluciones Wulian Disponibles en nuestra tienda.<\/p>\n<ul>\n<li class=\"ql-align-justify\"><strong>Control Local:<\/strong>\u00a0solo toca en el icono de Apertura o cierre para ejecutar el cierre y apertura de tu cortinas o persianas.<\/li>\n<li class=\"ql-align-justify\"><strong>Control Remoto:\u00a0<\/strong>Desde la aplicaci\u00f3n de\u00a0<a href=\"http:\/\/www.wuliangroup.com\/en\/site\/app\" target=\"_blank\" rel=\"noopener\">Wulian Smart Home<\/a>\u00a0en tu smartphone podr\u00e1s controlar la apertura y cierre de tus cortinas y persianas.<\/li>\n<li class=\"ql-align-justify\"><strong>Control inteligente:<\/strong>\u00a0Podr\u00e1s automatizar de forma temporal o por medio de la activaci\u00f3n de un sensor wulian el abrir o cerrar de tus cortinas de forma autom\u00e1tica.<\/li>\n<\/ul>\n<p><img decoding=\"async\" class=\"overview-center-img-web\" src=\"https:\/\/tvc.mx\/media\/46158\/motor-de-cortina.jpg\" alt=\"\" \/><\/div>\n<\/div>\n<div class=\"row align-items-center padding-bottom-2x\">\n<div class=\"col-md-5\"><img decoding=\"async\" class=\"d-block m-auto img-thumbnail\" src=\"https:\/\/tvc.mx\/media\/46161\/side-view-motor-de-cortina.jpg\" alt=\" \" \/><\/div>\n<div class=\"col-md-7 text-md-left text-center\">\n<h2>Especificaciones<\/h2>\n<p class=\"text-muted\">\n<ul>\n<li><strong>Protocolo de comunicaci\u00f3n:\u00a0<\/strong>IEEE 802.15.4 ( ZigBee\/SmartRoom)<\/li>\n<li><strong>Tipo de Antena:\u00a0<\/strong>PCB<\/li>\n<li><strong>Par\u00e1metros de Poder:\u00a0<\/strong>220V AC\u00b110%<\/li>\n<li><strong>Corriente Nominal:\u00a0<\/strong>0.34A<\/li>\n<li><strong>Potencia Nominal:\u00a0<\/strong>75W<\/li>\n<li><strong>Capacidad de carga:\u00a0<\/strong>100kg<\/li>\n<li><strong>Velocidad de apertura y cierre:\u00a0<\/strong>\u226420cm\/s<\/li>\n<li><strong>Longitud de pista:\u00a0<\/strong>\u226412m<\/li>\n<li><strong>Torque:\u00a0<\/strong>1.2Nm<\/li>\n<li><strong>Tipo de material y Color:\u00a0<\/strong>PC\u00ef\u00bc\u0152Blanco<\/li>\n<li><strong>Peso Neto:\u00a0<\/strong>1.2kg<\/li>\n<li><strong>Clase de Aislamiento:\u00a0<\/strong>F<\/li>\n<li><strong>Temperatura y Humedad de Operaci\u00f3n:\u00a0<\/strong>Temperatura-10\u00b0C a +45\u00b0C \/ Humedad \u226495%RH (Sin Condensaci\u00f3n)<\/li>\n<\/ul>\n<p>&nbsp;<\/p>\n<\/div>\n<\/div>\n<hr class=\"padding-bottom-2x\" \/>\n<div class=\"row aling-items-center padding-bottom-2x\">\n<div class=\"col-lg-12\">\n<h5 class=\"card-title text-center\">Funci\u00f3n<\/h5>\n<ul>\n<li class=\"ql-align-justify\">Crear vinculaci\u00f3n con el controlador de escenas para asi controlar distintos escenarios de funcionamiento acorde a las necesidades del usuario<\/li>\n<li class=\"ql-align-justify\">Hacer tareas de vinculaci\u00f3n con los dispositivos de monitorizaci\u00f3n\u00a0relacionados, como detectores de movimiento wulian, detectores de iluminaci\u00f3n wulian entre otros&#8230;<\/li>\n<li class=\"ql-align-justify\">Tiene una suave funci\u00f3n t\u00e1ctil. El suave tir\u00f3n de la cortina puede hacer que la cortina se mueva autom\u00e1ticamente a lo largo de la direcci\u00f3n de tracci\u00f3n.<\/li>\n<li class=\"ql-align-justify\">Ultra-silencioso y con dise\u00f1o que ayuda a su lubricaci\u00f3n la cual garantiza una vida larga de funcionamiento.<\/li>\n<li class=\"ql-align-justify\">Control remoto desde tu smartphone por medio de la aplicaci\u00f3n de Wulian Smart Home.<\/li>\n<\/ul>\n<p><img decoding=\"async\" class=\"overview-center-img-web\" src=\"https:\/\/tvc.mx\/media\/46164\/Partes-y-nomenclatura.jpg\" alt=\"\" \/><\/div>\n<\/div>\n<div class=\"row aling-items-center padding-bottom-2x\">\n<div class=\"col-lg-12\">\n<h5 class=\"card-title text-center\">Instalaci\u00f3n<\/h5>\n<p>Antes de instalar su soluci\u00f3n aseg\u00farese de que existe buena comunicaci\u00f3n entre el gateway y sus dispositivos wulian<\/p>\n<p><img decoding=\"async\" class=\"overview-center-img-web\" src=\"https:\/\/tvc.mx\/media\/46167\/escenario-de-instalaci%C3%B3n.jpg\" alt=\"\" \/><\/div>\n<\/div>\n","protected":false},"excerpt":{"rendered":"<p>Descripci\u00f3n Motor para cortinas Inteligente Con este modelo podr\u00e1s controlar el riel para cortinas tipo corredizas y asi automatizar la apertura y cierre. Puedes controlar de forma remota, local y autom\u00e1tica tus cortinas con la implementaci\u00f3n de las soluciones Wulian Disponibles en nuestra tienda. Control&hellip;<\/p>\n","protected":false},"featured_media":4188,"comment_status":"open","ping_status":"closed","template":"","meta":{"om_disable_all_campaigns":false,"_monsterinsights_skip_tracking":false,"_monsterinsights_sitenote_active":false,"_monsterinsights_sitenote_note":"","_monsterinsights_sitenote_category":0},"product_brand":[],"product_cat":[300],"product_tag":[212,211,151],"class_list":{"0":"post-4189","1":"product","2":"type-product","3":"status-publish","4":"has-post-thumbnail","6":"product_cat-ambientacion","7":"product_tag-alarmas","8":"product_tag-alarmas-e-intrusion","9":"product_tag-seguridad","11":"first","12":"instock","13":"sale","14":"taxable","15":"shipping-taxable","16":"purchasable","17":"product-type-simple"},"aioseo_notices":[],"_links":{"self":[{"href":"https:\/\/tecsecmty.com\/index.php\/wp-json\/wp\/v2\/product\/4189","targetHints":{"allow":["GET"]}}],"collection":[{"href":"https:\/\/tecsecmty.com\/index.php\/wp-json\/wp\/v2\/product"}],"about":[{"href":"https:\/\/tecsecmty.com\/index.php\/wp-json\/wp\/v2\/types\/product"}],"replies":[{"embeddable":true,"href":"https:\/\/tecsecmty.com\/index.php\/wp-json\/wp\/v2\/comments?post=4189"}],"version-history":[{"count":0,"href":"https:\/\/tecsecmty.com\/index.php\/wp-json\/wp\/v2\/product\/4189\/revisions"}],"wp:featuredmedia":[{"embeddable":true,"href":"https:\/\/tecsecmty.com\/index.php\/wp-json\/wp\/v2\/media\/4188"}],"wp:attachment":[{"href":"https:\/\/tecsecmty.com\/index.php\/wp-json\/wp\/v2\/media?parent=4189"}],"wp:term":[{"taxonomy":"product_brand","embeddable":true,"href":"https:\/\/tecsecmty.com\/index.php\/wp-json\/wp\/v2\/product_brand?post=4189"},{"taxonomy":"product_cat","embeddable":true,"href":"https:\/\/tecsecmty.com\/index.php\/wp-json\/wp\/v2\/product_cat?post=4189"},{"taxonomy":"product_tag","embeddable":true,"href":"https:\/\/tecsecmty.com\/index.php\/wp-json\/wp\/v2\/product_tag?post=4189"}],"curies":[{"name":"wp","href":"https:\/\/api.w.org\/{rel}","templated":true}]}}