{"id":4199,"date":"2023-02-23T00:32:25","date_gmt":"2023-02-23T06:32:25","guid":{"rendered":"https:\/\/tecsecmty.com\/index.php\/producto\/wulian-ligthsensor-sensor-de-iluminacion-ayuda-a-mantener-un-nivel-adecuado-de-iluminacion-y-ahorrar-energia-comunica-por-zigbee-a-brain-para-control-y-administracion-desde-celular-en-app\/"},"modified":"2023-03-22T23:24:57","modified_gmt":"2023-03-23T05:24:57","slug":"wulian-ligthsensor-sensor-de-iluminacion-ayuda-a-mantener-un-nivel-adecuado-de-iluminacion-y-ahorrar-energia-comunica-por-zigbee-a-brain-para-control-y-administracion-desde-celular-en-app","status":"publish","type":"product","link":"https:\/\/tecsecmty.com\/index.php\/producto\/wulian-ligthsensor-sensor-de-iluminacion-ayuda-a-mantener-un-nivel-adecuado-de-iluminacion-y-ahorrar-energia-comunica-por-zigbee-a-brain-para-control-y-administracion-desde-celular-en-app\/","title":{"rendered":"WULIAN LIGTHSENSOR &#8211; Sensor de iluminaci\u00f3n ayuda a Mantener un Nivel adecuado de iluminaci\u00f3n y Ahorrar Energ\u00eda\/ Comunica por Zigbee a Brain para control y administracion desde celular en APP"},"content":{"rendered":"<div class=\"row aling-items-center padding-bottom-2x\">\n<div class=\"col-lg-12\">\n<h5 class=\"card-title text-center\">Descricpi\u00f3n<\/h5>\n<p>El sensor de iluminaci\u00f3n de\u00a0<strong>Wulian<\/strong>\u00a0es un dispositivo que mide la intensidad de iluminaci\u00f3n en un espacio y lo env\u00eda al Gateway en tiempo real, para que el usuario pueda monitorear en tiempo real el nivel de iluminaci\u00f3n en Lumens de su espacio. A\u00f1adido a esto\u00a0<strong>Wulian<\/strong>\u00a0puede crear escenarios de automatizaci\u00f3n con el sensor para encender luces exteriores o interiores al llegar la noche o viceversa al llegar el amanecer dependiendo del nivel de luz que detecte el sensor inteligente.<\/p>\n<p>Puede funcionar en conjunto con un\u00a0<strong>Dimmer Wulian<\/strong>\u00a0para siempre mantener una iluminaci\u00f3n adecuada y proporcional a la iluminaci\u00f3n de la zona de instalaci\u00f3n.<\/p>\n<ul>\n<li class=\"ql-align-justify\">Puede controlarse desde un dispositivo m\u00f3vil por medio de la aplicaci\u00f3n\u00a0<strong>SmartHome<\/strong><\/li>\n<li class=\"ql-align-justify\">Puede controlar el tiempo de encendido y apagado de operaci\u00f3n<\/li>\n<li class=\"ql-align-justify\">Ajustable a sus necesidades y horarios<\/li>\n<li class=\"ql-align-justify\">Puede operar las 24 horas<\/li>\n<li class=\"ql-align-justify\">Dise\u00f1o elegante y discreto, f\u00e1cil de instalar de distintas maneras<\/li>\n<li class=\"ql-align-justify\">Compatible con el protocolo de comunicaci\u00f3n\u00a0IEEE 802.15.4 (ZigBee\/SmartRoom)<\/li>\n<\/ul>\n<p><img decoding=\"async\" class=\"overview-center-img-web\" src=\"https:\/\/tvc.mx\/media\/406475\/WULIAN-WLN479002-SENSOR-ILUMINACION-BANER1.png\" alt=\"\" \/><\/div>\n<\/div>\n<div class=\"row aling-items-center padding-bottom-2x\">\n<div class=\"col-lg-12\">\n<h5 class=\"card-title text-center\">Especificaciones<\/h5>\n<ul>\n<li><strong>Nombre:\u00a0<\/strong>SENSOR DE ILUMINACI\u00d3N<\/li>\n<li><strong>Fuente de alimentaci\u00f3n:\u00a0<\/strong>3V DC, Bater\u00eda CR2 (x1)<\/li>\n<li><strong>Modo de comunicaci\u00f3n:\u00a0<\/strong>IEEE802.15.4 (ZIGBEE\/SMARTROOM)<\/li>\n<li><strong>Consumo en Standby:<\/strong>2\u00a0\u03bcA<\/li>\n<li><strong>Distancia de comunicaci\u00f3n:\u00a0<\/strong>100m, (dependiendo del entorno de instalaci\u00f3n)<\/li>\n<li><strong>Luz anti-visible:\u00a0<\/strong>8000Lux<\/li>\n<li><strong>Dimensiones (Di\u00e1metro x Espesor):\u00a0<\/strong>69* x 29 mm<\/li>\n<li><strong>Temperatura y humedad de trabajo:\u00a0<\/strong>-10\u00b0C\/ 45, 95% RH (Sin Condensaci\u00f3n)<\/li>\n<li><strong>Material y Color:\u00a0<\/strong>PC, Blanco<\/li>\n<li><strong>Dimensiones (espesor del di\u00e1metro):\u00a0<\/strong>64 x 32 (mm)<\/li>\n<li><strong>\u00c1ngulo efectivo de recepci\u00f3n de luz:\u00a0<\/strong>60\u00b0<\/li>\n<li><strong>Rango de la luz:\u00a0<\/strong>1-65535 LX<\/li>\n<li><strong>M\u00e9todo de instalaci\u00f3n:\u00a0<\/strong>tipo portable y fijado de la base<\/li>\n<\/ul>\n<p><img decoding=\"async\" class=\"overview-center-img-web\" src=\"https:\/\/tvc.mx\/media\/49815\/Especificaciones-sensor-de-luz-central-overview.jpg\" alt=\"\" \/><\/div>\n<\/div>\n<div class=\"row aling-items-center padding-bottom-2x\">\n<div class=\"col-lg-12\">\n<h5 class=\"card-title text-center\">Funci\u00f3n<\/h5>\n<p>Puede utilizarse para:<\/p>\n<ul>\n<li>Encender y apagar Luces desde un apagador Wulian<\/li>\n<li>Regular intensidad de luz, apagar o encender focos inteligentes Wulian<\/li>\n<li>Regular intensidad, encender o apagar Dimmers Wulian<\/li>\n<li>Abrir o cerrar persianas inteligentes Wulian<\/li>\n<li>Abrir o cerrar cortinas inteligentes controladas por un control de motores de cortina wulian<\/li>\n<li>Ejecutar escenas Nocturnas o Matutinas<\/li>\n<\/ul>\n<p><img decoding=\"async\" class=\"overview-center-img-web\" src=\"https:\/\/tvc.mx\/media\/49818\/funcionamientosensor-de-luz-central-overview.jpg\" alt=\"\" \/><\/div>\n<\/div>\n<div class=\"row aling-items-center padding-bottom-2x\">\n<div class=\"col-lg-12\">\n<h5 class=\"card-title text-center\">Instalaci\u00f3n<\/h5>\n<p>Este dispositivo puede ser instalado fijado a una superficie o solamente situado sobre una superficie plana, limpia y seca.<\/p>\n<p><img decoding=\"async\" class=\"overview-center-img-web\" src=\"https:\/\/tvc.mx\/media\/49821\/instsalaci%C3%B3nsensor-de-luz-Central-overview.jpg\" alt=\"\" \/><\/div>\n<\/div>\n<div class=\"row align-items-center padding-bottom-2x\">\n<div class=\"col-md-5\"><img decoding=\"async\" class=\"d-block m-auto img-thumbnail\" src=\"https:\/\/tvc.mx\/media\/406583\/WULIAN-WLN479002-SENSOR-ILUMINACION-INCLUYE.png\" alt=\" \" \/><\/div>\n<div class=\"col-md-7 text-md-left text-center\">\n<h2>Incluye<\/h2>\n<p class=\"text-muted\">\n<ul>\n<li>Sensor de Iluminaci\u00f3n<\/li>\n<li>Base para Techo<\/li>\n<li>Accesorios de Fijaci\u00f3n<\/li>\n<\/ul>\n<\/div>\n<\/div>\n","protected":false},"excerpt":{"rendered":"<p>Descricpi\u00f3n El sensor de iluminaci\u00f3n de\u00a0Wulian\u00a0es un dispositivo que mide la intensidad de iluminaci\u00f3n en un espacio y lo env\u00eda al Gateway en tiempo real, para que el usuario pueda monitorear en tiempo real el nivel de iluminaci\u00f3n en Lumens de su espacio. A\u00f1adido a&hellip;<\/p>\n","protected":false},"featured_media":4198,"comment_status":"open","ping_status":"closed","template":"","meta":{"om_disable_all_campaigns":false,"_monsterinsights_skip_tracking":false,"_monsterinsights_sitenote_active":false,"_monsterinsights_sitenote_note":"","_monsterinsights_sitenote_category":0},"product_brand":[],"product_cat":[300],"product_tag":[212,211,151],"class_list":{"0":"post-4199","1":"product","2":"type-product","3":"status-publish","4":"has-post-thumbnail","6":"product_cat-ambientacion","7":"product_tag-alarmas","8":"product_tag-alarmas-e-intrusion","9":"product_tag-seguridad","11":"first","12":"instock","13":"sale","14":"taxable","15":"shipping-taxable","16":"purchasable","17":"product-type-simple"},"aioseo_notices":[],"_links":{"self":[{"href":"https:\/\/tecsecmty.com\/index.php\/wp-json\/wp\/v2\/product\/4199","targetHints":{"allow":["GET"]}}],"collection":[{"href":"https:\/\/tecsecmty.com\/index.php\/wp-json\/wp\/v2\/product"}],"about":[{"href":"https:\/\/tecsecmty.com\/index.php\/wp-json\/wp\/v2\/types\/product"}],"replies":[{"embeddable":true,"href":"https:\/\/tecsecmty.com\/index.php\/wp-json\/wp\/v2\/comments?post=4199"}],"version-history":[{"count":0,"href":"https:\/\/tecsecmty.com\/index.php\/wp-json\/wp\/v2\/product\/4199\/revisions"}],"wp:featuredmedia":[{"embeddable":true,"href":"https:\/\/tecsecmty.com\/index.php\/wp-json\/wp\/v2\/media\/4198"}],"wp:attachment":[{"href":"https:\/\/tecsecmty.com\/index.php\/wp-json\/wp\/v2\/media?parent=4199"}],"wp:term":[{"taxonomy":"product_brand","embeddable":true,"href":"https:\/\/tecsecmty.com\/index.php\/wp-json\/wp\/v2\/product_brand?post=4199"},{"taxonomy":"product_cat","embeddable":true,"href":"https:\/\/tecsecmty.com\/index.php\/wp-json\/wp\/v2\/product_cat?post=4199"},{"taxonomy":"product_tag","embeddable":true,"href":"https:\/\/tecsecmty.com\/index.php\/wp-json\/wp\/v2\/product_tag?post=4199"}],"curies":[{"name":"wp","href":"https:\/\/api.w.org\/{rel}","templated":true}]}}