{"id":4201,"date":"2023-02-23T00:32:30","date_gmt":"2023-02-23T06:32:30","guid":{"rendered":"https:\/\/tecsecmty.com\/index.php\/producto\/wulian-mainaccontrolfc-termostato-para-aire-acondicionado-central-fan-coil-monitor-led-zigbee-remplace-el-termostato-en-equipos-que-requieran-energia-a-110v-desde-el-termostato\/"},"modified":"2023-03-22T23:24:57","modified_gmt":"2023-03-23T05:24:57","slug":"wulian-mainaccontrolfc-termostato-para-aire-acondicionado-central-fan-coil-monitor-led-zigbee-remplace-el-termostato-en-equipos-que-requieran-energia-a-110v-desde-el-termostato","status":"publish","type":"product","link":"https:\/\/tecsecmty.com\/index.php\/producto\/wulian-mainaccontrolfc-termostato-para-aire-acondicionado-central-fan-coil-monitor-led-zigbee-remplace-el-termostato-en-equipos-que-requieran-energia-a-110v-desde-el-termostato\/","title":{"rendered":"WULIAN MAINACCONTROLFC &#8211; Termostato para Aire Acondicionado Central Fan Coil\/ Monitor LED \/ Zigbee \/ Remplace el Termostato en Equipos que requieran Energ\u00eda a 110V desde el Termostato"},"content":{"rendered":"<div class=\"row aling-items-center padding-bottom-2x\">\n<div class=\"col-lg-12\">\n<h5 class=\"card-title text-center\">Descripci\u00f3n<\/h5>\n<p class=\"ql-align-justify\">Termostato Inteligente Wulian modelo WL-ZTCWNPW-F1- 01 para sistemas de enfriamiento dom\u00e9sitco tipo\u00a0<strong>Fan Coil<\/strong>\u00a0que requieren en sus conexiones voltaje vivo en terminales:LN ABCD. El usuario puede controlar y el intercambio de temperatura de control en un \u00e1rea espec\u00edfica a trav\u00e9s de terminales m\u00f3viles gracias a la APP de Wulian es posible tambi\u00e9n automatizar el encendido y apagado del clima esto permite ahorro de energ\u00eda y as\u00ed prevenir consumos no contemplados por descuidos del usuario.<\/p>\n<p><img decoding=\"async\" class=\"overview-center-img-web\" src=\"https:\/\/tvc.mx\/media\/73176\/T110Central.jpg\" alt=\"\" \/><\/div>\n<\/div>\n<div class=\"row align-items-center padding-bottom-2x\">\n<div class=\"col-md-5\"><img decoding=\"async\" class=\"d-block m-auto img-thumbnail\" src=\"https:\/\/tvc.mx\/media\/73179\/t110lateral.jpg\" alt=\" \" \/><\/div>\n<div class=\"col-md-7 text-md-left text-center\">\n<h2>Especificaciones<\/h2>\n<p class=\"text-muted\">\n<ul>\n<li><strong>NOMBRE:\u00a0<\/strong>CONTROL CENTRAL INTELIGENTE DE TEMPERATURA<\/li>\n<li><strong>MODO DE COMUNICACI\u00d3N:\u00a0<\/strong>IEEE 802.15.4<\/li>\n<li><strong>PAR\u00c1METROS DE PODER:\u00a0<\/strong>110-240V AC, 50\/60Hz<\/li>\n<li><strong>RANGO DE CONTROL DE TEMPERATURA:\u00a0<\/strong>16\u00b0C a 32\u00b0C<\/li>\n<li><strong>EXACTITUD DE MEDICI\u00d3N:\u00a0<\/strong>\u00b11\u00b0c<\/li>\n<li><strong>MATERIAL Y COLOR:\u00a0<\/strong>PC, Blanco<\/li>\n<li><strong>PROTECCI\u00d3N:\u00a0<\/strong>\u00a0UL94 V-0<\/li>\n<\/ul>\n<p>&nbsp;<\/p>\n<\/div>\n<\/div>\n<hr class=\"padding-bottom-2x\" \/>\n<div class=\"row align-items-center padding-bottom-2x\">\n<div class=\"col-md-5\"><img decoding=\"async\" class=\"d-block m-auto img-thumbnail\" src=\"https:\/\/tvc.mx\/media\/73206\/fancoil-termostatowulian-conexi%C3%B3n.jpg\" alt=\" \" \/><\/div>\n<div class=\"col-md-7 text-md-left text-center\">\n<h2>Funci\u00f3n<\/h2>\n<p class=\"text-muted\">\n<ul>\n<li>Ajuste de forma remota la temperatura interior para mantener el ambiente interior c\u00f3modo mediante la aplicaci\u00f3n m\u00f3vil inteligente.<\/li>\n<li>Hecho de componentes sensibles a la temperatura y de alta precisi\u00f3n, este producto controla la temperatura de la habitaci\u00f3n a tiempo. Este producto controla la v\u00e1lvula del Fan Coil y la velocidad del ventilador.<\/li>\n<li>Bajo consumo energ\u00e9tico, amigable con el medio ambiente<\/li>\n<li>con varios modos de operaci\u00f3n, es ampliamente utilizado y satisface las necesidades de diferentes usuarios.<\/li>\n<li>Dise\u00f1o y apariencia discretos, combina con cualquier estilo interior<\/li>\n<li>Operaci\u00f3n intuitiva y amigable.<\/li>\n<\/ul>\n<\/div>\n<\/div>\n","protected":false},"excerpt":{"rendered":"<p>Descripci\u00f3n Termostato Inteligente Wulian modelo WL-ZTCWNPW-F1- 01 para sistemas de enfriamiento dom\u00e9sitco tipo\u00a0Fan Coil\u00a0que requieren en sus conexiones voltaje vivo en terminales:LN ABCD. El usuario puede controlar y el intercambio de temperatura de control en un \u00e1rea espec\u00edfica a trav\u00e9s de terminales m\u00f3viles gracias a&hellip;<\/p>\n","protected":false},"featured_media":4200,"comment_status":"open","ping_status":"closed","template":"","meta":{"om_disable_all_campaigns":false,"_monsterinsights_skip_tracking":false,"_monsterinsights_sitenote_active":false,"_monsterinsights_sitenote_note":"","_monsterinsights_sitenote_category":0},"product_brand":[],"product_cat":[300],"product_tag":[212,211,151],"class_list":{"0":"post-4201","1":"product","2":"type-product","3":"status-publish","4":"has-post-thumbnail","6":"product_cat-ambientacion","7":"product_tag-alarmas","8":"product_tag-alarmas-e-intrusion","9":"product_tag-seguridad","11":"first","12":"instock","13":"sale","14":"taxable","15":"shipping-taxable","16":"purchasable","17":"product-type-simple"},"aioseo_notices":[],"_links":{"self":[{"href":"https:\/\/tecsecmty.com\/index.php\/wp-json\/wp\/v2\/product\/4201","targetHints":{"allow":["GET"]}}],"collection":[{"href":"https:\/\/tecsecmty.com\/index.php\/wp-json\/wp\/v2\/product"}],"about":[{"href":"https:\/\/tecsecmty.com\/index.php\/wp-json\/wp\/v2\/types\/product"}],"replies":[{"embeddable":true,"href":"https:\/\/tecsecmty.com\/index.php\/wp-json\/wp\/v2\/comments?post=4201"}],"version-history":[{"count":0,"href":"https:\/\/tecsecmty.com\/index.php\/wp-json\/wp\/v2\/product\/4201\/revisions"}],"wp:featuredmedia":[{"embeddable":true,"href":"https:\/\/tecsecmty.com\/index.php\/wp-json\/wp\/v2\/media\/4200"}],"wp:attachment":[{"href":"https:\/\/tecsecmty.com\/index.php\/wp-json\/wp\/v2\/media?parent=4201"}],"wp:term":[{"taxonomy":"product_brand","embeddable":true,"href":"https:\/\/tecsecmty.com\/index.php\/wp-json\/wp\/v2\/product_brand?post=4201"},{"taxonomy":"product_cat","embeddable":true,"href":"https:\/\/tecsecmty.com\/index.php\/wp-json\/wp\/v2\/product_cat?post=4201"},{"taxonomy":"product_tag","embeddable":true,"href":"https:\/\/tecsecmty.com\/index.php\/wp-json\/wp\/v2\/product_tag?post=4201"}],"curies":[{"name":"wp","href":"https:\/\/api.w.org\/{rel}","templated":true}]}}