{"id":4215,"date":"2023-02-23T00:32:43","date_gmt":"2023-02-23T06:32:43","guid":{"rendered":"https:\/\/tecsecmty.com\/index.php\/producto\/wulian-bv6il5l-paquete-para-control-de-iluminacion-con-5-apagadores-dobles-solo-linea-con-central-inteligente-brainv6\/"},"modified":"2023-03-22T23:24:57","modified_gmt":"2023-03-23T05:24:57","slug":"wulian-bv6il5l-paquete-para-control-de-iluminacion-con-5-apagadores-dobles-solo-linea-con-central-inteligente-brainv6","status":"publish","type":"product","link":"https:\/\/tecsecmty.com\/index.php\/producto\/wulian-bv6il5l-paquete-para-control-de-iluminacion-con-5-apagadores-dobles-solo-linea-con-central-inteligente-brainv6\/","title":{"rendered":"WULIAN BV6IL5L &#8211; Paquete Para Control De Iluminacion con 5 Apagadores Dobles solo Linea Con Central Inteligente BRAINV6"},"content":{"rendered":"<div class=\"row aling-items-center padding-bottom-2x\">\n<div class=\"col-lg-12\">\n<h5 class=\"card-title text-center\">Descripci\u00f3n<\/h5>\n<p>El\u00a0<strong>kit de iluminaci\u00f3n<\/strong>\u00a0est\u00e1 dise\u00f1ado para tener la automatizaci\u00f3n de luces en tu hogar y con ello\u00a0formar un\u00a0espacio m\u00e1s c\u00f3modo.<strong>Tipo Linea ( L)<\/strong><\/p>\n<p>La\u00a0<strong>central inteligente o cerebro<\/strong>\u00a0nos sirve para la automatizaci\u00f3n de equipos<strong>\u00a0WULIAN<\/strong>\u00a0basada en el protocolo de comunicaci\u00f3n\u00a0<strong>ZigBee\u00a0<\/strong>La puerta de enlace permite a los usuarios controlar f\u00e1cilmente cualquier dispositivo dom\u00e9stico a trav\u00e9s de varios terminales m\u00f3viles inteligentes.<\/p>\n<p>Por otro lado los a<strong>pagadores inteligente touch<\/strong>\u00a0que incluyen cumple con la funci\u00f3n de un apagador convencional con la diferencia de poder ser controlado desde la app de\u00a0<strong>WULIAN Dora Home<\/strong>\u00a0en dispositivos\u00a0<strong>iOS y Android<\/strong>.Desde la app, el usuario puede revisar el estado de los interruptores de modo que pueda tener el control sobre ellos.El interruptor puede formar parte de escenas programadas controladas desde un control de escenas. As\u00ed como automatizar su encendido y apagado por medio de otros\u00a0<strong>sensores u horarios<\/strong>.<\/p>\n<p><img decoding=\"async\" class=\"overview-center-img-web\" src=\"https:\/\/tvc.mx\/media\/544135\/WULIAN-WAN1320004-KIT-ILUMINACION-EUROPEO-DOBLE-LINEA.png\" alt=\"\" \/><\/div>\n<\/div>\n<div class=\"row align-items-center padding-bottom-2x\">\n<div class=\"col-md-5\"><img decoding=\"async\" class=\"d-block m-auto img-thumbnail\" src=\"https:\/\/tvc.mx\/media\/530379\/WULIAN--WLN481020-KIT-OVERVIEWS.png\" alt=\" \" \/><\/div>\n<div class=\"col-md-7 text-md-left text-center\">\n<h2>Central inteligente o Cerebro para automatizaci\u00f3n con equipos Wulian<\/h2>\n<p class=\"text-muted\">\n<p>La\u00a0<strong>Central inteligente o Cerebro<\/strong>\u00a0para automatizaci\u00f3n con equipos\u00a0<strong>WULIAN<\/strong>\u00a0se basa en el protocolo de comunicaci\u00f3n\u00a0<strong>ZigBee<\/strong>\u00a0La puerta de enlace permite a los usuarios controlar f\u00e1cilmente cualquier dispositivo dom\u00e9stico a trav\u00e9s de varios terminales m\u00f3viles inteligentes.<\/p>\n<p>&nbsp;<\/p>\n<p>Modo de comunicaci\u00f3n: IEEE-802.15.4 ZigBee.<\/p>\n<p>Ahorro: Bajo consumo de energ\u00eda.<\/p>\n<p>Comunicaci\u00f3n: IEEE802.15.4 ZigBee<\/p>\n<p>Distancia de comunicaci\u00f3n: 500m (visible)<\/p>\n<p>&nbsp;<\/p>\n<p><a href=\"https:\/\/tvc.mx\/products\/41036\/central-inteligente-o-brain-para-automatizacion\" target=\"_blank\" rel=\"noopener\">Mas informaci\u00f3n.<\/a><\/p>\n<p>&nbsp;<\/p>\n<\/div>\n<\/div>\n<hr class=\"padding-bottom-2x\" \/>\n<div class=\"row align-items-center padding-bottom-2x\">\n<div class=\"col-md-5 order-md-2\"><img decoding=\"async\" class=\"d-block m-auto img-thumbnail\" src=\"https:\/\/tvc.mx\/media\/530395\/WULIAN-WLN481020-KIT-OVERVIEWS.png\" alt=\" \" \/><\/div>\n<div class=\"col-md-7 order-md-1 text-md-left text-center\">\n<h2>Apagador Inteligente tipo Europeo\/ Touch con 2 Botones con Conexi\u00f3n L<\/h2>\n<p class=\"text-muted\">\n<p>El modelo\u00a0<strong>WULIAN SWITCHT2L<\/strong>\u00a0es un apagador\u00a0<strong>inteligente touch<\/strong>\u00a0que cumple con la funci\u00f3n de un apagador convencional con la diferencia de poder ser controlado desde la app de\u00a0<strong>WULIAN DORA HOME<\/strong>\u00a0en dispositivos\u00a0<strong>iOS y Android<\/strong>. Desde la app, el usuario puede revisar el estado de los interruptores o interruptores de modo que pueda controlarlos. El interruptor puede formar parte de escenas programadas controladas desde un control de escenas. As\u00ed como automatizar su encendido y apagado por medio de otros\u00a0<strong>sensores u horarios.<\/strong><\/p>\n<p>&nbsp;<\/p>\n<p>Protocolo de comunicaci\u00f3n: IEEE 802.15.4 ZigBee<\/p>\n<p>Tipo de montaje: Montaje en la pared.<\/p>\n<p>Alimentaci\u00f3n: 110V &#8211; 220V AC 50\/60Hz.<\/p>\n<p>Consumo de energ\u00eda en espera: \u22640.5W.<\/p>\n<p>Carga M\u00ednima: 25W.<\/p>\n<p>&nbsp;<\/p>\n<p><a href=\"https:\/\/tvc.mx\/products\/10551\/apagador-inteligente-tipo-europeo-touch\" target=\"_blank\" rel=\"noopener\">Mas informaci\u00f3n.<\/a><\/p>\n<p>&nbsp;<\/p>\n<\/div>\n<\/div>\n<hr class=\"padding-bottom-2x\" \/>\n<div class=\"row align-items-center padding-bottom-2x\">\n<div class=\"col-md-5\"><img decoding=\"async\" class=\"d-block m-auto img-thumbnail\" src=\"https:\/\/tvc.mx\/media\/531199\/WULIAN--INCLUYE-KIT-OVERVIEWSL.png\" alt=\" \" \/><\/div>\n<div class=\"col-md-7 text-md-left text-center\">\n<h2>Incluye<\/h2>\n<p class=\"text-muted\">\n<ul>\n<li>Brain V6<\/li>\n<li>Fuente de poder para Brain V6<\/li>\n<li>Cinco apagadores conexi\u00f3n tipo\u00a0L (5)<\/li>\n<li>Manuales de configuraci\u00f3n<\/li>\n<li>P\u00f3lizas de garant\u00eda<\/li>\n<\/ul>\n<\/div>\n<\/div>\n","protected":false},"excerpt":{"rendered":"<p>Descripci\u00f3n El\u00a0kit de iluminaci\u00f3n\u00a0est\u00e1 dise\u00f1ado para tener la automatizaci\u00f3n de luces en tu hogar y con ello\u00a0formar un\u00a0espacio m\u00e1s c\u00f3modo.Tipo Linea ( L) La\u00a0central inteligente o cerebro\u00a0nos sirve para la automatizaci\u00f3n de equipos\u00a0WULIAN\u00a0basada en el protocolo de comunicaci\u00f3n\u00a0ZigBee\u00a0La puerta de enlace permite a los usuarios&hellip;<\/p>\n","protected":false},"featured_media":4214,"comment_status":"open","ping_status":"closed","template":"","meta":{"om_disable_all_campaigns":false,"_monsterinsights_skip_tracking":false,"_monsterinsights_sitenote_active":false,"_monsterinsights_sitenote_note":"","_monsterinsights_sitenote_category":0},"product_brand":[],"product_cat":[304],"product_tag":[212,211,151],"class_list":{"0":"post-4215","1":"product","2":"type-product","3":"status-publish","4":"has-post-thumbnail","6":"product_cat-control-de-iluminacion-automatizacion","7":"product_tag-alarmas","8":"product_tag-alarmas-e-intrusion","9":"product_tag-seguridad","11":"first","12":"instock","13":"sale","14":"taxable","15":"shipping-taxable","16":"purchasable","17":"product-type-simple"},"aioseo_notices":[],"_links":{"self":[{"href":"https:\/\/tecsecmty.com\/index.php\/wp-json\/wp\/v2\/product\/4215","targetHints":{"allow":["GET"]}}],"collection":[{"href":"https:\/\/tecsecmty.com\/index.php\/wp-json\/wp\/v2\/product"}],"about":[{"href":"https:\/\/tecsecmty.com\/index.php\/wp-json\/wp\/v2\/types\/product"}],"replies":[{"embeddable":true,"href":"https:\/\/tecsecmty.com\/index.php\/wp-json\/wp\/v2\/comments?post=4215"}],"version-history":[{"count":0,"href":"https:\/\/tecsecmty.com\/index.php\/wp-json\/wp\/v2\/product\/4215\/revisions"}],"wp:featuredmedia":[{"embeddable":true,"href":"https:\/\/tecsecmty.com\/index.php\/wp-json\/wp\/v2\/media\/4214"}],"wp:attachment":[{"href":"https:\/\/tecsecmty.com\/index.php\/wp-json\/wp\/v2\/media?parent=4215"}],"wp:term":[{"taxonomy":"product_brand","embeddable":true,"href":"https:\/\/tecsecmty.com\/index.php\/wp-json\/wp\/v2\/product_brand?post=4215"},{"taxonomy":"product_cat","embeddable":true,"href":"https:\/\/tecsecmty.com\/index.php\/wp-json\/wp\/v2\/product_cat?post=4215"},{"taxonomy":"product_tag","embeddable":true,"href":"https:\/\/tecsecmty.com\/index.php\/wp-json\/wp\/v2\/product_tag?post=4215"}],"curies":[{"name":"wp","href":"https:\/\/api.w.org\/{rel}","templated":true}]}}