{"id":4235,"date":"2023-02-23T00:33:04","date_gmt":"2023-02-23T06:33:04","guid":{"rendered":"https:\/\/tecsecmty.com\/index.php\/producto\/wulian-switcht1ln-apagador-inteligente-touch-formato-europeo-comunicacion-zigbee-con-brain-para-automatizacion-de-luces-desde-celular-con-app-10-amp-110vca\/"},"modified":"2023-03-22T23:24:59","modified_gmt":"2023-03-23T05:24:59","slug":"wulian-switcht1ln-apagador-inteligente-touch-formato-europeo-comunicacion-zigbee-con-brain-para-automatizacion-de-luces-desde-celular-con-app-10-amp-110vca","status":"publish","type":"product","link":"https:\/\/tecsecmty.com\/index.php\/producto\/wulian-switcht1ln-apagador-inteligente-touch-formato-europeo-comunicacion-zigbee-con-brain-para-automatizacion-de-luces-desde-celular-con-app-10-amp-110vca\/","title":{"rendered":"WULIAN SWITCHT1LN &#8211; Apagador Inteligente touch Formato Europeo \/ Comunicacion Zigbee con brain para automatizacion de luces desde Celular con App \/ 10 Amp\/ 110VCA"},"content":{"rendered":"<div class=\"row aling-items-center padding-bottom-2x\">\n<div class=\"col-lg-12\">\n<h5 class=\"card-title text-center\">Descripci\u00f3n<\/h5>\n<p class=\"ql-align-justify\">El\u00a0modelo\u00a0WL-ZCSWNGW-S2311-02 es un apagador inteligente que cumple con la funci\u00f3n de un apagador convencional con la diferencia de poder ser controlado desde la app de Wulian Smart Home en dispositivos iOS y Android. Desde la APP, el usuario puede revisar el estado de los interruptores o interruptor de modo que puede controlarlos. El interruptor\u00a0puede formar\u00a0parte de escenas programadas controladas desde\u00a0un control de escenas. As\u00ed como automatizar su encendido y apagado por medio otros sensores u horarios.<\/p>\n<ul>\n<li class=\"ql-align-justify\"><strong>Control Local:<\/strong>\u00a0s\u00f3lo toque en el bot\u00f3n iluminado y su iluminaci\u00f3n se encender\u00e1 o apagar\u00e1<\/li>\n<li class=\"ql-align-justify\"><strong>Control Remoto:\u00a0<\/strong>Desde la aplicaci\u00f3n de\u00a0<a href=\"http:\/\/www.wuliangroup.com\/en\/site\/app\" target=\"_blank\" rel=\"noopener\">Wulian Smart Home<\/a>\u00a0en su smartphone, podr\u00e1 controlar el encendido y apagado de su iluminaci\u00f3n.<\/li>\n<li class=\"ql-align-justify\"><strong>Control inteligente:<\/strong>\u00a0Podr\u00e1 automatizar de forma temporal o por medio de la activaci\u00f3n de un sensor wulian el encendido o apagado de su iluminaci\u00f3n<\/li>\n<\/ul>\n<p><img decoding=\"async\" class=\"overview-center-img-web\" src=\"https:\/\/tvc.mx\/media\/627146\/WULIAN-APAGADOR-INTELIGENTE-FORMATO-EUROPEO-BANER-TVC-.png\" alt=\"\" \/><\/div>\n<\/div>\n<div class=\"row align-items-center padding-bottom-2x\">\n<div class=\"col-md-5\"><img decoding=\"async\" class=\"d-block m-auto img-thumbnail\" src=\"https:\/\/tvc.mx\/media\/71745\/especificaciones-touch-3-ln.jpg\" alt=\" \" \/><\/div>\n<div class=\"col-md-7 text-md-left text-center\">\n<h2>Especificaciones<\/h2>\n<p class=\"text-muted\">\n<ul>\n<li><strong>Protocolo de comunicaci\u00f3n:<\/strong>\u00a0IEEE 802.15.4 ZigBee\/ SmartRoom<\/li>\n<li><strong>Tipo de Antena Antena:<\/strong>\u00a0PCB<\/li>\n<li><strong>Fuente de Alimentaci\u00f3n:<\/strong>\u00a0110V AC\uff0c60Hz<\/li>\n<li><strong>Consumo en Standby:\u00a0<\/strong>\u22640.45W<\/li>\n<li><strong>N tipo:\u00a0<\/strong>Carga resistiva max (total): 2000W (l\u00e1mpara incandescente, l\u00e1mpara hal\u00f3gena, etc.) Max carga inductiva \/ carga capacitiva (Total): 1500 W (l\u00e1mpara de ahorro de energ\u00eda, l\u00e1mpara fluorescente, L\u00e1mpara de LED, etc.)<\/li>\n<li><strong>Dimensiones de la Cubierta:\u00a0<\/strong>86.8mm\u00d787.2mm (Tama\u00f1o del hueco\uff09<\/li>\n<li><strong>\u00cdndice de Protecci\u00f3n:\u00a0<\/strong>UL94 V-0<\/li>\n<li><strong>Temperatura de Operaci\u00f3n:\u00a0<\/strong>-10\u2103\uff5e+45\u2103<\/li>\n<li><strong>Humedad de Operaci\u00f3n:\u00a0<\/strong>\u226495%RH\uff08sin condenzaci\u00f3n)<\/li>\n<\/ul>\n<p>&nbsp;<\/p>\n<\/div>\n<\/div>\n<hr class=\"padding-bottom-2x\" \/>\n<div class=\"row aling-items-center padding-bottom-2x\">\n<div class=\"col-lg-12\">\n<h5 class=\"card-title text-center\">Funci\u00f3n<\/h5>\n<ul>\n<li>Soporta IEEE 802.15.4 protocolo ZigBee \/ y pruebas.<\/li>\n<li>Podr\u00eda inter funcionar con dispositivos de control y de seguridad para realizar control local y remota.<\/li>\n<li>Podr\u00eda unirse con m\u00faltiples mandos a distancia, control inal\u00e1mbrico Al darse cuenta de la utilizaci\u00f3n de varios interruptores para controlar un dispositivo o utilizando un interruptor para controlar m\u00faltiples dispositivos.<\/li>\n<li>Los usuarios podr\u00edan realizar f\u00e1cilmente y convenientemente ajustes de tiempos de control y de escena a trav\u00e9s dela aplicaci\u00f3n de Smart Home<\/li>\n<li>Este producto adopta la caja de conexiones est\u00e1ndar chino (86mm x 86mm), que podr\u00eda ser instalado directamente en la caja de conexiones est\u00e1ndar en la pared, as\u00ed como sustituir convenientemente los interruptores de pared com\u00fan.<\/li>\n<li>El dise\u00f1o exterior elegante es una combinaci\u00f3n perfecta para todos los estilos de decoraci\u00f3n.<\/li>\n<\/ul>\n<p><img decoding=\"async\" class=\"overview-center-img-web\" src=\"https:\/\/tvc.mx\/media\/71748\/funci%C3%B3n-touch3ln.jpg\" alt=\"\" \/><\/div>\n<\/div>\n<div class=\"row aling-items-center padding-bottom-2x\">\n<div class=\"col-lg-12\">\n<h5 class=\"card-title text-center\">Conexiones<\/h5>\n<p class=\"ql-align-justify\"><strong>Nota:<\/strong>\u00a0Antes de la instalaci\u00f3n, aseg\u00farese de cortar la energ\u00eda el\u00e9ctrica de la zona en donde realizar\u00e1 la instalaci\u00f3n, es sumamente peligroso realizar conexiones con las l\u00edneas de corriente vivas. Queda estrictamente prohibida su instalaci\u00f3n y operaci\u00f3n por personal no capacitado.<\/p>\n<p class=\"ql-align-justify\">\u00a02. Retire la cubierta\u00a0y fije el cuerpo principal por medio de los dos tornillos con punta a la caja situada en el interior del muro, el m\u00e9todo de instalaci\u00f3n es el mismo que el empleado para un interruptor normal.<\/p>\n<p><img decoding=\"async\" class=\"overview-center-img-web\" src=\"https:\/\/tvc.mx\/media\/71751\/especificaciones-switcht1ln.jpg\" alt=\"\" \/><\/div>\n<\/div>\n","protected":false},"excerpt":{"rendered":"<p>Descripci\u00f3n El\u00a0modelo\u00a0WL-ZCSWNGW-S2311-02 es un apagador inteligente que cumple con la funci\u00f3n de un apagador convencional con la diferencia de poder ser controlado desde la app de Wulian Smart Home en dispositivos iOS y Android. Desde la APP, el usuario puede revisar el estado de los&hellip;<\/p>\n","protected":false},"featured_media":4234,"comment_status":"open","ping_status":"closed","template":"","meta":{"om_disable_all_campaigns":false,"_monsterinsights_skip_tracking":false,"_monsterinsights_sitenote_active":false,"_monsterinsights_sitenote_note":"","_monsterinsights_sitenote_category":0},"product_brand":[],"product_cat":[304],"product_tag":[212,211,151],"class_list":{"0":"post-4235","1":"product","2":"type-product","3":"status-publish","4":"has-post-thumbnail","6":"product_cat-control-de-iluminacion-automatizacion","7":"product_tag-alarmas","8":"product_tag-alarmas-e-intrusion","9":"product_tag-seguridad","11":"first","12":"instock","13":"sale","14":"taxable","15":"shipping-taxable","16":"purchasable","17":"product-type-simple"},"aioseo_notices":[],"_links":{"self":[{"href":"https:\/\/tecsecmty.com\/index.php\/wp-json\/wp\/v2\/product\/4235","targetHints":{"allow":["GET"]}}],"collection":[{"href":"https:\/\/tecsecmty.com\/index.php\/wp-json\/wp\/v2\/product"}],"about":[{"href":"https:\/\/tecsecmty.com\/index.php\/wp-json\/wp\/v2\/types\/product"}],"replies":[{"embeddable":true,"href":"https:\/\/tecsecmty.com\/index.php\/wp-json\/wp\/v2\/comments?post=4235"}],"version-history":[{"count":0,"href":"https:\/\/tecsecmty.com\/index.php\/wp-json\/wp\/v2\/product\/4235\/revisions"}],"wp:featuredmedia":[{"embeddable":true,"href":"https:\/\/tecsecmty.com\/index.php\/wp-json\/wp\/v2\/media\/4234"}],"wp:attachment":[{"href":"https:\/\/tecsecmty.com\/index.php\/wp-json\/wp\/v2\/media?parent=4235"}],"wp:term":[{"taxonomy":"product_brand","embeddable":true,"href":"https:\/\/tecsecmty.com\/index.php\/wp-json\/wp\/v2\/product_brand?post=4235"},{"taxonomy":"product_cat","embeddable":true,"href":"https:\/\/tecsecmty.com\/index.php\/wp-json\/wp\/v2\/product_cat?post=4235"},{"taxonomy":"product_tag","embeddable":true,"href":"https:\/\/tecsecmty.com\/index.php\/wp-json\/wp\/v2\/product_tag?post=4235"}],"curies":[{"name":"wp","href":"https:\/\/api.w.org\/{rel}","templated":true}]}}