{"id":4247,"date":"2023-02-23T00:33:19","date_gmt":"2023-02-23T06:33:19","guid":{"rendered":"https:\/\/tecsecmty.com\/index.php\/producto\/wulian-smartairswitch-pastilla-termica-inteligente-30-amp-medidor-de-consumo-administracion-y-control-desde-celular-a-traves-de-app-requiere-brain-para-comunicacion-por-zigbee\/"},"modified":"2023-03-22T23:24:58","modified_gmt":"2023-03-23T05:24:58","slug":"wulian-smartairswitch-pastilla-termica-inteligente-30-amp-medidor-de-consumo-administracion-y-control-desde-celular-a-traves-de-app-requiere-brain-para-comunicacion-por-zigbee","status":"publish","type":"product","link":"https:\/\/tecsecmty.com\/index.php\/producto\/wulian-smartairswitch-pastilla-termica-inteligente-30-amp-medidor-de-consumo-administracion-y-control-desde-celular-a-traves-de-app-requiere-brain-para-comunicacion-por-zigbee\/","title":{"rendered":"WULIAN SMARTAIRSWITCH &#8211; Pastilla T\u00e9rmica Inteligente \/ 30 Amp \/ Medidor de Consumo \/ Administracion y control desde celular a traves de APP\/ Requiere Brain para comunicacion por Zigbee"},"content":{"rendered":"<div class=\"row aling-items-center padding-bottom-2x\">\n<div class=\"col-lg-12\">\n<h5 class=\"card-title text-center\">Descripci\u00f3n<\/h5>\n<p class=\"ql-align-justify\">La Pastilla t\u00e9rmica Inteligente de Wulian modelo\u00a0<strong>WL-ZGCRNPW<\/strong>\u00a0es un interruptor termomagn\u00e9tico de 30A con el cual se pueden proteger instalaciones el\u00e9ctricas dom\u00e9sticas dentro del rango de corriente mencionado. Podr\u00e1 abrir y cerrar el paso de corriente el\u00e9ctrica a voluntad desde la app de\u00a0\u00a0<a href=\"http:\/\/www.wuliangroup.com\/en\/site\/app\" target=\"_blank\" rel=\"noopener\">Wulian Smart Home<\/a>\u00a0as\u00ed como controlarla por horarios, y por tareas vinculadas dentro de la App, se puede editar tambi\u00e9n el rango de corriente para indicarle en que valor debe abrirse para proteger el circuito<\/p>\n<p><img decoding=\"async\" class=\"overview-center-img-web\" src=\"https:\/\/tvc.mx\/media\/301379\/Pastilla-t%C3%A9rmica-inteligente-30A-SMARTAIRSWITCH-WULIAN-TVC-Overviews1.png\" alt=\"\" \/><\/div>\n<\/div>\n<div class=\"row align-items-center padding-bottom-2x\">\n<div class=\"col-md-5\"><img decoding=\"async\" class=\"d-block m-auto img-thumbnail\" src=\"https:\/\/tvc.mx\/media\/301383\/Pastilla-t%C3%A9rmica-inteligente-30A-SMARTAIRSWITCH-WULIAN-TVC-Overviews2.png\" alt=\" \" \/><\/div>\n<div class=\"col-md-7 text-md-left text-center\">\n<h2>Especificaciones t\u00e9cnicas:<\/h2>\n<p class=\"text-muted\">\n<ul>\n<li><strong>Protocolo de comunicaci\u00f3n:<\/strong>\u00a0IEEEE 802.15.4 (ZigBee)<\/li>\n<li><strong>Par\u00e1metros de poder:<\/strong>\u00a0110v<\/li>\n<li><strong>Consumo en Modo Reposo:<\/strong>\u00a00.5 w Corriente nominal 32A<\/li>\n<li><strong>Dimensiones (L x A x Alto):\u00a0<\/strong>90 x 36 x 66<\/li>\n<li><strong>Color:<\/strong>\u00a0Gris claro<\/li>\n<li><strong>M\u00e9todo de instalaci\u00f3n:<\/strong>\u00a0Riel gu\u00eda<\/li>\n<li><strong>Peso Neto:<\/strong>\u00a0225g<\/li>\n<li><strong>Norma de Seguridad de Inflamabilidad:\u00a0<\/strong>UL94V-0<\/li>\n<li><strong>Temperatura de trabajo:<\/strong>\u00a0-10 a 45\u00b0C<\/li>\n<li><strong>Humedad de trabajo:\u00a0<\/strong>95% ( Sin condensaci\u00f3n)<\/li>\n<\/ul>\n<p>&nbsp;<\/p>\n<\/div>\n<\/div>\n<hr class=\"padding-bottom-2x\" \/>\n<div class=\"row aling-items-center padding-bottom-2x\">\n<div class=\"col-lg-12\">\n<h5 class=\"card-title text-center\">Funci\u00f3n<\/h5>\n<ul>\n<li><strong>Operaci\u00f3n Local:\u00a0<\/strong>Cuando el switch de operaci\u00f3n es presionado hacia arriba, usted puede operar el bot\u00f3n auxiliar para controlar el estado de encendido y apagado del dispositivo<\/li>\n<li><strong>Operaci\u00f3n Remota:\u00a0<\/strong>Cuando el dispositivo est\u00e1 conectado a la red ZigBee y el switch de operaci\u00f3n es presionado hacia arriba, usted podr\u00e1 abrir la App y controlar el estado de encendido y apagado del dispositivo seg\u00fan las sugerencias de la aplicaci\u00f3n<\/li>\n<\/ul>\n<p><img decoding=\"async\" class=\"overview-center-img-web\" src=\"https:\/\/tvc.mx\/media\/301387\/Pastilla-t%C3%A9rmica-inteligente-30A-SMARTAIRSWITCH-WULIAN-TVC-Overviews3.png\" alt=\"\" \/><\/div>\n<\/div>\n<div class=\"row aling-items-center padding-bottom-2x\">\n<div class=\"col-lg-12\">\n<h5 class=\"card-title text-center\">Conexi\u00f3n<\/h5>\n<p class=\"ql-align-center\"><strong>Desconecte la corriente el\u00e9ctrica antes de instalar y\/o manipular conexiones. Trabajar con las l\u00edneas vivas es peligroso.<\/strong><\/p>\n<ul>\n<li class=\"ql-align-justify\">Presione el switch de operaci\u00f3n hacia abajo antes de realizar las conexiones.<\/li>\n<li class=\"ql-align-justify\">En orden para evitar choques el\u00e9ctricos, por favor conecte los cables a sus respectivas terminales NO conecte la l\u00ednea a neutro.<\/li>\n<li class=\"ql-align-justify\">Cuando instale el producto aseg\u00farese de que los tornillos de las terminales est\u00e9n correctamente fijados.<\/li>\n<li class=\"ql-align-justify\">No opere el producto con las manos mojadas, corre un gran riesgo de choque el\u00e9ctrico.<\/li>\n<li class=\"ql-align-justify\">El dise\u00f1o protector es del fabricante, por favor no desarmar ni modificar este producto.<\/li>\n<li class=\"ql-align-justify\">Las cargas soportadas pueden ser de refrigerador, aire acondicionado, lavadoras, boiler el\u00e9ctrico etc.<\/li>\n<li class=\"ql-align-justify\">Si el indicador de sistema no parpadea indica que hay algo mal con el cableado.<\/li>\n<li class=\"ql-align-justify\">Si el indicador de sistema parpadea, indica que el sistema opera normalmente.<\/li>\n<\/ul>\n<p><img decoding=\"async\" class=\"overview-center-img-web\" src=\"https:\/\/tvc.mx\/media\/301391\/Pastilla-t%C3%A9rmica-inteligente-30A-SMARTAIRSWITCH-WULIAN-TVC-Overviews4.png\" alt=\"\" \/><\/div>\n<\/div>\n<div class=\"row align-items-center padding-bottom-2x\">\n<div class=\"col-md-5\"><img decoding=\"async\" class=\"d-block m-auto img-thumbnail\" src=\"https:\/\/tvc.mx\/media\/377531\/Pastilla-t%C3%A9rmica-inteligente-30A-SMARTAIRSWITCH-WULIAN-TVC-Overviewsin.png\" alt=\" \" \/><\/div>\n<div class=\"col-md-7 text-md-left text-center\">\n<h2>Incluye<\/h2>\n<p class=\"text-muted\">\n<ul>\n<li>Pastilla t\u00e9rmica inteligente<\/li>\n<\/ul>\n<\/div>\n<\/div>\n","protected":false},"excerpt":{"rendered":"<p>Descripci\u00f3n La Pastilla t\u00e9rmica Inteligente de Wulian modelo\u00a0WL-ZGCRNPW\u00a0es un interruptor termomagn\u00e9tico de 30A con el cual se pueden proteger instalaciones el\u00e9ctricas dom\u00e9sticas dentro del rango de corriente mencionado. Podr\u00e1 abrir y cerrar el paso de corriente el\u00e9ctrica a voluntad desde la app de\u00a0\u00a0Wulian Smart Home\u00a0as\u00ed&hellip;<\/p>\n","protected":false},"featured_media":4246,"comment_status":"open","ping_status":"closed","template":"","meta":{"om_disable_all_campaigns":false,"_monsterinsights_skip_tracking":false,"_monsterinsights_sitenote_active":false,"_monsterinsights_sitenote_note":"","_monsterinsights_sitenote_category":0},"product_brand":[],"product_cat":[305],"product_tag":[212,211,151],"class_list":{"0":"post-4247","1":"product","2":"type-product","3":"status-publish","4":"has-post-thumbnail","6":"product_cat-controles","7":"product_tag-alarmas","8":"product_tag-alarmas-e-intrusion","9":"product_tag-seguridad","11":"first","12":"instock","13":"sale","14":"taxable","15":"shipping-taxable","16":"purchasable","17":"product-type-simple"},"aioseo_notices":[],"_links":{"self":[{"href":"https:\/\/tecsecmty.com\/index.php\/wp-json\/wp\/v2\/product\/4247","targetHints":{"allow":["GET"]}}],"collection":[{"href":"https:\/\/tecsecmty.com\/index.php\/wp-json\/wp\/v2\/product"}],"about":[{"href":"https:\/\/tecsecmty.com\/index.php\/wp-json\/wp\/v2\/types\/product"}],"replies":[{"embeddable":true,"href":"https:\/\/tecsecmty.com\/index.php\/wp-json\/wp\/v2\/comments?post=4247"}],"version-history":[{"count":0,"href":"https:\/\/tecsecmty.com\/index.php\/wp-json\/wp\/v2\/product\/4247\/revisions"}],"wp:featuredmedia":[{"embeddable":true,"href":"https:\/\/tecsecmty.com\/index.php\/wp-json\/wp\/v2\/media\/4246"}],"wp:attachment":[{"href":"https:\/\/tecsecmty.com\/index.php\/wp-json\/wp\/v2\/media?parent=4247"}],"wp:term":[{"taxonomy":"product_brand","embeddable":true,"href":"https:\/\/tecsecmty.com\/index.php\/wp-json\/wp\/v2\/product_brand?post=4247"},{"taxonomy":"product_cat","embeddable":true,"href":"https:\/\/tecsecmty.com\/index.php\/wp-json\/wp\/v2\/product_cat?post=4247"},{"taxonomy":"product_tag","embeddable":true,"href":"https:\/\/tecsecmty.com\/index.php\/wp-json\/wp\/v2\/product_tag?post=4247"}],"curies":[{"name":"wp","href":"https:\/\/api.w.org\/{rel}","templated":true}]}}