{"id":4267,"date":"2023-02-23T00:33:41","date_gmt":"2023-02-23T06:33:41","guid":{"rendered":"https:\/\/tecsecmty.com\/index.php\/producto\/wulian-doordetector-contacto-magnetico-inteligente-para-puerta-o-ventana-zigbee-envia-alertas-con-cada-evento-de-intrusion-y-vincula-con-otros-dispositivos-wulian-a-traves-de-aplicacion-en-celul\/"},"modified":"2023-03-22T23:24:57","modified_gmt":"2023-03-23T05:24:57","slug":"wulian-doordetector-contacto-magnetico-inteligente-para-puerta-o-ventana-zigbee-envia-alertas-con-cada-evento-de-intrusion-y-vincula-con-otros-dispositivos-wulian-a-traves-de-aplicacion-en-celul","status":"publish","type":"product","link":"https:\/\/tecsecmty.com\/index.php\/producto\/wulian-doordetector-contacto-magnetico-inteligente-para-puerta-o-ventana-zigbee-envia-alertas-con-cada-evento-de-intrusion-y-vincula-con-otros-dispositivos-wulian-a-traves-de-aplicacion-en-celul\/","title":{"rendered":"WULIAN DOORDETECTOR &#8211; Contacto Magn\u00e9tico Inteligente para Puerta o Ventana \/ Zigbee \/ Env\u00eda Alertas con cada Evento de Intrusi\u00f3n y Vincula con otros Dispositivos Wulian a traves de aplicacion en celular"},"content":{"rendered":"<div class=\"row aling-items-center padding-bottom-2x\">\n<div class=\"col-lg-12\">\n<h5 class=\"card-title text-center\">Descripci\u00f3n<\/h5>\n<p class=\"ql-align-justify\">El sensor modelo\u00a0<strong>WL-ZSPDBPW-MT-02<\/strong>\u00a0consta de un contacto magn\u00e9tico para puerta y\/o ventana \u00a0inal\u00e1mbrico, el cual adopta la \u00faltima tecnolog\u00eda de ahorro de energ\u00eda, y as\u00ed su tiempo de espera \u00a0soporta hasta un a\u00f1o de vida en su bater\u00eda. Puede instalar la parte principal y la parte magn\u00e9tica en ambos lados de la puerta, ventana, caj\u00f3n y cuando la puerta, ventana o caj\u00f3n se abra ilegalmente usted recibir\u00e1 una advertencia en su Smartphone y otros dispositivos de emergencia como Wireless sonido y luz de alarma para amenazar a los intrusos. Puede integrar a otros dispositivos\u00a0<strong>Wulian<\/strong>\u00a0para activar su funcionamiento cuando se alerte el sensor , por ejemplo:<\/p>\n<ul>\n<li class=\"ql-align-justify\"><strong>Encender\/apagar luces<\/strong><\/li>\n<li class=\"ql-align-justify\"><strong>Encender\/apagar climas<\/strong><\/li>\n<li class=\"ql-align-justify\"><strong>Abrir\/Cerrar cortinas, etc.<\/strong><\/li>\n<\/ul>\n<p><img decoding=\"async\" class=\"overview-center-img-web\" src=\"https:\/\/tvc.mx\/media\/300451\/Contacto-inteligente-para-puerta-Zigbee-DOORDETECTOR-WULIAN-TVC-Overviews1.png\" alt=\"\" \/><\/div>\n<\/div>\n<div class=\"row aling-items-center padding-bottom-2x\">\n<div class=\"col-lg-12\">\n<h5 class=\"card-title text-center\">Especificaciones t\u00e9cnicas:<\/h5>\n<ul>\n<li class=\"ql-align-justify\"><strong>Protocolo de comunicaci\u00f3n:\u00a0<\/strong>IEEE802.15.4 (ZIGBEE SMARTROOM)<\/li>\n<li class=\"ql-align-justify\"><strong>Tipo de Antena:\u00a0<\/strong>Antena de PCB<\/li>\n<li class=\"ql-align-justify\"><strong>Par\u00e1metros de poder:\u00a0<\/strong>3v DC<\/li>\n<li class=\"ql-align-justify\"><strong>Tipo de bater\u00eda:\u00a0<\/strong>CR2<\/li>\n<li class=\"ql-align-justify\"><strong>Corriente en StandBy:\u00a0<\/strong>2\u03bcA<\/li>\n<li class=\"ql-align-justify\"><strong>Corriente de operaci\u00f3n:\u00a0<\/strong>2\u03bcA al abrir puerta 54\u03bcA al cerrar puerta<\/li>\n<li class=\"ql-align-justify\"><strong>Distancia de advertencia:\u00a0<\/strong>20mm<\/li>\n<li class=\"ql-align-justify\"><strong>M\u00e9todo de instalaci\u00f3n:\u00a0<\/strong>Montado en puerta \/ ventana<\/li>\n<li class=\"ql-align-justify\"><strong>Color y Material:\u00a0<\/strong>BLANCO, PC<\/li>\n<li class=\"ql-align-justify\"><strong>Dimensiones mm:\u00a0<\/strong>Transmisor: 23*19.60 Im\u00e1n: 10*19.60<\/li>\n<li class=\"ql-align-justify\"><strong>Peso neto g:\u00a0<\/strong>55<\/li>\n<li class=\"ql-align-justify\"><strong>Indice de protecci\u00f3n:\u00a0<\/strong>UL94-V2<\/li>\n<li class=\"ql-align-justify\"><strong>Temperatura de Operaci\u00f3n:\u00a0<\/strong>-10\u00b0C\u00a0~ +45\u00b0C<\/li>\n<\/ul>\n<p><img decoding=\"async\" class=\"overview-center-img-web\" src=\"https:\/\/tvc.mx\/media\/300455\/Contacto-inteligente-para-puerta-Zigbee-DOORDETECTOR-WULIAN-TVC-Overviews2.png\" alt=\"\" \/><\/div>\n<\/div>\n<div class=\"row align-items-center padding-bottom-2x\">\n<div class=\"col-md-5\"><img decoding=\"async\" class=\"d-block m-auto img-thumbnail\" src=\"https:\/\/tvc.mx\/media\/300463\/Contacto-inteligente-para-puerta-Zigbee-DOORDETECTOR-WULIAN-TVC-Overviews3.png\" alt=\" \" \/><\/div>\n<div class=\"col-md-7 text-md-left text-center\">\n<h2>Funci\u00f3n<\/h2>\n<p class=\"text-muted\">\n<ul>\n<li class=\"ql-align-justify\">Soporte del protocolo IEEE 802.15.4 ZigBee \/ SmartRoom.<\/li>\n<li class=\"ql-align-justify\">Bajo defensa, la puerta de control remoto est\u00e1 abierta o cerrada, y env\u00eda el estado del monitor en tiempo real a la APP inteligente.<\/li>\n<li class=\"ql-align-justify\">Realice la configuraci\u00f3n de la escena mediante la APP inteligente para establecer v\u00ednculos con nuestros otros dispositivos.<\/li>\n<li class=\"ql-align-justify\">La alarma con transmisi\u00f3n inal\u00e1mbrica provee una respuesta r\u00e1pida, alta y Anti-interferencia con baja tasa de falsa alarma.<\/li>\n<li class=\"ql-align-justify\">Bajo consumo, ahorro de energ\u00eda y protecci\u00f3n del medio ambiente, para la construcci\u00f3n de medio ambiente humano verde.<\/li>\n<li class=\"ql-align-justify\">El dispositivo inal\u00e1mbrico de tama\u00f1o peque\u00f1o es para ocultarse y fusionarse con el hogar perfectamente.<\/li>\n<li class=\"ql-align-justify\">Hecho de material de alta resistencia, resistente a impactos y altas temperaturas, su carcasa es robusta y durable.<\/li>\n<\/ul>\n<p>&nbsp;<\/p>\n<\/div>\n<\/div>\n<hr class=\"padding-bottom-2x\" \/>\n<div class=\"row align-items-center padding-bottom-2x\">\n<div class=\"col-md-5\"><img decoding=\"async\" class=\"d-block m-auto img-thumbnail\" src=\"https:\/\/tvc.mx\/media\/377615\/Contacto-inteligente-para-puerta-Zigbee-DOORDETECTOR-WULIAN-TVC-Secundarioin.png\" alt=\" \" \/><\/div>\n<div class=\"col-md-7 text-md-left text-center\">\n<h2>Incluye<\/h2>\n<p class=\"text-muted\">\n<ul>\n<li>Contacto magn\u00e9tico<\/li>\n<li>Cinta doble cara<\/li>\n<li>Torniller\u00eda<\/li>\n<\/ul>\n<\/div>\n<\/div>\n","protected":false},"excerpt":{"rendered":"<p>Descripci\u00f3n El sensor modelo\u00a0WL-ZSPDBPW-MT-02\u00a0consta de un contacto magn\u00e9tico para puerta y\/o ventana \u00a0inal\u00e1mbrico, el cual adopta la \u00faltima tecnolog\u00eda de ahorro de energ\u00eda, y as\u00ed su tiempo de espera \u00a0soporta hasta un a\u00f1o de vida en su bater\u00eda. Puede instalar la parte principal y la&hellip;<\/p>\n","protected":false},"featured_media":4266,"comment_status":"open","ping_status":"closed","template":"","meta":{"om_disable_all_campaigns":false,"_monsterinsights_skip_tracking":false,"_monsterinsights_sitenote_active":false,"_monsterinsights_sitenote_note":"","_monsterinsights_sitenote_category":0},"product_brand":[],"product_cat":[308],"product_tag":[212,211,151],"class_list":{"0":"post-4267","1":"product","2":"type-product","3":"status-publish","4":"has-post-thumbnail","6":"product_cat-seguridad-y-acceso-automatizacion","7":"product_tag-alarmas","8":"product_tag-alarmas-e-intrusion","9":"product_tag-seguridad","11":"first","12":"instock","13":"sale","14":"taxable","15":"shipping-taxable","16":"purchasable","17":"product-type-simple"},"aioseo_notices":[],"_links":{"self":[{"href":"https:\/\/tecsecmty.com\/index.php\/wp-json\/wp\/v2\/product\/4267","targetHints":{"allow":["GET"]}}],"collection":[{"href":"https:\/\/tecsecmty.com\/index.php\/wp-json\/wp\/v2\/product"}],"about":[{"href":"https:\/\/tecsecmty.com\/index.php\/wp-json\/wp\/v2\/types\/product"}],"replies":[{"embeddable":true,"href":"https:\/\/tecsecmty.com\/index.php\/wp-json\/wp\/v2\/comments?post=4267"}],"version-history":[{"count":0,"href":"https:\/\/tecsecmty.com\/index.php\/wp-json\/wp\/v2\/product\/4267\/revisions"}],"wp:featuredmedia":[{"embeddable":true,"href":"https:\/\/tecsecmty.com\/index.php\/wp-json\/wp\/v2\/media\/4266"}],"wp:attachment":[{"href":"https:\/\/tecsecmty.com\/index.php\/wp-json\/wp\/v2\/media?parent=4267"}],"wp:term":[{"taxonomy":"product_brand","embeddable":true,"href":"https:\/\/tecsecmty.com\/index.php\/wp-json\/wp\/v2\/product_brand?post=4267"},{"taxonomy":"product_cat","embeddable":true,"href":"https:\/\/tecsecmty.com\/index.php\/wp-json\/wp\/v2\/product_cat?post=4267"},{"taxonomy":"product_tag","embeddable":true,"href":"https:\/\/tecsecmty.com\/index.php\/wp-json\/wp\/v2\/product_tag?post=4267"}],"curies":[{"name":"wp","href":"https:\/\/api.w.org\/{rel}","templated":true}]}}