{"id":4285,"date":"2023-02-23T00:33:55","date_gmt":"2023-02-23T06:33:55","guid":{"rendered":"https:\/\/tecsecmty.com\/index.php\/producto\/yonusa-amp30-modulo-amplificador-de-potencia-hasta-un-30-y-anti-induccion-compatible-para-energizadores-yonusa-conexion-a-terminales-tierra-y-salida\/"},"modified":"2023-03-22T23:25:07","modified_gmt":"2023-03-23T05:25:07","slug":"yonusa-amp30-modulo-amplificador-de-potencia-hasta-un-30-y-anti-induccion-compatible-para-energizadores-yonusa-conexion-a-terminales-tierra-y-salida","status":"publish","type":"product","link":"https:\/\/tecsecmty.com\/index.php\/producto\/yonusa-amp30-modulo-amplificador-de-potencia-hasta-un-30-y-anti-induccion-compatible-para-energizadores-yonusa-conexion-a-terminales-tierra-y-salida\/","title":{"rendered":"YONUSA AMP30 &#8211; Modulo Amplificador de potencia hasta un 30% y anti-inducci\u00f3n compatible para energizadores Yonusa\/ Conexi\u00f3n a terminales tierra y salida"},"content":{"rendered":"<div class=\"row aling-items-center padding-bottom-2x\">\n<div class=\"col-lg-12\">\n<h5 class=\"card-title text-center\">INFORMACI\u00d3N GENERAL<\/h5>\n<p>Accesorio para energizador de cerco el\u00e9ctrico, \u00fatil cuando\u00a0se desea mayor potencia de impacto o bien proteger un \u00e1rea adicional\u00a0a la ya instalada.<\/p>\n<p>Su dise\u00f1o electr\u00f3nico<strong>\u00a0<\/strong>integra adem\u00e1s un filtro anti-inducci\u00f3n\u00a0que asegura el buen funcionamiento y prolonga la vida del energizador cuando este alimenta una cerca el\u00e9ctrica pr\u00f3xima a torres de alta tensi\u00f3n.<\/p>\n<p><img decoding=\"async\" class=\"overview-center-img-web\" src=\"https:\/\/tvc.mx\/media\/428263\/YONUSA-YON1290008-AMP30-MODULO-AMPLIFICADOR-DE-POTENCIA-CENTRAL.png\" alt=\"\" \/><\/div>\n<\/div>\n<div class=\"row align-items-center padding-bottom-2x\">\n<div class=\"col-md-5\"><img decoding=\"async\" class=\"d-block m-auto img-thumbnail\" src=\"https:\/\/tvc.mx\/media\/428271\/YONUSA-YON1290008-AMP30-MODULO-AMPLIFICADOR-DE-POTENCIA-IZQ.png\" alt=\" \" \/><\/div>\n<div class=\"col-md-7 text-md-left text-center\">\n<h2>Especificaciones T\u00e9cnicas<\/h2>\n<p class=\"text-muted\">\n<ul>\n<li>Aumento de la potencia del equipo en un 30%.<\/li>\n<li>Incremento del arco el\u00e9ctrico a tierra de 1 cm.<\/li>\n<li>Compatible con cualquier tipo de Energizador Yonusa.<\/li>\n<li>Filtra inducci\u00f3n en el Energizador generada por torres de alta tensi\u00f3n de hasta 230 KV.<\/li>\n<li>Nivel de aislamiento del circuito: 20,000V.<\/li>\n<li>Se alimenta de la misma energ\u00eda del cerco el\u00e9ctrico.<\/li>\n<li>Voltaje de entrada: 10,000 V m\u00ednimo.<\/li>\n<li>F\u00e1cil instalaci\u00f3n. Solo se conecta a las terminales de regreso de corriente y tierra\u00a0f\u00edsica. Sin polaridad<\/li>\n<li>Resina anti UV.<\/li>\n<li>Medida de cables: 20 cm.<\/li>\n<\/ul>\n<p>&nbsp;<\/p>\n<\/div>\n<\/div>\n<hr class=\"padding-bottom-2x\" \/>\n<div class=\"row align-items-center padding-bottom-2x\">\n<div class=\"col-md-5 order-md-2\"><img decoding=\"async\" class=\"d-block m-auto img-thumbnail\" src=\"https:\/\/tvc.mx\/media\/428275\/YONUSA-YON1290008-AMP30-MODULO-AMPLIFICADOR-DE-POTENCIA-INCLUYE.png\" alt=\" \" \/><\/div>\n<div class=\"col-md-7 order-md-1 text-md-left text-center\">\n<h2>Incluye<\/h2>\n<p class=\"text-muted\">\n<ul>\n<li>Solo amplificador de potencia<\/li>\n<\/ul>\n<\/div>\n<\/div>\n","protected":false},"excerpt":{"rendered":"<p>INFORMACI\u00d3N GENERAL Accesorio para energizador de cerco el\u00e9ctrico, \u00fatil cuando\u00a0se desea mayor potencia de impacto o bien proteger un \u00e1rea adicional\u00a0a la ya instalada. Su dise\u00f1o electr\u00f3nico\u00a0integra adem\u00e1s un filtro anti-inducci\u00f3n\u00a0que asegura el buen funcionamiento y prolonga la vida del energizador cuando este alimenta una&hellip;<\/p>\n","protected":false},"featured_media":4284,"comment_status":"open","ping_status":"closed","template":"","meta":{"om_disable_all_campaigns":false,"_monsterinsights_skip_tracking":false,"_monsterinsights_sitenote_active":false,"_monsterinsights_sitenote_note":"","_monsterinsights_sitenote_category":0},"product_brand":[],"product_cat":[311],"product_tag":[212,211,151],"class_list":{"0":"post-4285","1":"product","2":"type-product","3":"status-publish","4":"has-post-thumbnail","6":"product_cat-accesorios-cercas-electricas","7":"product_tag-alarmas","8":"product_tag-alarmas-e-intrusion","9":"product_tag-seguridad","11":"first","12":"instock","13":"sale","14":"taxable","15":"shipping-taxable","16":"purchasable","17":"product-type-simple"},"aioseo_notices":[],"_links":{"self":[{"href":"https:\/\/tecsecmty.com\/index.php\/wp-json\/wp\/v2\/product\/4285","targetHints":{"allow":["GET"]}}],"collection":[{"href":"https:\/\/tecsecmty.com\/index.php\/wp-json\/wp\/v2\/product"}],"about":[{"href":"https:\/\/tecsecmty.com\/index.php\/wp-json\/wp\/v2\/types\/product"}],"replies":[{"embeddable":true,"href":"https:\/\/tecsecmty.com\/index.php\/wp-json\/wp\/v2\/comments?post=4285"}],"version-history":[{"count":0,"href":"https:\/\/tecsecmty.com\/index.php\/wp-json\/wp\/v2\/product\/4285\/revisions"}],"wp:featuredmedia":[{"embeddable":true,"href":"https:\/\/tecsecmty.com\/index.php\/wp-json\/wp\/v2\/media\/4284"}],"wp:attachment":[{"href":"https:\/\/tecsecmty.com\/index.php\/wp-json\/wp\/v2\/media?parent=4285"}],"wp:term":[{"taxonomy":"product_brand","embeddable":true,"href":"https:\/\/tecsecmty.com\/index.php\/wp-json\/wp\/v2\/product_brand?post=4285"},{"taxonomy":"product_cat","embeddable":true,"href":"https:\/\/tecsecmty.com\/index.php\/wp-json\/wp\/v2\/product_cat?post=4285"},{"taxonomy":"product_tag","embeddable":true,"href":"https:\/\/tecsecmty.com\/index.php\/wp-json\/wp\/v2\/product_tag?post=4285"}],"curies":[{"name":"wp","href":"https:\/\/api.w.org\/{rel}","templated":true}]}}