{"id":4303,"date":"2023-02-23T00:34:11","date_gmt":"2023-02-23T06:34:11","guid":{"rendered":"https:\/\/tecsecmty.com\/index.php\/producto\/tvc-cb20m-cable-bujia-o-doble-aislado-para-cercos-electricos-yonusa-multifilar-22-awg-bobina-de-20-mts-masvendido\/"},"modified":"2023-03-22T23:24:27","modified_gmt":"2023-03-23T05:24:27","slug":"tvc-cb20m-cable-bujia-o-doble-aislado-para-cercos-electricos-yonusa-multifilar-22-awg-bobina-de-20-mts-masvendido","status":"publish","type":"product","link":"https:\/\/tecsecmty.com\/index.php\/producto\/tvc-cb20m-cable-bujia-o-doble-aislado-para-cercos-electricos-yonusa-multifilar-22-awg-bobina-de-20-mts-masvendido\/","title":{"rendered":"TVC CB20M &#8211; Cable buj\u00eda o doble aislado para cercos el\u00e9ctricos Yonusa\/ Multifilar 22 AWG \/ Bobina de 20 Mts\/ #M\u00e1sVendido"},"content":{"rendered":"<div class=\"row aling-items-center padding-bottom-2x\">\n<div class=\"col-lg-12\">\n<h5 class=\"card-title text-center\">Descripci\u00f3n general<\/h5>\n<p>Cable Buj\u00eda Para Cerco El\u00e9ctrico Bobina de 20 Metros<\/p>\n<p>Estos cables son llamados cables de alta tensi\u00f3n, est\u00e1n dise\u00f1ados para conducir el alto voltaje producido por el energizador ( hasta 12,000 V). Cuentas con un doble forro de silic\u00f3n aislante, esto para evitar que se formen arcos de voltaje.<\/p>\n<p><img decoding=\"async\" class=\"overview-center-img-web\" src=\"https:\/\/tvc.mx\/media\/386707\/YONUSA-YON6510011-CABLE-BUJIA-O-DOBLE-AISLADO-20MTS-CENTRAL.png\" alt=\"\" \/><\/div>\n<\/div>\n<div class=\"row align-items-center padding-bottom-2x\">\n<div class=\"col-md-5\"><img decoding=\"async\" class=\"d-block m-auto img-thumbnail\" src=\"https:\/\/tvc.mx\/media\/386711\/YONUSA-YON6510011-CABLE-BUJIA-O-DOBLE-AISLADO-20MTS-DER1.png\" alt=\" \" \/><\/div>\n<div class=\"col-md-7 text-md-left text-center\">\n<h2>Caracter\u00edsticas Principales<\/h2>\n<p class=\"text-muted\">\n<ul>\n<li class=\"ql-indent-1\">Para el ingreso y retorno de la energ\u00eda el\u00e9ctrica.<\/li>\n<li class=\"ql-indent-1\">Cable aislado especial para cercas el\u00e9ctricas<\/li>\n<li class=\"ql-indent-1\">Doblemente aislado lo que hace mas confiable y seguro para exterior<\/li>\n<\/ul>\n<p>&nbsp;<\/p>\n<\/div>\n<\/div>\n<hr class=\"padding-bottom-2x\" \/>\n<div class=\"row align-items-center padding-bottom-2x\">\n<div class=\"col-md-5 order-md-2\"><img decoding=\"async\" class=\"d-block m-auto img-thumbnail\" src=\"https:\/\/tvc.mx\/media\/386715\/YONUSA-YON6510011-CABLE-BUJIA-O-DOBLE-AISLADO-20MTS-DER.png\" alt=\" \" \/><\/div>\n<div class=\"col-md-7 order-md-1 text-md-left text-center\">\n<h2>Especificaciones T\u00e9cnicas<\/h2>\n<p class=\"text-muted\">\n<ul>\n<li>Conductor de alto voltaje<\/li>\n<li>Cable para cercas el\u00e9ctricas<\/li>\n<li>Aislamiento P.P<\/li>\n<li>Cubierta de PVC retardante a la flama contra los rayos ultra violeta.<\/li>\n<li>Calibre AWG 22<\/li>\n<li>Color blanco<\/li>\n<li>Espesor de aislamiento 3.5mm.<\/li>\n<li>Espesor cubierta 1.04 mm.<\/li>\n<li>Temperatura de aislamiento 70 \u2013 90\u00b0C<\/li>\n<\/ul>\n<p>&nbsp;<\/p>\n<\/div>\n<\/div>\n<hr class=\"padding-bottom-2x\" \/>\n<div class=\"row aling-items-center padding-bottom-2x\">\n<div class=\"col-lg-12\">\n<h5 class=\"card-title text-center\">CONEXION BASICA<\/h5>\n<p>En la imagen podemos observar como se conecta el energizador hacia la cerca el\u00e9ctrica por medio del cable de buj\u00eda en , la entrada de voltaje, tierra f\u00edsica y salida de voltaje.<\/p>\n<p><img decoding=\"async\" class=\"overview-center-img-\" src=\"https:\/\/tvc.mx\/media\/16386\/bujia-3.jpg\" alt=\"\" \/><\/div>\n<\/div>\n<div class=\"row align-items-center padding-bottom-2x\">\n<div class=\"col-md-5 order-md-2\"><img decoding=\"async\" class=\"d-block m-auto img-thumbnail\" src=\"https:\/\/tvc.mx\/media\/386719\/YONUSA-YON6510011-CABLE-BUJIA-O-DOBLE-AISLADO-20MTS-INCLUYE.png\" alt=\" \" \/><\/div>\n<div class=\"col-md-7 order-md-1 text-md-left text-center\">\n<h2>Incluye<\/h2>\n<p class=\"text-muted\">\n<ul>\n<li>Bobina de 20mts de cable buj\u00eda<\/li>\n<\/ul>\n<\/div>\n<\/div>\n","protected":false},"excerpt":{"rendered":"<p>Descripci\u00f3n general Cable Buj\u00eda Para Cerco El\u00e9ctrico Bobina de 20 Metros Estos cables son llamados cables de alta tensi\u00f3n, est\u00e1n dise\u00f1ados para conducir el alto voltaje producido por el energizador ( hasta 12,000 V). Cuentas con un doble forro de silic\u00f3n aislante, esto para evitar&hellip;<\/p>\n","protected":false},"featured_media":4302,"comment_status":"open","ping_status":"closed","template":"","meta":{"om_disable_all_campaigns":false,"_monsterinsights_skip_tracking":false,"_monsterinsights_sitenote_active":false,"_monsterinsights_sitenote_note":"","_monsterinsights_sitenote_category":0},"product_brand":[],"product_cat":[313],"product_tag":[212,211,151],"class_list":{"0":"post-4303","1":"product","2":"type-product","3":"status-publish","4":"has-post-thumbnail","6":"product_cat-alambres-y-cables","7":"product_tag-alarmas","8":"product_tag-alarmas-e-intrusion","9":"product_tag-seguridad","11":"first","12":"instock","13":"sale","14":"taxable","15":"shipping-taxable","16":"purchasable","17":"product-type-simple"},"aioseo_notices":[],"_links":{"self":[{"href":"https:\/\/tecsecmty.com\/index.php\/wp-json\/wp\/v2\/product\/4303","targetHints":{"allow":["GET"]}}],"collection":[{"href":"https:\/\/tecsecmty.com\/index.php\/wp-json\/wp\/v2\/product"}],"about":[{"href":"https:\/\/tecsecmty.com\/index.php\/wp-json\/wp\/v2\/types\/product"}],"replies":[{"embeddable":true,"href":"https:\/\/tecsecmty.com\/index.php\/wp-json\/wp\/v2\/comments?post=4303"}],"version-history":[{"count":0,"href":"https:\/\/tecsecmty.com\/index.php\/wp-json\/wp\/v2\/product\/4303\/revisions"}],"wp:featuredmedia":[{"embeddable":true,"href":"https:\/\/tecsecmty.com\/index.php\/wp-json\/wp\/v2\/media\/4302"}],"wp:attachment":[{"href":"https:\/\/tecsecmty.com\/index.php\/wp-json\/wp\/v2\/media?parent=4303"}],"wp:term":[{"taxonomy":"product_brand","embeddable":true,"href":"https:\/\/tecsecmty.com\/index.php\/wp-json\/wp\/v2\/product_brand?post=4303"},{"taxonomy":"product_cat","embeddable":true,"href":"https:\/\/tecsecmty.com\/index.php\/wp-json\/wp\/v2\/product_cat?post=4303"},{"taxonomy":"product_tag","embeddable":true,"href":"https:\/\/tecsecmty.com\/index.php\/wp-json\/wp\/v2\/product_tag?post=4303"}],"curies":[{"name":"wp","href":"https:\/\/api.w.org\/{rel}","templated":true}]}}