{"id":4398,"date":"2023-02-23T00:47:51","date_gmt":"2023-02-23T06:47:51","guid":{"rendered":"https:\/\/tecsecmty.com\/index.php\/producto\/western-wd42purz-disco-duro-de-4tb-purple-especial-para-videovigilancia-trabajo-24-7-interface-sata-6-gb-s-hasta-64-camaras-hasta-16-bahias-de-discos-duros-3-anos-de-garantia\/"},"modified":"2023-03-22T23:24:55","modified_gmt":"2023-03-23T05:24:55","slug":"western-wd42purz-disco-duro-de-4tb-purple-especial-para-videovigilancia-trabajo-24-7-interface-sata-6-gb-s-hasta-64-camaras-hasta-16-bahias-de-discos-duros-3-anos-de-garantia","status":"publish","type":"product","link":"https:\/\/tecsecmty.com\/index.php\/producto\/western-wd42purz-disco-duro-de-4tb-purple-especial-para-videovigilancia-trabajo-24-7-interface-sata-6-gb-s-hasta-64-camaras-hasta-16-bahias-de-discos-duros-3-anos-de-garantia\/","title":{"rendered":"WESTERN WD42PURZ &#8211; Disco Duro de 4TB Purple\/ Especial para Videovigilancia\/ Trabajo 24\/7\/ Interface: Sata 6 Gb\/s\/ Hasta 64 C\u00e1maras\/ Hasta 16 Bah\u00edas de Discos Duros\/ 3 A\u00f1os de Garant\u00eda\/"},"content":{"rendered":"<div class=\"row aling-items-center padding-bottom-2x\">\n<div class=\"col-lg-12\">\n<h5 class=\"card-title text-center\">La opci\u00f3n inteligente para la vigilancia<\/h5>\n<h2 class=\"ql-align-justify\">Los discos de almacenamiento para videovigilancia WD Purple incluyen la exclusiva tecnolog\u00eda AllFrame para proporcionar una fiabilidad y una tranquilidad superiores cuando instale un sistema de seguridad en su casa o empresa de peque\u00f1o y mediano tama\u00f1o. Las exclusivas actualizaciones del firmware de WD Purple son compatibles con la transmisi\u00f3n ATA para reducir los errores en la pixilaci\u00f3n y las interrupciones t\u00edpicas en el v\u00eddeo que ocurren cuando incorrectamente se utilizan discos duros de sobremesa en los sistemas de seguridad. Los discos de almacenamiento para videovigilancia WD Purple est\u00e1n dise\u00f1ados y fabricados para el funcionamiento fiable de los sistemas de vigilancia y seguridad de alta definici\u00f3n que operan 24&#215;7 y que utilizan hasta ocho discos duros y hasta 32 c\u00e1maras.<\/h2>\n<h2 class=\"ql-align-justify\">\u00a0Elija un disco dise\u00f1ado y fabricado para los sistemas de videovigilancia dom\u00e9sticos y de empresas y queda usted tranquilo al contar con un disco duro espec\u00edficamente pensado para la videovigilancia<\/h2>\n<p><img decoding=\"async\" class=\"overview-center-img-web\" src=\"https:\/\/tvc.mx\/media\/340423\/Disco-Duro-8-TB-Serie-Purple-Pro-Western-Digital-WD8001PURP-3.png\" alt=\"\" \/><\/div>\n<\/div>\n<div class=\"row aling-items-center padding-bottom-2x\">\n<div class=\"col-lg-12\">\n<h5 class=\"card-title text-center\">Almacenamiento en discos de sobremesa vs. discos especiales para videovigilancia<\/h5>\n<h2 class=\"ql-align-justify\">Seguramente no querr\u00eda usar una bicicleta para transportar mercanc\u00edas por todo el pa\u00eds porque no es la herramienta adecuada para este tipo de trabajo. Tampoco deber\u00eda utilizar un disco duro de sobremesa en su sistema de vigilancia y seguridad porque no est\u00e1 dise\u00f1ado para est\u00e1 funci\u00f3n.<\/h2>\n<h2 class=\"ql-align-justify\">El almacenamiento especial para vigilancia WD Purple ha sido probado para su compatibilidad con una amplia gama de sistemas de seguridad. Estos discos est\u00e1n dise\u00f1ados para reemplazar a los discos est\u00e1ndar de sobremesa que no est\u00e1n dise\u00f1ados para los exigentes entornos de los sistemas de seguridad de alta definici\u00f3n que operan 24&#215;7. Los discos de sobremesa est\u00e1n fabricados para operar a cortos intervalos y no est\u00e1n dise\u00f1ados para resistir las fluctuaciones de altas temperaturas y las vibraciones t\u00edpicas en las aplicaciones para vigilancia.<\/h2>\n<p><img decoding=\"async\" class=\"overview-center-img-web\" src=\"https:\/\/tvc.mx\/media\/340427\/Disco-Duro-8-TB-Serie-Purple-Pro-Western-Digital-WD8001PURP-4.png\" alt=\"\" \/><\/div>\n<\/div>\n<div class=\"row aling-items-center padding-bottom-2x\">\n<div class=\"col-lg-12\">\n<h5 class=\"card-title text-center\">Almacenamiento para videovigilancia que da tranquilidad<\/h5>\n<h2 class=\"ql-align-justify\">Almacenamiento para videovigilancia que da tranquilidad<\/h2>\n<h2 class=\"ql-align-justify\">Que proteja sus activos personales y seres queridos o la empresa que ha construido con esfuerzo, puede confiar en el almacenamiento especial para vigilancia dise\u00f1ado por uno de los fabricantes de discos duros m\u00e1s importantes del mundo. Los discos de almacenamiento para videovigilancia WD Purple est\u00e1n dise\u00f1ados para asegurar la fiabilidad y la calidad en la reproducci\u00f3n de v\u00eddeo de los sistemas de vigilancia y seguridad que operan 24&#215;7 a altas temperaturas. Disfrute de la seguridad de saber que est\u00e1 utilizando un disco para los sistemas de vigilancia dise\u00f1ado por un l\u00edder de la industria de discos duros.<\/h2>\n<h2 class=\"ql-align-justify\"><\/h2>\n<h2 class=\"ql-align-justify\">Mejore el rendimiento con AllFrame<\/h2>\n<h2 class=\"ql-align-justify\">Los discos duros para vigilancia WD Purple est\u00e1n equipados con la tecnolog\u00eda AllFrame que opera con la transmisi\u00f3n ATA para reducir la p\u00e9rdida de imagenes mejorar la reproducci\u00f3n y aumentar el n\u00famero de compartimentos soportados. AllFrame reduce las interrupciones de v\u00eddeo comunes que ocurren cuando incorrectamente se utilizan discos duros de sobremesa en los sistemas de seguridad. La p\u00e9rdida de metraje es un problema serio cuando ocurre un evento y se necesita visualizar el v\u00eddeo. WD Purple con AllFrame proporciona la confianza que espera cuando necesita visionar el video y recuperar un metraje importante para la vigilancia.<\/h2>\n<h2 class=\"ql-align-justify\">Beneficios clave:<\/h2>\n<h2 class=\"ql-align-justify\">Reduce la p\u00e9rdida de imagenes con discos especiales para la vigilancia.<\/h2>\n<h2 class=\"ql-align-justify\">Especialmente dise\u00f1ados para los sistemas de vigilancia y seguridad.<\/h2>\n<h2 class=\"ql-align-justify\">Los algoritmos de cach\u00e9 est\u00e1n personalizados para aplicaciones exigentes en escritura, con baja velocidad de transmisi\u00f3n y gran n\u00famero de transmisiones como los sistemas de vigilancia.<\/h2>\n<h2 class=\"ql-align-justify\">Cambio prioritario para la escritura y las asignaciones del cach\u00e9.<\/h2>\n<h2 class=\"ql-align-justify\">Compatibilidad con las transmisiones TLER y ATA<\/h2>\n<h2 class=\"ql-align-justify\">Utilizacion hasta ocho discos.<\/h2>\n<p><img decoding=\"async\" class=\"overview-center-img-\" src=\"https:\/\/tvc.mx\/media\/15878\/OVERVIEW2.png\" alt=\"\" \/><\/div>\n<\/div>\n<div class=\"row aling-items-center padding-bottom-2x\">\n<div class=\"col-lg-12\">\n<h5 class=\"card-title text-center\">Dise\u00f1ado para la compatibilidad<\/h5>\n<h2>Los discos duros para vigilancia WD Purple est\u00e1n construidos para su compatibilidad con los principales fabricantes de chipsets y chasis l\u00edderes del sector para lograr la integraci\u00f3n con su sistema de vigilancia v\u00eddeo. Compruebe nuestro selector de compatibilidad para encontrar el disco adecuado para usted.<\/h2>\n<\/div>\n<\/div>\n<div class=\"row aling-items-center padding-bottom-2x\">\n<div class=\"col-lg-12\">\n<h5 class=\"card-title text-center\">Rendimiento optimizado para hasta 32 c\u00e1maras de alta definici\u00f3n<\/h5>\n<h2 class=\"ql-align-justify\">Rendimiento optimizado para hasta 32 c\u00e1maras de alta definici\u00f3n<\/h2>\n<h2 class=\"ql-align-justify\">Los discos duros WD Purple est\u00e1n optimizados para soportar hasta 32 c\u00e1maras de alta definici\u00f3n, d\u00e1ndole la flexibilidad de actualizar y ampliar su sistema de seguridad en el futuro.<\/h2>\n<h2 class=\"ql-align-justify\"><\/h2>\n<h2 class=\"ql-align-justify\">Bajo consumo de energ\u00eda<\/h2>\n<h2 class=\"ql-align-justify\">El bajo consumo energ\u00e9tico es crucial en entornos de videovigilancia que operan 24&#215;7 a altas temperaturas. Con la exclusiva tecnolog\u00eda IntelliSeek, los discos WD Purple calculan las velocidades de b\u00fasqueda \u00f3ptimas para reducir el consumo de energ\u00eda, el ruido y las vibraciones que pueden da\u00f1ar y causar que los discos de sobremesa se desgasten a mayor velocidad. Cuando invierte en un disco de calidad espec\u00edfico para los sistemas de vigilancia, se acabaron las preocupaciones y disfrutar\u00e1 de sus ventajas durante m\u00e1s tiempo.<\/h2>\n<h2><\/h2>\n<p><img decoding=\"async\" class=\"overview-center-img-\" src=\"https:\/\/tvc.mx\/media\/15879\/OVERVIEW3.png\" alt=\"\" \/><\/div>\n<\/div>\n","protected":false},"excerpt":{"rendered":"<p>La opci\u00f3n inteligente para la vigilancia Los discos de almacenamiento para videovigilancia WD Purple incluyen la exclusiva tecnolog\u00eda AllFrame para proporcionar una fiabilidad y una tranquilidad superiores cuando instale un sistema de seguridad en su casa o empresa de peque\u00f1o y mediano tama\u00f1o. Las exclusivas&hellip;<\/p>\n","protected":false},"featured_media":4397,"comment_status":"open","ping_status":"closed","template":"","meta":{"om_disable_all_campaigns":false,"_monsterinsights_skip_tracking":false,"_monsterinsights_sitenote_active":false,"_monsterinsights_sitenote_note":"","_monsterinsights_sitenote_category":0},"product_brand":[],"product_cat":[332],"product_tag":[320,323,324,321,322],"class_list":{"0":"post-4398","1":"product","2":"type-product","3":"status-publish","4":"has-post-thumbnail","6":"product_cat-discos-duros-western-digital","7":"product_tag-almacenamiento","8":"product_tag-disco-duro","9":"product_tag-memoria","10":"product_tag-seagate","11":"product_tag-usb","13":"first","14":"instock","15":"sale","16":"taxable","17":"shipping-taxable","18":"purchasable","19":"product-type-simple"},"aioseo_notices":[],"_links":{"self":[{"href":"https:\/\/tecsecmty.com\/index.php\/wp-json\/wp\/v2\/product\/4398","targetHints":{"allow":["GET"]}}],"collection":[{"href":"https:\/\/tecsecmty.com\/index.php\/wp-json\/wp\/v2\/product"}],"about":[{"href":"https:\/\/tecsecmty.com\/index.php\/wp-json\/wp\/v2\/types\/product"}],"replies":[{"embeddable":true,"href":"https:\/\/tecsecmty.com\/index.php\/wp-json\/wp\/v2\/comments?post=4398"}],"version-history":[{"count":0,"href":"https:\/\/tecsecmty.com\/index.php\/wp-json\/wp\/v2\/product\/4398\/revisions"}],"wp:featuredmedia":[{"embeddable":true,"href":"https:\/\/tecsecmty.com\/index.php\/wp-json\/wp\/v2\/media\/4397"}],"wp:attachment":[{"href":"https:\/\/tecsecmty.com\/index.php\/wp-json\/wp\/v2\/media?parent=4398"}],"wp:term":[{"taxonomy":"product_brand","embeddable":true,"href":"https:\/\/tecsecmty.com\/index.php\/wp-json\/wp\/v2\/product_brand?post=4398"},{"taxonomy":"product_cat","embeddable":true,"href":"https:\/\/tecsecmty.com\/index.php\/wp-json\/wp\/v2\/product_cat?post=4398"},{"taxonomy":"product_tag","embeddable":true,"href":"https:\/\/tecsecmty.com\/index.php\/wp-json\/wp\/v2\/product_tag?post=4398"}],"curies":[{"name":"wp","href":"https:\/\/api.w.org\/{rel}","templated":true}]}}