{"id":4400,"date":"2023-02-23T00:47:54","date_gmt":"2023-02-23T06:47:54","guid":{"rendered":"https:\/\/tecsecmty.com\/index.php\/producto\/western-wd62purz-disco-duro-de-6-tb-purple-especial-para-videovigilancia-trabajo-24-7-interface-sata-6-gb-s-hasta-64-camaras-hasta-16-bahias-de-discos-duros-3-anos-de-garantia\/"},"modified":"2023-03-22T23:24:55","modified_gmt":"2023-03-23T05:24:55","slug":"western-wd62purz-disco-duro-de-6-tb-purple-especial-para-videovigilancia-trabajo-24-7-interface-sata-6-gb-s-hasta-64-camaras-hasta-16-bahias-de-discos-duros-3-anos-de-garantia","status":"publish","type":"product","link":"https:\/\/tecsecmty.com\/index.php\/producto\/western-wd62purz-disco-duro-de-6-tb-purple-especial-para-videovigilancia-trabajo-24-7-interface-sata-6-gb-s-hasta-64-camaras-hasta-16-bahias-de-discos-duros-3-anos-de-garantia\/","title":{"rendered":"WESTERN WD62PURZ &#8211; Disco Duro de 6 TB Purple\/ Especial para Videovigilancia\/ Trabajo 24\/7\/ Interface: Sata 6 Gb\/s\/ Hasta 64 C\u00e1maras\/ Hasta 16 Bah\u00edas de Discos Duros\/ 3 A\u00f1os de Garant\u00eda\/"},"content":{"rendered":"<div class=\"row aling-items-center padding-bottom-2x\">\n<div class=\"col-lg-12\">\n<h5 class=\"card-title text-center\">Informaci\u00f3n General<\/h5>\n<h3><strong>El Disco Adecuado Para El Trabajo<\/strong><\/h3>\n<p>Los discos WD Purple han sido ideados espec\u00edficamente para las demandas extremas de los sistemas de videovigilancia que funcionan las 24 horas, todos los d\u00edas, y alcanzan altas temperaturas.<\/p>\n<p class=\"ql-align-center\"><a href=\"https:\/\/cdn.cnetcontent.com\/syndication\/feeds\/wd\/inline-content\/A9\/7B7ACF7327E95BEE74B49B03A080825CDD65D832_WDPURPLEFEATURE2_feature.jpg\" target=\"_blank\" rel=\"noopener\"><strong><img decoding=\"async\" src=\"https:\/\/cdn.cnetcontent.com\/syndication\/feeds\/wd\/inline-content\/A9\/7B7ACF7327E95BEE74B49B03A080825CDD65D832_WDPURPLEFEATURE2_i_400_featurtn.jpg\" alt=\"Un rendimiento en el que puede confiar\" \/><\/strong><\/a><\/p>\n<h3><strong>Un Rendimiento En El Que Puede Confiar<\/strong><\/h3>\n<p>Fabricado por un l\u00edder mundial en la industria del almacenamiento, WD Purple se ha ideado para la reproducci\u00f3n de v\u00eddeos de alta calidad cuando m\u00e1s los necesita.<\/p>\n<p class=\"ql-align-center\"><a href=\"https:\/\/cdn.cnetcontent.com\/syndication\/feeds\/wd\/inline-content\/A9\/1ED966BA874F0152DE1C54D02D8F7247D52C5E85_WDPURPLESATAHDDSURVEILLANCEENVIRONMENTALTILE1_feature.jpg\" target=\"_blank\" rel=\"noopener\"><strong><img decoding=\"async\" src=\"https:\/\/cdn.cnetcontent.com\/syndication\/feeds\/wd\/inline-content\/A9\/1ED966BA874F0152DE1C54D02D8F7247D52C5E85_WDPURPLESATAHDDSURVEILLANCEENVIRONMENTALTILE1_i_400_featurtn.jpg\" alt=\"Ampl\u00ede su visi\u00f3n hasta 64 c\u00e1maras\" \/><\/strong><\/a><\/p>\n<h3><strong>Ampl\u00ede Su Visi\u00f3n Hasta 64 C\u00e1maras<\/strong><\/h3>\n<p>Los discos duros WD Purple est\u00e1n optimizados para soportar hasta 64 c\u00e1maras, d\u00e1ndole la flexibilidad de actualizar y ampliar su sistema de seguridad en el futuro.<\/p>\n<h3><strong>Integraci\u00f3n Impecable<\/strong><\/h3>\n<p>La compatibilidad con una amplia gama de dispositivos y chipsets l\u00edderes del sector asegura que sin duda encontrar\u00e1 la configuraci\u00f3n y compatibilidad que se ajusten a su NVR.<\/p>\n<h3><strong>Menos Es M\u00e1s<\/strong><\/h3>\n<p>Un bajo consumo de energ\u00eda es crucial en un entorno de videovigilancia que funciona permanentemente y alcanza altas temperaturas. La tecnolog\u00eda IntelliSeek ayuda a reducir las vibraciones y el ruido ambiental.<\/p>\n<h3><strong>Dise\u00f1ado Para La Videovigilancia<\/strong><\/h3>\n<p>El disco WD Purple est\u00e1 dise\u00f1ado para los sistemas de seguridad DVR y NVR y es compatible con muchos de los fabricantes l\u00edderes en vigilancia y seguridad. Podemos ayudarle a encontrar el almacenamiento perfecto para su sistema.<\/p>\n<p><img decoding=\"async\" class=\"overview-center-img-web\" src=\"https:\/\/tvc.mx\/media\/168377\/WesternDigital-WD62PURZ-Disco-Duro-6TB-Serie-Purple-Recomendado-Para-Videovigilancia-2.png\" alt=\"\" \/><\/div>\n<\/div>\n<div class=\"row aling-items-center padding-bottom-2x\">\n<div class=\"col-lg-12\">\n<h5 class=\"card-title text-center\">Caracter\u00edsticas Principales<\/h5>\n<p><strong>Especificaciones t\u00e9cnicas<\/strong><\/p>\n<p><strong>Capacidad:<\/strong>\u00a06 TB.<\/p>\n<p><strong>Tama\u00f1o:<\/strong>\u00a03.5 pulgadas.<\/p>\n<p><strong>Velocidad de Transferencia de datos:<\/strong><\/p>\n<p>&#8211; B\u00fafer a host: 6Gb\/s.<\/p>\n<p>&#8211; Host a\/desde disco (sostenido): 175 MB\/s<\/p>\n<p><strong>Cache:\u00a0<\/strong>64 MB.<\/p>\n<p><strong>Velocidad de rotaci\u00f3n:\u00a0<\/strong>5400RMP.<\/p>\n<p><strong>Interfaz<\/strong>:\u00a0SATA III,\u00a06.0 Gb\/s.<\/p>\n<p><strong>Aplicaci\u00f3n:\u00a0<\/strong>Optimizado para Aplicaciones de Videovigilancia<\/p>\n<p><strong>Cantidad de bah\u00edas:<\/strong>\u00a0De 1 a 8.<\/p>\n<p><strong>Cantidad de c\u00e1maras:<\/strong>\u00a0De 1 a 64.<\/p>\n<\/div>\n<\/div>\n","protected":false},"excerpt":{"rendered":"<p>Informaci\u00f3n General El Disco Adecuado Para El Trabajo Los discos WD Purple han sido ideados espec\u00edficamente para las demandas extremas de los sistemas de videovigilancia que funcionan las 24 horas, todos los d\u00edas, y alcanzan altas temperaturas. Un Rendimiento En El Que Puede Confiar Fabricado&hellip;<\/p>\n","protected":false},"featured_media":4399,"comment_status":"open","ping_status":"closed","template":"","meta":{"om_disable_all_campaigns":false,"_monsterinsights_skip_tracking":false,"_monsterinsights_sitenote_active":false,"_monsterinsights_sitenote_note":"","_monsterinsights_sitenote_category":0},"product_brand":[],"product_cat":[332],"product_tag":[320,323,324,321,322],"class_list":{"0":"post-4400","1":"product","2":"type-product","3":"status-publish","4":"has-post-thumbnail","6":"product_cat-discos-duros-western-digital","7":"product_tag-almacenamiento","8":"product_tag-disco-duro","9":"product_tag-memoria","10":"product_tag-seagate","11":"product_tag-usb","13":"first","14":"instock","15":"sale","16":"taxable","17":"shipping-taxable","18":"purchasable","19":"product-type-simple"},"aioseo_notices":[],"_links":{"self":[{"href":"https:\/\/tecsecmty.com\/index.php\/wp-json\/wp\/v2\/product\/4400","targetHints":{"allow":["GET"]}}],"collection":[{"href":"https:\/\/tecsecmty.com\/index.php\/wp-json\/wp\/v2\/product"}],"about":[{"href":"https:\/\/tecsecmty.com\/index.php\/wp-json\/wp\/v2\/types\/product"}],"replies":[{"embeddable":true,"href":"https:\/\/tecsecmty.com\/index.php\/wp-json\/wp\/v2\/comments?post=4400"}],"version-history":[{"count":0,"href":"https:\/\/tecsecmty.com\/index.php\/wp-json\/wp\/v2\/product\/4400\/revisions"}],"wp:featuredmedia":[{"embeddable":true,"href":"https:\/\/tecsecmty.com\/index.php\/wp-json\/wp\/v2\/media\/4399"}],"wp:attachment":[{"href":"https:\/\/tecsecmty.com\/index.php\/wp-json\/wp\/v2\/media?parent=4400"}],"wp:term":[{"taxonomy":"product_brand","embeddable":true,"href":"https:\/\/tecsecmty.com\/index.php\/wp-json\/wp\/v2\/product_brand?post=4400"},{"taxonomy":"product_cat","embeddable":true,"href":"https:\/\/tecsecmty.com\/index.php\/wp-json\/wp\/v2\/product_cat?post=4400"},{"taxonomy":"product_tag","embeddable":true,"href":"https:\/\/tecsecmty.com\/index.php\/wp-json\/wp\/v2\/product_tag?post=4400"}],"curies":[{"name":"wp","href":"https:\/\/api.w.org\/{rel}","templated":true}]}}