{"id":4492,"date":"2023-02-23T01:33:04","date_gmt":"2023-02-23T07:33:04","guid":{"rendered":"https:\/\/tecsecmty.com\/index.php\/producto\/manhattan-322461-adaptador-pasivo-de-mini-displayport-a-hdmi-mini-displayport-macho-a-hdmi-hembra-soporta-una-resolucion-de-1080p60hz-soporta-audio-sin-compresion\/"},"modified":"2023-03-22T23:23:39","modified_gmt":"2023-03-23T05:23:39","slug":"manhattan-322461-adaptador-pasivo-de-mini-displayport-a-hdmi-mini-displayport-macho-a-hdmi-hembra-soporta-una-resolucion-de-1080p60hz-soporta-audio-sin-compresion","status":"publish","type":"product","link":"https:\/\/tecsecmty.com\/index.php\/producto\/manhattan-322461-adaptador-pasivo-de-mini-displayport-a-hdmi-mini-displayport-macho-a-hdmi-hembra-soporta-una-resolucion-de-1080p60hz-soporta-audio-sin-compresion\/","title":{"rendered":"MANHATTAN 322461 &#8211; Adaptador Pasivo de Mini DisplayPort a HDMI\/ Mini DisplayPort Macho a HDMI Hembra\/ Soporta Una Resoluci\u00f3n de 1080p@60Hz\/ Soporta Audio sin Compresi\u00f3n\/"},"content":{"rendered":"<h5 class=\"card-title text-center\">Caracter\u00edsticas Principales<\/h5>\n<ul>\n<li>Est\u00e1ndares y certificaciones:<\/li>\n<li>UL 20276<\/li>\n<li>DisplayPort v1.1<\/li>\n<li>HDMI 1.3<\/li>\n<li><\/li>\n<li>Conectores:<\/li>\n<li>1 Mini DisplayPort de 20 pines macho<\/li>\n<li>1 HDMI de 19 pines, hembra<\/li>\n<li>Con ba\u00f1o de n\u00edquel<\/li>\n<li>Moldeados en PVC<\/li>\n<li>Blindado<\/li>\n<li><\/li>\n<li>Cable:<\/li>\n<li>Contactos calibre 30 AWG<\/li>\n<li>Blindaje de Mylar y aluminio<\/li>\n<li>Voltaje de ruptura: 300 V DC<\/li>\n<li>Resistencia de aislamiento: 5 MOhms<\/li>\n<li>Conductividad: 10 Ohms<\/li>\n<li>Forro de pl\u00e1stico t\u00e9rmico<\/li>\n<li><\/li>\n<li>General<\/li>\n<li>Soporta profundidad de color de 8 bits y 10 bits<\/li>\n<li>Ancho de banda de 10.8 Gbps<\/li>\n<li>Soporte de auxiliar de canal, 1 Mbps<\/li>\n<li>Soporta un carril, una direcci\u00f3n, cuatro l\u00edneas de conexi\u00f3n<\/li>\n<li>Pasivo<\/li>\n<li><\/li>\n<li>Dimensiones<\/li>\n<li>Longitud: 17 cm<\/li>\n<li><\/li>\n<li>Contenido del paquete:<\/li>\n<li>Adaptador Mini DisplayPort a HDMI<\/li>\n<\/ul>\n<p><img decoding=\"async\" class=\"overview-center-img-web\" src=\"https:\/\/tvc.mx\/media\/470370\/MANHATTAN--322461-Adaptador-DisplayPort-Mini-M-a-HDMI-H-6.png\" alt=\"\" \/><\/p>\n","protected":false},"excerpt":{"rendered":"<p>Caracter\u00edsticas Principales Est\u00e1ndares y certificaciones: UL 20276 DisplayPort v1.1 HDMI 1.3 Conectores: 1 Mini DisplayPort de 20 pines macho 1 HDMI de 19 pines, hembra Con ba\u00f1o de n\u00edquel Moldeados en PVC Blindado Cable: Contactos calibre 30 AWG Blindaje de Mylar y aluminio Voltaje de&hellip;<\/p>\n","protected":false},"featured_media":4491,"comment_status":"open","ping_status":"closed","template":"","meta":{"om_disable_all_campaigns":false,"_monsterinsights_skip_tracking":false,"_monsterinsights_sitenote_active":false,"_monsterinsights_sitenote_note":"","_monsterinsights_sitenote_category":0},"product_brand":[],"product_cat":[355],"product_tag":[343,341,339,346,347,350,348,179,344,349,340,351,345,352,342],"class_list":{"0":"post-4492","1":"product","2":"type-product","3":"status-publish","4":"has-post-thumbnail","6":"product_cat-hdmi","7":"product_tag-antiincendio","8":"product_tag-cable-anti-incendio","9":"product_tag-cables-estructurado","10":"product_tag-canaletas","11":"product_tag-charolas","12":"product_tag-conectores","13":"product_tag-fibra-optica","14":"product_tag-gabinetes","15":"product_tag-hdmi","16":"product_tag-jacks","17":"product_tag-patch-cord","18":"product_tag-racks","19":"product_tag-siameses","20":"product_tag-tierra-fisica","21":"product_tag-utp","23":"first","24":"instock","25":"sale","26":"taxable","27":"shipping-taxable","28":"purchasable","29":"product-type-simple"},"aioseo_notices":[],"_links":{"self":[{"href":"https:\/\/tecsecmty.com\/index.php\/wp-json\/wp\/v2\/product\/4492","targetHints":{"allow":["GET"]}}],"collection":[{"href":"https:\/\/tecsecmty.com\/index.php\/wp-json\/wp\/v2\/product"}],"about":[{"href":"https:\/\/tecsecmty.com\/index.php\/wp-json\/wp\/v2\/types\/product"}],"replies":[{"embeddable":true,"href":"https:\/\/tecsecmty.com\/index.php\/wp-json\/wp\/v2\/comments?post=4492"}],"version-history":[{"count":0,"href":"https:\/\/tecsecmty.com\/index.php\/wp-json\/wp\/v2\/product\/4492\/revisions"}],"wp:featuredmedia":[{"embeddable":true,"href":"https:\/\/tecsecmty.com\/index.php\/wp-json\/wp\/v2\/media\/4491"}],"wp:attachment":[{"href":"https:\/\/tecsecmty.com\/index.php\/wp-json\/wp\/v2\/media?parent=4492"}],"wp:term":[{"taxonomy":"product_brand","embeddable":true,"href":"https:\/\/tecsecmty.com\/index.php\/wp-json\/wp\/v2\/product_brand?post=4492"},{"taxonomy":"product_cat","embeddable":true,"href":"https:\/\/tecsecmty.com\/index.php\/wp-json\/wp\/v2\/product_cat?post=4492"},{"taxonomy":"product_tag","embeddable":true,"href":"https:\/\/tecsecmty.com\/index.php\/wp-json\/wp\/v2\/product_tag?post=4492"}],"curies":[{"name":"wp","href":"https:\/\/api.w.org\/{rel}","templated":true}]}}