{"id":4506,"date":"2023-02-23T01:33:16","date_gmt":"2023-02-23T07:33:16","guid":{"rendered":"https:\/\/tecsecmty.com\/index.php\/producto\/manhattan-355308-cable-hdmi-de-alta-velocidad-de-1-5-metros-resolucion-4k30hz-soprota-3d-diseno-resistente-al-enredo-hdmi-macho-a-macho-soporta-canal-de-retorno-de-audio-arc-blindado-para-re\/"},"modified":"2023-03-22T23:23:40","modified_gmt":"2023-03-23T05:23:40","slug":"manhattan-355308-cable-hdmi-de-alta-velocidad-de-1-5-metros-resolucion-4k30hz-soprota-3d-diseno-resistente-al-enredo-hdmi-macho-a-macho-soporta-canal-de-retorno-de-audio-arc-blindado-para-re","status":"publish","type":"product","link":"https:\/\/tecsecmty.com\/index.php\/producto\/manhattan-355308-cable-hdmi-de-alta-velocidad-de-1-5-metros-resolucion-4k30hz-soprota-3d-diseno-resistente-al-enredo-hdmi-macho-a-macho-soporta-canal-de-retorno-de-audio-arc-blindado-para-re\/","title":{"rendered":"MANHATTAN 355308- Cable HDMI de Alta Velocidad de 1.5 metros\/ Resoluci\u00f3n 4k@30Hz\/ Soprota 3D\/ Dise\u00f1o Resistente al Enredo\/ HDMI Macho a Macho\/ Soporta Canal de Retorno de Audio (ARC)\/ Blindado para Reducir Interferencia\/"},"content":{"rendered":"<div class=\"row aling-items-center padding-bottom-2x\">\n<div class=\"col-lg-12\">\n<h5 class=\"card-title text-center\">Informaci\u00f3n General<\/h5>\n<p>Un cable de alta velocidad que ofrece un rendimiento de alta definici\u00f3n. HDMI se ha convertido en la conexi\u00f3n digital est\u00e1ndar, ofreciendo la se\u00f1al de audio y v\u00eddeo de la m\u00e1s alta calidad a trav\u00e9s de un solo cable. El cable HDMI de alta velocidad de Manhattan est\u00e1 dise\u00f1ado y cuidadosamente construido para satisfacer las necesidades cambiantes del mercado de alta definici\u00f3n. Este cable apantallado proporciona la resoluci\u00f3n m\u00e1s alta posible a 4K x 2K, un canal de retorno de audio y un ancho de banda de 10.8 Gigabits por segundo a 600 MHz. Ofreciendo una conexi\u00f3n de alta calidad entre fuentes y pantallas habilitadas para HDMI, el cable HDMI de alta velocidad de Manhattan proporciona v\u00eddeo de alta definici\u00f3n y audio digital multicanal con mayor precisi\u00f3n y mejores caracter\u00edsticas de rendimiento.<\/p>\n<p><img decoding=\"async\" class=\"overview-center-img-web\" src=\"https:\/\/tvc.mx\/media\/192210\/Manhattan-Man-355308-Cable-HDMI-Alta-Velocidad-1.5-Metros-4K-30Hz-Blindado-2.png\" alt=\"\" \/><\/div>\n<\/div>\n<div class=\"row aling-items-center padding-bottom-2x\">\n<div class=\"col-lg-12\">\n<h5 class=\"card-title text-center\">Caracter\u00edsticas Principales<\/h5>\n<ul>\n<li>Est\u00e1ndares y certificaciones:<\/li>\n<li>ISO9001<\/li>\n<li>General:<\/li>\n<li>Ancho de banda: 10.8 Gbps a 600 MHz<\/li>\n<li>Cumple o excede con los est\u00e1ndares actuales de HDMI<\/li>\n<li>Longitud: 1.5 m (5 ft.)<\/li>\n<li>Conectores:<\/li>\n<li>2 HDMI de 19 pines, macho<\/li>\n<li>Contactos con ba\u00f1o de oro<\/li>\n<li>Terminales moldeadas en PVC con forro de malla<\/li>\n<li>Alivio de tensi\u00f3n integrado<\/li>\n<li>Cable:<\/li>\n<li>Calibre 30 AWG<\/li>\n<li>Doble blindaje, aluminio y trenzado<\/li>\n<li>Corriente promedio: 0.5 A DC<\/li>\n<li>Voltaje de ruptura: 300 V DC<\/li>\n<li>Resistencia de aislamiento: 5 MOhms<\/li>\n<li>Resistencia en los conductores: 5 Ohm<\/li>\n<li>Forro de pl\u00e1stico t\u00e9rmico<\/li>\n<li>Entorno de operaci\u00f3n<\/li>\n<li>Temperatura de operaci\u00f3n: 0 \u2013 40\u00b0<\/li>\n<li>Temperatura de almacenamiento: -20 \u2013 60\u00b0C<\/li>\n<li>Humedad (sin condensaci\u00f3n): 0 \u2013 96%.<\/li>\n<li>Contenido del paquete<\/li>\n<li>Cable HDMI de Alta Velocidad<\/li>\n<\/ul>\n<p><strong>Especificaciones F\u00edsicas<\/strong><\/p>\n<ul>\n<li>Peso: 0.07 kg<\/li>\n<li>Dimensiones: 1.5 (L) x 0.019 (W) x 0.01 (H) [m]<\/li>\n<li>Embalaje: Bolsa<\/li>\n<\/ul>\n<h5 class=\"card-title text-center\">Otras caracter\u00edsticas<\/h5>\n<h4><strong>Highlights<\/strong><\/h4>\n<ul>\n<li>La resoluci\u00f3n 4K@30Hz de ultraalta definici\u00f3n (UHD) admite una resoluci\u00f3n de v\u00eddeo hasta cuatro veces superior a la de 1080p; admite una resoluci\u00f3n de hasta 1080p en 3D y color intenso.<\/li>\n<li>El canal de retorno de audio (ARC) transmite el audio de la TV en un sistema de sonido, sin necesidad de un cable adicional.<\/li>\n<li>El dise\u00f1o resistente al enredo permite un control y manejo m\u00e1s f\u00e1cil; m\u00e1s resistente a cortes y rasgu\u00f1os.<\/li>\n<\/ul>\n<\/div>\n<\/div>\n","protected":false},"excerpt":{"rendered":"<p>Informaci\u00f3n General Un cable de alta velocidad que ofrece un rendimiento de alta definici\u00f3n. HDMI se ha convertido en la conexi\u00f3n digital est\u00e1ndar, ofreciendo la se\u00f1al de audio y v\u00eddeo de la m\u00e1s alta calidad a trav\u00e9s de un solo cable. El cable HDMI de&hellip;<\/p>\n","protected":false},"featured_media":4505,"comment_status":"open","ping_status":"closed","template":"","meta":{"om_disable_all_campaigns":false,"_monsterinsights_skip_tracking":false,"_monsterinsights_sitenote_active":false,"_monsterinsights_sitenote_note":"","_monsterinsights_sitenote_category":0},"product_brand":[],"product_cat":[355],"product_tag":[343,341,339,346,347,350,348,179,344,349,340,351,345,352,342],"class_list":{"0":"post-4506","1":"product","2":"type-product","3":"status-publish","4":"has-post-thumbnail","6":"product_cat-hdmi","7":"product_tag-antiincendio","8":"product_tag-cable-anti-incendio","9":"product_tag-cables-estructurado","10":"product_tag-canaletas","11":"product_tag-charolas","12":"product_tag-conectores","13":"product_tag-fibra-optica","14":"product_tag-gabinetes","15":"product_tag-hdmi","16":"product_tag-jacks","17":"product_tag-patch-cord","18":"product_tag-racks","19":"product_tag-siameses","20":"product_tag-tierra-fisica","21":"product_tag-utp","23":"first","24":"instock","25":"sale","26":"taxable","27":"shipping-taxable","28":"purchasable","29":"product-type-simple"},"aioseo_notices":[],"_links":{"self":[{"href":"https:\/\/tecsecmty.com\/index.php\/wp-json\/wp\/v2\/product\/4506","targetHints":{"allow":["GET"]}}],"collection":[{"href":"https:\/\/tecsecmty.com\/index.php\/wp-json\/wp\/v2\/product"}],"about":[{"href":"https:\/\/tecsecmty.com\/index.php\/wp-json\/wp\/v2\/types\/product"}],"replies":[{"embeddable":true,"href":"https:\/\/tecsecmty.com\/index.php\/wp-json\/wp\/v2\/comments?post=4506"}],"version-history":[{"count":0,"href":"https:\/\/tecsecmty.com\/index.php\/wp-json\/wp\/v2\/product\/4506\/revisions"}],"wp:featuredmedia":[{"embeddable":true,"href":"https:\/\/tecsecmty.com\/index.php\/wp-json\/wp\/v2\/media\/4505"}],"wp:attachment":[{"href":"https:\/\/tecsecmty.com\/index.php\/wp-json\/wp\/v2\/media?parent=4506"}],"wp:term":[{"taxonomy":"product_brand","embeddable":true,"href":"https:\/\/tecsecmty.com\/index.php\/wp-json\/wp\/v2\/product_brand?post=4506"},{"taxonomy":"product_cat","embeddable":true,"href":"https:\/\/tecsecmty.com\/index.php\/wp-json\/wp\/v2\/product_cat?post=4506"},{"taxonomy":"product_tag","embeddable":true,"href":"https:\/\/tecsecmty.com\/index.php\/wp-json\/wp\/v2\/product_tag?post=4506"}],"curies":[{"name":"wp","href":"https:\/\/api.w.org\/{rel}","templated":true}]}}