{"id":4596,"date":"2023-02-23T01:34:50","date_gmt":"2023-02-23T07:34:50","guid":{"rendered":"https:\/\/tecsecmty.com\/index.php\/producto\/sbetech-sbe-pcc6u2-0m-bl-cable-de-parcheo-cat-6-color-azul-de-2-metros-bota-inyectada-y-moldeada\/"},"modified":"2023-03-22T23:24:20","modified_gmt":"2023-03-23T05:24:20","slug":"sbetech-sbe-pcc6u2-0m-bl-cable-de-parcheo-cat-6-color-azul-de-2-metros-bota-inyectada-y-moldeada","status":"publish","type":"product","link":"https:\/\/tecsecmty.com\/index.php\/producto\/sbetech-sbe-pcc6u2-0m-bl-cable-de-parcheo-cat-6-color-azul-de-2-metros-bota-inyectada-y-moldeada\/","title":{"rendered":"SBETECH SBE-PCC6U2.0M-BL &#8211; Cable de Parcheo Cat 6 color azul de 2 metros\/ Bota inyectada y moldeada"},"content":{"rendered":"<h5 class=\"card-title text-center\">Informaci\u00f3n General<\/h5>\n<p>El cable de parcheo, modelo\u00a0<strong>Sbe-PCC62.0M-BL,\u00a0<\/strong>Cat 6 color azul de 2 mtrs cuenta con las siguientes caracter\u00edsticas:<\/p>\n<p>&#8211; Cumple con los est\u00e1ndares ANSI\/TIA 568-C.2 Categor\u00eda 6 e ISO11801 2a Edici\u00f3n Clase E<\/p>\n<p>&#8211; Aprobado por ETL para Categor\u00eda 6<\/p>\n<p>&#8211; Cada cord\u00f3n de parcheo ha sido probado para asegurar el 100% de desempe\u00f1o<\/p>\n<p>&#8211; Fabricado con cable UTP multifilar Cat. 6 24 AWG y conectores modulares SBE Tech<\/p>\n<p>&#8211; Las cuchillas de los conectores est\u00e1n recubiertos con 50 micras de oro<\/p>\n<p>&#8211; El conector cumple con todos los requerimientos de FCC parte 68 Subparte F que aplica adem\u00e1s de cumplir con IEC 60603J-7<\/p>\n<p>&#8211; Cada cord\u00f3n de parcheo es fabricado con bota inyectada y moldeada que ayuda a tener f\u00e1cil acceso en instalaciones de alta densidad<\/p>\n","protected":false},"excerpt":{"rendered":"<p>Informaci\u00f3n General El cable de parcheo, modelo\u00a0Sbe-PCC62.0M-BL,\u00a0Cat 6 color azul de 2 mtrs cuenta con las siguientes caracter\u00edsticas: &#8211; Cumple con los est\u00e1ndares ANSI\/TIA 568-C.2 Categor\u00eda 6 e ISO11801 2a Edici\u00f3n Clase E &#8211; Aprobado por ETL para Categor\u00eda 6 &#8211; Cada cord\u00f3n de parcheo&hellip;<\/p>\n","protected":false},"featured_media":4595,"comment_status":"open","ping_status":"closed","template":"","meta":{"om_disable_all_campaigns":false,"_monsterinsights_skip_tracking":false,"_monsterinsights_sitenote_active":false,"_monsterinsights_sitenote_note":"","_monsterinsights_sitenote_category":0},"product_brand":[],"product_cat":[373],"product_tag":[343,341,339,346,347,350,348,179,344,349,340,351,345,352,342],"class_list":{"0":"post-4596","1":"product","2":"type-product","3":"status-publish","4":"has-post-thumbnail","6":"product_cat-patch-cord-cables-sbe-tech","7":"product_tag-antiincendio","8":"product_tag-cable-anti-incendio","9":"product_tag-cables-estructurado","10":"product_tag-canaletas","11":"product_tag-charolas","12":"product_tag-conectores","13":"product_tag-fibra-optica","14":"product_tag-gabinetes","15":"product_tag-hdmi","16":"product_tag-jacks","17":"product_tag-patch-cord","18":"product_tag-racks","19":"product_tag-siameses","20":"product_tag-tierra-fisica","21":"product_tag-utp","23":"first","24":"instock","25":"sale","26":"taxable","27":"shipping-taxable","28":"purchasable","29":"product-type-simple"},"aioseo_notices":[],"_links":{"self":[{"href":"https:\/\/tecsecmty.com\/index.php\/wp-json\/wp\/v2\/product\/4596","targetHints":{"allow":["GET"]}}],"collection":[{"href":"https:\/\/tecsecmty.com\/index.php\/wp-json\/wp\/v2\/product"}],"about":[{"href":"https:\/\/tecsecmty.com\/index.php\/wp-json\/wp\/v2\/types\/product"}],"replies":[{"embeddable":true,"href":"https:\/\/tecsecmty.com\/index.php\/wp-json\/wp\/v2\/comments?post=4596"}],"version-history":[{"count":0,"href":"https:\/\/tecsecmty.com\/index.php\/wp-json\/wp\/v2\/product\/4596\/revisions"}],"wp:featuredmedia":[{"embeddable":true,"href":"https:\/\/tecsecmty.com\/index.php\/wp-json\/wp\/v2\/media\/4595"}],"wp:attachment":[{"href":"https:\/\/tecsecmty.com\/index.php\/wp-json\/wp\/v2\/media?parent=4596"}],"wp:term":[{"taxonomy":"product_brand","embeddable":true,"href":"https:\/\/tecsecmty.com\/index.php\/wp-json\/wp\/v2\/product_brand?post=4596"},{"taxonomy":"product_cat","embeddable":true,"href":"https:\/\/tecsecmty.com\/index.php\/wp-json\/wp\/v2\/product_cat?post=4596"},{"taxonomy":"product_tag","embeddable":true,"href":"https:\/\/tecsecmty.com\/index.php\/wp-json\/wp\/v2\/product_tag?post=4596"}],"curies":[{"name":"wp","href":"https:\/\/api.w.org\/{rel}","templated":true}]}}