{"id":4610,"date":"2023-02-23T01:35:08","date_gmt":"2023-02-23T07:35:08","guid":{"rendered":"https:\/\/tecsecmty.com\/index.php\/producto\/dahua-dh-pfm942i-20-5-cable-de-20-metros-armado-para-video-y-energia-para-camaras-hasta-4k-con-conectores-bnc-y-de-energia-uso-exterior-e-interior-cobre-de-alta-pureza-soporta-ahd-cvi-tvi-cvbs\/"},"modified":"2023-03-22T23:22:26","modified_gmt":"2023-03-23T05:22:26","slug":"dahua-dh-pfm942i-20-5-cable-de-20-metros-armado-para-video-y-energia-para-camaras-hasta-4k-con-conectores-bnc-y-de-energia-uso-exterior-e-interior-cobre-de-alta-pureza-soporta-ahd-cvi-tvi-cvbs","status":"publish","type":"product","link":"https:\/\/tecsecmty.com\/index.php\/producto\/dahua-dh-pfm942i-20-5-cable-de-20-metros-armado-para-video-y-energia-para-camaras-hasta-4k-con-conectores-bnc-y-de-energia-uso-exterior-e-interior-cobre-de-alta-pureza-soporta-ahd-cvi-tvi-cvbs\/","title":{"rendered":"DAHUA DH-PFM942I-20-5 &#8211; Cable de 20 Metros Armado para Video y Energ\u00eda\/ Para Camaras Hasta 4k\/ con Conectores BNC y de Energ\u00eda\/ Uso Exterior e Interior\/ Cobre de Alta Pureza\/ Soporta: AHD\/CVI\/TVI\/CVBS\/"},"content":{"rendered":"<div class=\"row aling-items-center padding-bottom-2x\">\n<div class=\"col-lg-12\">\n<h5 class=\"card-title text-center\">Informaci\u00f3n general<\/h5>\n<p>El cable modelo\u00a0<strong>DH-PFM942I-20-5<\/strong>\u00a0es un\u00a0cable de alimentaci\u00f3n y v\u00eddeo CCTV consta de un cable coaxial y un cable de alimentaci\u00f3n de dos n\u00facleos. Hay un conector BNC y un conector DC5.5 en cada extremo del cable para la transmisi\u00f3n de v\u00eddeo de la c\u00e1mara y la fuente de alimentaci\u00f3n. Es conveniente instalar el cable en un sistema de cableado gen\u00e9rico.<\/p>\n<p><img decoding=\"async\" class=\"overview-center-img-web\" src=\"https:\/\/tvc.mx\/media\/360879\/DH-PFM942I-20-5-cable-siames-armado-20mts-dahua.png\" alt=\"\" \/><\/div>\n<\/div>\n<div class=\"row aling-items-center padding-bottom-2x\">\n<div class=\"col-lg-12\">\n<h5 class=\"card-title text-center\">Cable de alta resistencia<\/h5>\n<p>El\u00a0<strong>DH-PFM942I-20-5<\/strong>\u00a0consta de un conductor de cobre sin ox\u00edgeno de alta pureza, lo que lo convierte en un excelente medio de transmisi\u00f3n; adem\u00e1s cuenta con un revestimiento exterior de PVC ign\u00edfugo para uso en interiores y exteriores resistente a la intemperie.<\/p>\n<p><img decoding=\"async\" class=\"overview-center-img-web\" src=\"https:\/\/tvc.mx\/media\/299899\/Cable-para-Camaras-de-seguridad-Dahua-DH-PFM942I-20-5-dimensiones.png\" alt=\"\" \/><\/div>\n<\/div>\n<div class=\"row aling-items-center padding-bottom-2x\">\n<div class=\"col-lg-12\">\n<h5 class=\"card-title text-center\">Compatibilidad<\/h5>\n<p>El\u00a0<strong>DH-PFM942I-20-5<\/strong>\u00a0es compatible con todos los sistemas de DVR anal\u00f3gicos y de alta definici\u00f3n, este cable puede transmitir v\u00eddeo y energ\u00eda simult\u00e1neamente, ahorrando cableado y sin demoras. Puede soportar la siguientes resoluciones en sistemas de c\u00e1maras de seguridad 720p \/ 1080p \/ 4MP \/ 5MP \/ 4K, AHD \/ CVI \/ TVI \/ CVBS.<\/p>\n<p><img decoding=\"async\" class=\"overview-center-img-web\" src=\"https:\/\/tvc.mx\/media\/299911\/Cable-para-Camaras-de-seguridad-Dahua-DH-PFM942I-20-5-compatible.png\" alt=\"\" \/><\/div>\n<\/div>\n<div class=\"row aling-items-center padding-bottom-2x\">\n<div class=\"col-lg-12\">\n<h5 class=\"card-title text-center\">Principales caracter\u00edsticas<\/h5>\n<p><strong>Conductor:<\/strong><\/p>\n<p>Material Cable coaxial \/ cable de alimentaci\u00f3n: cobre sin ox\u00edgeno<\/p>\n<p>Di\u00e1metro Cable coaxial \/ cable de alimentaci\u00f3n: 7 \/ 0,127 mm \u00b1 0,01 mm (7 \/ 0,005 \u00ab\u00b1 0,0004\u00bb)<\/p>\n<p>Cable coaxial: 28AWG; Cable de alimentaci\u00f3n: 26AWG<\/p>\n<p><strong>Aislamiento:<\/strong><\/p>\n<p>Material Cable coaxial: espuma de PE; Cable de alimentaci\u00f3n: PVC<\/p>\n<p>Espesor Cable coaxial: \u2265 0,6 mm (0,024 \u00ab); Cable de alimentaci\u00f3n: \u2265 0,2 mm (0,008\u00bb)<\/p>\n<p>Di\u00e1metro Cable coaxial: 1,9 mm \u00b1 0,2 mm (0,075 \u00ab\u00b1 0,008\u00bb); Cable de alimentaci\u00f3n: 1,1 mm \u00b1 0,2 mm (0,043 \u00ab\u00b1 0,008\u00bb)<\/p>\n<p>Color Cable coaxial: 1 n\u00facleo (blanco); Cable de alimentaci\u00f3n: 2 n\u00facleos (rojo y negro)<\/p>\n<p><strong>Escudo interior:<\/strong><\/p>\n<p>Material Cable coaxial: compuesto de papel de aluminio de una cara; Cable de alimentaci\u00f3n: NA<\/p>\n<p>Especificaci\u00f3n Cable coaxial: T \u2265 0.026 mm (0.001 \u00ab), W: 7 mm \u00b1 1 mm (0.276\u00bb \u00b1 0.039 \u00ab); Cable de alimentaci\u00f3n: NA<\/p>\n<p>Tasa de superposici\u00f3n Cable coaxial: \u2265 25%; Cable de alimentaci\u00f3n: NA<\/p>\n<p><strong>Escudo exterior\u00a0<\/strong><\/p>\n<p>Material Cable coaxial: Aluminio revestido de cobre (28) + cobre sin ox\u00edgeno (4); Cable de alimentaci\u00f3n: NA<\/p>\n<p>Especificaci\u00f3n Cable coaxial: 16 \u00d7 2 \u00d7 0,10 mm \u00b1 0,01 mm (0,004 \u00ab\u00b1 0,0004 \u00ab); Cable de alimentaci\u00f3n: NA<\/p>\n<p>Lay longitud Cable coaxial: 18 mm \u00b1 6 mm (0,71 \u00ab\u00b1 0,24\u00bb); Cable de alimentaci\u00f3n: NA<\/p>\n<p>Cobertura de escudo Cable coaxial: \u2265 45%; Cable de alimentaci\u00f3n: NA<\/p>\n<p><img decoding=\"async\" class=\"overview-center-img-web\" src=\"https:\/\/tvc.mx\/media\/299915\/Cable-para-Camaras-de-seguridad-Dahua-DH-PFM942I-20-5-logo.png\" alt=\"\" \/><\/div>\n<\/div>\n","protected":false},"excerpt":{"rendered":"<p>Informaci\u00f3n general El cable modelo\u00a0DH-PFM942I-20-5\u00a0es un\u00a0cable de alimentaci\u00f3n y v\u00eddeo CCTV consta de un cable coaxial y un cable de alimentaci\u00f3n de dos n\u00facleos. Hay un conector BNC y un conector DC5.5 en cada extremo del cable para la transmisi\u00f3n de v\u00eddeo de la c\u00e1mara&hellip;<\/p>\n","protected":false},"featured_media":4607,"comment_status":"open","ping_status":"closed","template":"","meta":{"om_disable_all_campaigns":false,"_monsterinsights_skip_tracking":false,"_monsterinsights_sitenote_active":false,"_monsterinsights_sitenote_note":"","_monsterinsights_sitenote_category":0},"product_brand":[],"product_cat":[374],"product_tag":[343,341,339,346,347,350,348,179,344,349,340,351,345,352,342],"class_list":{"0":"post-4610","1":"product","2":"type-product","3":"status-publish","4":"has-post-thumbnail","6":"product_cat-siames","7":"product_tag-antiincendio","8":"product_tag-cable-anti-incendio","9":"product_tag-cables-estructurado","10":"product_tag-canaletas","11":"product_tag-charolas","12":"product_tag-conectores","13":"product_tag-fibra-optica","14":"product_tag-gabinetes","15":"product_tag-hdmi","16":"product_tag-jacks","17":"product_tag-patch-cord","18":"product_tag-racks","19":"product_tag-siameses","20":"product_tag-tierra-fisica","21":"product_tag-utp","23":"first","24":"instock","25":"sale","26":"taxable","27":"shipping-taxable","28":"purchasable","29":"product-type-simple"},"aioseo_notices":[],"_links":{"self":[{"href":"https:\/\/tecsecmty.com\/index.php\/wp-json\/wp\/v2\/product\/4610","targetHints":{"allow":["GET"]}}],"collection":[{"href":"https:\/\/tecsecmty.com\/index.php\/wp-json\/wp\/v2\/product"}],"about":[{"href":"https:\/\/tecsecmty.com\/index.php\/wp-json\/wp\/v2\/types\/product"}],"replies":[{"embeddable":true,"href":"https:\/\/tecsecmty.com\/index.php\/wp-json\/wp\/v2\/comments?post=4610"}],"version-history":[{"count":0,"href":"https:\/\/tecsecmty.com\/index.php\/wp-json\/wp\/v2\/product\/4610\/revisions"}],"wp:featuredmedia":[{"embeddable":true,"href":"https:\/\/tecsecmty.com\/index.php\/wp-json\/wp\/v2\/media\/4607"}],"wp:attachment":[{"href":"https:\/\/tecsecmty.com\/index.php\/wp-json\/wp\/v2\/media?parent=4610"}],"wp:term":[{"taxonomy":"product_brand","embeddable":true,"href":"https:\/\/tecsecmty.com\/index.php\/wp-json\/wp\/v2\/product_brand?post=4610"},{"taxonomy":"product_cat","embeddable":true,"href":"https:\/\/tecsecmty.com\/index.php\/wp-json\/wp\/v2\/product_cat?post=4610"},{"taxonomy":"product_tag","embeddable":true,"href":"https:\/\/tecsecmty.com\/index.php\/wp-json\/wp\/v2\/product_tag?post=4610"}],"curies":[{"name":"wp","href":"https:\/\/api.w.org\/{rel}","templated":true}]}}