{"id":4644,"date":"2023-02-23T01:35:50","date_gmt":"2023-02-23T07:35:50","guid":{"rendered":"https:\/\/tecsecmty.com\/index.php\/producto\/dahua-pfm920i-5eun-bobina-de-cable-utp-blanco-100-cobre-categoria-5e-305-metros-cpr-eca-video-y-redes-compatible-con-alimentacion-poe\/"},"modified":"2023-03-22T23:23:05","modified_gmt":"2023-03-23T05:23:05","slug":"dahua-pfm920i-5eun-bobina-de-cable-utp-blanco-100-cobre-categoria-5e-305-metros-cpr-eca-video-y-redes-compatible-con-alimentacion-poe","status":"publish","type":"product","link":"https:\/\/tecsecmty.com\/index.php\/producto\/dahua-pfm920i-5eun-bobina-de-cable-utp-blanco-100-cobre-categoria-5e-305-metros-cpr-eca-video-y-redes-compatible-con-alimentacion-poe\/","title":{"rendered":"DAHUA PFM920I-5EUN &#8211; Bobina de Cable UTP Blanco 100% Cobre\/ Categoria 5e\/ 305 Metros\/ CPR Eca\/ Video y Redes\/ Compatible con Alimentaci\u00f3n PoE\/"},"content":{"rendered":"<div class=\"row aling-items-center padding-bottom-2x\">\n<div class=\"col-lg-12\">\n<h5 class=\"card-title text-center\">Informaci\u00f3n General<\/h5>\n<p>Dise\u00f1ado para la construcci\u00f3n de redes a gran escala,\u00a0<strong>la bobina de<\/strong>\u00a0<strong>cable UTP Cat 5e de<\/strong>\u00a0<strong>Dahua<\/strong>\u00a0ofrece velocidades de red de hasta 1 Gbps, junto con conductores de cobre sin ox\u00edgeno al 99.7%, aislamiento de HDPE y funda de PVC para un mejor rendimiento de la red.\u00a0Adem\u00e1s, este cable admite la transmisi\u00f3n de PoE.<\/p>\n<p><img decoding=\"async\" class=\"overview-center-img-web\" src=\"https:\/\/tvc.mx\/media\/479656\/Bobina-Cable-UTP-100%2525-Cobre-305-metros-Blanco-Dahua-B.png\" alt=\"\" \/><\/div>\n<\/div>\n<div class=\"row align-items-center padding-bottom-2x\">\n<div class=\"col-md-5 order-md-2\"><img decoding=\"async\" class=\"d-block m-auto img-thumbnail\" src=\"https:\/\/tvc.mx\/media\/35720\/utpdahua1.jpg\" alt=\" \" \/><\/div>\n<div class=\"col-md-7 order-md-1 text-md-left text-center\">\n<h2>Soporta Transmisi\u00f3n Larga Distancia<\/h2>\n<p class=\"text-muted\">\n<p>Este cable cuenta con un est\u00e1ndar de red compatible con los est\u00e1ndares de categor\u00eda 5 y categor\u00eda 5e. Posee caracter\u00edsticas y especificaciones para la diafon\u00eda y ruido.El est\u00e1ndar de cable es utilizable para 10BASE-T, 100BASE-TX .<\/p>\n<p>&nbsp;<\/p>\n<\/div>\n<\/div>\n<hr class=\"padding-bottom-2x\" \/>\n<div class=\"row align-items-center padding-bottom-2x\">\n<div class=\"col-md-5\"><img decoding=\"async\" class=\"d-block m-auto img-thumbnail\" src=\"https:\/\/tvc.mx\/media\/35717\/cubier.png\" alt=\" \" \/><\/div>\n<div class=\"col-md-7 text-md-left text-center\">\n<h2>Cubierta PVC Resistente<\/h2>\n<p class=\"text-muted\">\n<p>El cable tiene una cubierta de PVC compuesta por un revestimiento de\u00a0<strong>HDPE<\/strong>\u00a0, este es un pol\u00edmero termopl\u00e1stico conformado por unidades repetitivas de etileno. Se designa como\u00a0<strong>HDPE<\/strong>\u00a0(por sus\u00a0<strong>siglas<\/strong>\u00a0en ingl\u00e9s,\u00a0<strong>High Density Polyethylene<\/strong>) o PEAD (polietileno de alta densidad). Este material permite tener mas resistencia.<\/p>\n<p>&nbsp;<\/p>\n<\/div>\n<\/div>\n<hr class=\"padding-bottom-2x\" \/>\n<div class=\"row aling-items-center padding-bottom-2x\">\n<div class=\"col-lg-12\">\n<h5 class=\"card-title text-center\">Implementaci\u00f3n Redes POE<\/h5>\n<p>Este cable admite la transmisi\u00f3n de PoE a distancias largas, lo que facilita la implementaci\u00f3n de redes PoE que admiten una amplia variedad de dispositivos de red compatibles con PoE.<\/p>\n<p><img decoding=\"async\" class=\"overview-center-img-web\" src=\"https:\/\/tvc.mx\/media\/35711\/poe.png\" alt=\"\" \/><\/div>\n<\/div>\n<div class=\"row align-items-center padding-bottom-2x\">\n<div class=\"col-md-5 order-md-2\"><img decoding=\"async\" class=\"d-block m-auto img-thumbnail\" src=\"https:\/\/tvc.mx\/media\/479658\/Bobina-Cable-UTP-100%2525-Cobre-305-metros-Blanco-Dahua-caracteristicas.png\" alt=\" \" \/><\/div>\n<div class=\"col-md-7 order-md-1 text-md-left text-center\">\n<h2>Principales Caracter\u00edsticas<\/h2>\n<p class=\"text-muted\">\n<ul>\n<li class=\"ql-align-justify\">Cobre libre de ox\u00edgeno (99,97% de pureza)<\/li>\n<li class=\"ql-align-justify\">Soporta POE largas distancias<\/li>\n<li class=\"ql-align-justify\">PVC Ecol\u00f3gico<\/li>\n<li class=\"ql-align-justify\">Color Blanco<\/li>\n<li class=\"ql-align-justify\">305 m<\/li>\n<li class=\"ql-align-justify\">Resistencia 12\u03a9\/100m<\/li>\n<li class=\"ql-align-justify\">Peso Neto 7.4Kg (con empaque 8.4Kg)<\/li>\n<\/ul>\n<\/div>\n<\/div>\n","protected":false},"excerpt":{"rendered":"<p>Informaci\u00f3n General Dise\u00f1ado para la construcci\u00f3n de redes a gran escala,\u00a0la bobina de\u00a0cable UTP Cat 5e de\u00a0Dahua\u00a0ofrece velocidades de red de hasta 1 Gbps, junto con conductores de cobre sin ox\u00edgeno al 99.7%, aislamiento de HDPE y funda de PVC para un mejor rendimiento de&hellip;<\/p>\n","protected":false},"featured_media":4643,"comment_status":"open","ping_status":"closed","template":"","meta":{"om_disable_all_campaigns":false,"_monsterinsights_skip_tracking":false,"_monsterinsights_sitenote_active":false,"_monsterinsights_sitenote_note":"","_monsterinsights_sitenote_category":0},"product_brand":[],"product_cat":[377],"product_tag":[343,341,339,346,347,350,348,179,344,349,340,351,345,352,342],"class_list":{"0":"post-4644","1":"product","2":"type-product","3":"status-publish","4":"has-post-thumbnail","6":"product_cat-utp-ftp-cables-dahua-cableado-estructurado","7":"product_tag-antiincendio","8":"product_tag-cable-anti-incendio","9":"product_tag-cables-estructurado","10":"product_tag-canaletas","11":"product_tag-charolas","12":"product_tag-conectores","13":"product_tag-fibra-optica","14":"product_tag-gabinetes","15":"product_tag-hdmi","16":"product_tag-jacks","17":"product_tag-patch-cord","18":"product_tag-racks","19":"product_tag-siameses","20":"product_tag-tierra-fisica","21":"product_tag-utp","23":"first","24":"instock","25":"sale","26":"taxable","27":"shipping-taxable","28":"purchasable","29":"product-type-simple"},"aioseo_notices":[],"_links":{"self":[{"href":"https:\/\/tecsecmty.com\/index.php\/wp-json\/wp\/v2\/product\/4644","targetHints":{"allow":["GET"]}}],"collection":[{"href":"https:\/\/tecsecmty.com\/index.php\/wp-json\/wp\/v2\/product"}],"about":[{"href":"https:\/\/tecsecmty.com\/index.php\/wp-json\/wp\/v2\/types\/product"}],"replies":[{"embeddable":true,"href":"https:\/\/tecsecmty.com\/index.php\/wp-json\/wp\/v2\/comments?post=4644"}],"version-history":[{"count":0,"href":"https:\/\/tecsecmty.com\/index.php\/wp-json\/wp\/v2\/product\/4644\/revisions"}],"wp:featuredmedia":[{"embeddable":true,"href":"https:\/\/tecsecmty.com\/index.php\/wp-json\/wp\/v2\/media\/4643"}],"wp:attachment":[{"href":"https:\/\/tecsecmty.com\/index.php\/wp-json\/wp\/v2\/media?parent=4644"}],"wp:term":[{"taxonomy":"product_brand","embeddable":true,"href":"https:\/\/tecsecmty.com\/index.php\/wp-json\/wp\/v2\/product_brand?post=4644"},{"taxonomy":"product_cat","embeddable":true,"href":"https:\/\/tecsecmty.com\/index.php\/wp-json\/wp\/v2\/product_cat?post=4644"},{"taxonomy":"product_tag","embeddable":true,"href":"https:\/\/tecsecmty.com\/index.php\/wp-json\/wp\/v2\/product_tag?post=4644"}],"curies":[{"name":"wp","href":"https:\/\/api.w.org\/{rel}","templated":true}]}}