{"id":4700,"date":"2023-02-23T01:36:41","date_gmt":"2023-02-23T07:36:41","guid":{"rendered":"https:\/\/tecsecmty.com\/index.php\/producto\/saxxon-outpcat5e100m-bobina-de-cable-utp-cat5e-100-cobre-100-metros-color-gris-uso-interior-4-pares-soporta-pruebas-de-fluke-test-ideal-para-cableado-de-redes-y-video\/"},"modified":"2023-03-22T23:23:59","modified_gmt":"2023-03-23T05:23:59","slug":"saxxon-outpcat5e100m-bobina-de-cable-utp-cat5e-100-cobre-100-metros-color-gris-uso-interior-4-pares-soporta-pruebas-de-fluke-test-ideal-para-cableado-de-redes-y-video","status":"publish","type":"product","link":"https:\/\/tecsecmty.com\/index.php\/producto\/saxxon-outpcat5e100m-bobina-de-cable-utp-cat5e-100-cobre-100-metros-color-gris-uso-interior-4-pares-soporta-pruebas-de-fluke-test-ideal-para-cableado-de-redes-y-video\/","title":{"rendered":"SAXXON OUTPCAT5E100M &#8211; Bobina de Cable UTP Cat5e 100% Cobre\/ 100 Metros\/ Color Gris\/ Uso Interior\/ 4 Pares\/ Soporta Pruebas de Fluke Test\/ Ideal para Cableado de Redes y Video\/"},"content":{"rendered":"<div class=\"row aling-items-center padding-bottom-2x\">\n<div class=\"col-lg-12\">\n<h5 class=\"card-title text-center\">Informaci\u00f3n general.<\/h5>\n<p>El modelo\u00a0<strong>SAXXON OUTPCAT5E100M\u00a0<\/strong>es una bobina de cable UTP\u00a0hecho\u00a0de\u00a0cobre\u00a0puro\u00a0(99.99%\u00a0de\u00a0cobre), puede\u00a0pasar la prueba de FLUKE\u00a0DTX -1800. Cable de\u00a0alto rendimiento que\u00a0satisface completamente\u00a0requisitos el\u00e9ctricos\u00a0y\u00a0mec\u00e1nicos.<\/p>\n<p>Ancho de banda de 100MHZ para aplicaciones de datos, Fast Ethernet y 155Mbps. F\u00e1cil identificaci\u00f3n de los pares de colores y franjas.<\/p>\n<p>Soporta 10Base-T, 100Base-TX, 100Base-T4, 1000Base-T. El ancho de banda efectivo de los datos es de 1 Gbit \/ s.<\/p>\n<p><img decoding=\"async\" class=\"overview-center-img-web\" src=\"https:\/\/tvc.mx\/media\/103113\/Cable-UTP-interior-100%25-cobre-Cat5e-100m-banner.png\" alt=\"\" \/><\/div>\n<\/div>\n<div class=\"row align-items-center padding-bottom-2x\">\n<div class=\"col-md-5\"><img decoding=\"async\" class=\"d-block m-auto img-thumbnail\" src=\"https:\/\/tvc.mx\/media\/103117\/Cable-UTP-interior-100%25-cobre-Cat5e-100m-OVL1.png\" alt=\" \" \/><\/div>\n<div class=\"col-md-7 text-md-left text-center\">\n<h2>Caracter\u00edsticas.<\/h2>\n<p class=\"text-muted\">\n<ul>\n<li class=\"ql-align-justify\">Estructura:\u00a04\u00a0pares\u00a0trenzados<\/li>\n<li class=\"ql-align-justify\">100 metros<\/li>\n<li class=\"ql-align-justify\">Conductor:\u00a0cobre<\/li>\n<li class=\"ql-align-justify\">Aislamiento:\u00a0HD-PE<\/li>\n<li class=\"ql-align-justify\">Cruz:\u00a0PE\u00a0Cruz<\/li>\n<li class=\"ql-align-justify\">Chaqueta\u00a0de\u00a0PVC<\/li>\n<li class=\"ql-align-justify\">Temperatura\u00a0clasificada:\u00a075\u00a0\u00b0\u00a0C<\/li>\n<li class=\"ql-align-justify\">Impedancia:\u00a0100\u00a0\u00b1\u00a015%\u00a0\u03a9<\/li>\n<li class=\"ql-align-justify\">Frecuencia: 100MHz<\/li>\n<li class=\"ql-align-justify\">Est\u00e1ndar\u00a0de\u00a0referencia:\u00a0YD \/ T1019-2001, ISO \/ IEC 11801, ANSI \/ TIA \/ EIA-568.<\/li>\n<li class=\"ql-align-justify\">Calidad granatizada mediante fluke test<br \/>\n<hr class=\"padding-bottom-2x\" \/>\n<div class=\"row aling-items-center padding-bottom-2x\">\n<div class=\"col-lg-12\">\n<h5 class=\"card-title text-center\">Aplicaciones.<\/h5>\n<p>&nbsp;<\/p>\n<p><img decoding=\"async\" class=\"overview-center-img-web\" src=\"https:\/\/tvc.mx\/media\/103121\/Cable-UTP-interior-100%25-cobre-Cat5e-100m-banner2.png\" alt=\"\" \/><\/div>\n<\/div>\n<\/li>\n<\/ul>\n<\/div>\n<\/div>\n","protected":false},"excerpt":{"rendered":"<p>Informaci\u00f3n general. El modelo\u00a0SAXXON OUTPCAT5E100M\u00a0es una bobina de cable UTP\u00a0hecho\u00a0de\u00a0cobre\u00a0puro\u00a0(99.99%\u00a0de\u00a0cobre), puede\u00a0pasar la prueba de FLUKE\u00a0DTX -1800. Cable de\u00a0alto rendimiento que\u00a0satisface completamente\u00a0requisitos el\u00e9ctricos\u00a0y\u00a0mec\u00e1nicos. Ancho de banda de 100MHZ para aplicaciones de datos, Fast Ethernet y 155Mbps. F\u00e1cil identificaci\u00f3n de los pares de colores y franjas. Soporta&hellip;<\/p>\n","protected":false},"featured_media":4699,"comment_status":"open","ping_status":"closed","template":"","meta":{"om_disable_all_campaigns":false,"_monsterinsights_skip_tracking":false,"_monsterinsights_sitenote_active":false,"_monsterinsights_sitenote_note":"","_monsterinsights_sitenote_category":0},"product_brand":[],"product_cat":[382],"product_tag":[343,341,339,346,347,350,348,179,344,349,340,351,345,352,342],"class_list":{"0":"post-4700","1":"product","2":"type-product","3":"status-publish","4":"has-post-thumbnail","6":"product_cat-utp-ftp-cables-saxxon-cableado-estructurado","7":"product_tag-antiincendio","8":"product_tag-cable-anti-incendio","9":"product_tag-cables-estructurado","10":"product_tag-canaletas","11":"product_tag-charolas","12":"product_tag-conectores","13":"product_tag-fibra-optica","14":"product_tag-gabinetes","15":"product_tag-hdmi","16":"product_tag-jacks","17":"product_tag-patch-cord","18":"product_tag-racks","19":"product_tag-siameses","20":"product_tag-tierra-fisica","21":"product_tag-utp","23":"first","24":"instock","25":"sale","26":"taxable","27":"shipping-taxable","28":"purchasable","29":"product-type-simple"},"aioseo_notices":[],"_links":{"self":[{"href":"https:\/\/tecsecmty.com\/index.php\/wp-json\/wp\/v2\/product\/4700","targetHints":{"allow":["GET"]}}],"collection":[{"href":"https:\/\/tecsecmty.com\/index.php\/wp-json\/wp\/v2\/product"}],"about":[{"href":"https:\/\/tecsecmty.com\/index.php\/wp-json\/wp\/v2\/types\/product"}],"replies":[{"embeddable":true,"href":"https:\/\/tecsecmty.com\/index.php\/wp-json\/wp\/v2\/comments?post=4700"}],"version-history":[{"count":0,"href":"https:\/\/tecsecmty.com\/index.php\/wp-json\/wp\/v2\/product\/4700\/revisions"}],"wp:featuredmedia":[{"embeddable":true,"href":"https:\/\/tecsecmty.com\/index.php\/wp-json\/wp\/v2\/media\/4699"}],"wp:attachment":[{"href":"https:\/\/tecsecmty.com\/index.php\/wp-json\/wp\/v2\/media?parent=4700"}],"wp:term":[{"taxonomy":"product_brand","embeddable":true,"href":"https:\/\/tecsecmty.com\/index.php\/wp-json\/wp\/v2\/product_brand?post=4700"},{"taxonomy":"product_cat","embeddable":true,"href":"https:\/\/tecsecmty.com\/index.php\/wp-json\/wp\/v2\/product_cat?post=4700"},{"taxonomy":"product_tag","embeddable":true,"href":"https:\/\/tecsecmty.com\/index.php\/wp-json\/wp\/v2\/product_tag?post=4700"}],"curies":[{"name":"wp","href":"https:\/\/api.w.org\/{rel}","templated":true}]}}