{"id":4902,"date":"2023-02-23T01:40:20","date_gmt":"2023-02-23T07:40:20","guid":{"rendered":"https:\/\/tecsecmty.com\/index.php\/producto\/sbetech-foexargyad12mm3-fibra-optica-multimodo-con-armadura-dielectrica-12-hilos-precio-por-metro\/"},"modified":"2023-03-22T23:24:14","modified_gmt":"2023-03-23T05:24:14","slug":"sbetech-foexargyad12mm3-fibra-optica-multimodo-con-armadura-dielectrica-12-hilos-precio-por-metro","status":"publish","type":"product","link":"https:\/\/tecsecmty.com\/index.php\/producto\/sbetech-foexargyad12mm3-fibra-optica-multimodo-con-armadura-dielectrica-12-hilos-precio-por-metro\/","title":{"rendered":"SBETECH FOEXARGYAD12MM3 &#8211; Fibra \u00f3ptica MULTIMODO con armadura diel\u00e9ctrica 12 hilos \/ Precio por metro"},"content":{"rendered":"<h5 class=\"card-title text-center\">Informaci\u00f3n General<\/h5>\n<h2>Cable de fibra \u00f3ptica\u00a0multimodo, armado diel\u00e9ctrico para exteriores de 12 hilos, fabricado mediante tubos holgados de PBT con gel dispuestos alrededor de un miembro de refuerzo central no met\u00e1lico, forro interior y exterior de PE y armadura diel\u00e9ctrica con protecci\u00f3n anti-roedores formada por hilos de vidrio.<\/h2>\n<p><img decoding=\"async\" class=\"overview-center-img-web\" src=\"https:\/\/tvc.mx\/media\/214327\/Fibra-%C3%93ptica-Con-Armadura-Diel%C3%A9ctrica-12-Hilos-Sbetech-SBE-FOEXARGYAD12MM3-1.png\" alt=\"\" \/><\/p>\n<p>N\u00famero de fibras y tipo: 12 OM3 50\/125 \u03bcm<\/p>\n<p>C\u00f3digo de color: TIA\/EIA 598<\/p>\n<p>N\u00famero de elementos: 12<\/p>\n<p>Di\u00e1metro del tubo Holgado 1.7 mm con relleno de gel<\/p>\n<p>Elemento de tensi\u00f3n: Elemento central no met\u00e1lico<\/p>\n<p>Protecci\u00f3n contra roedores: Hilos de fibra de vidrio<\/p>\n","protected":false},"excerpt":{"rendered":"<p>Informaci\u00f3n General Cable de fibra \u00f3ptica\u00a0multimodo, armado diel\u00e9ctrico para exteriores de 12 hilos, fabricado mediante tubos holgados de PBT con gel dispuestos alrededor de un miembro de refuerzo central no met\u00e1lico, forro interior y exterior de PE y armadura diel\u00e9ctrica con protecci\u00f3n anti-roedores formada por&hellip;<\/p>\n","protected":false},"featured_media":4901,"comment_status":"open","ping_status":"closed","template":"","meta":{"om_disable_all_campaigns":false,"_monsterinsights_skip_tracking":false,"_monsterinsights_sitenote_active":false,"_monsterinsights_sitenote_note":"","_monsterinsights_sitenote_category":0},"product_brand":[],"product_cat":[398],"product_tag":[343,341,339,346,347,350,348,179,344,349,340,351,345,352,342],"class_list":{"0":"post-4902","1":"product","2":"type-product","3":"status-publish","4":"has-post-thumbnail","6":"product_cat-cable-de-fibra-optica","7":"product_tag-antiincendio","8":"product_tag-cable-anti-incendio","9":"product_tag-cables-estructurado","10":"product_tag-canaletas","11":"product_tag-charolas","12":"product_tag-conectores","13":"product_tag-fibra-optica","14":"product_tag-gabinetes","15":"product_tag-hdmi","16":"product_tag-jacks","17":"product_tag-patch-cord","18":"product_tag-racks","19":"product_tag-siameses","20":"product_tag-tierra-fisica","21":"product_tag-utp","23":"first","24":"instock","25":"sale","26":"taxable","27":"shipping-taxable","28":"purchasable","29":"product-type-simple"},"aioseo_notices":[],"_links":{"self":[{"href":"https:\/\/tecsecmty.com\/index.php\/wp-json\/wp\/v2\/product\/4902","targetHints":{"allow":["GET"]}}],"collection":[{"href":"https:\/\/tecsecmty.com\/index.php\/wp-json\/wp\/v2\/product"}],"about":[{"href":"https:\/\/tecsecmty.com\/index.php\/wp-json\/wp\/v2\/types\/product"}],"replies":[{"embeddable":true,"href":"https:\/\/tecsecmty.com\/index.php\/wp-json\/wp\/v2\/comments?post=4902"}],"version-history":[{"count":0,"href":"https:\/\/tecsecmty.com\/index.php\/wp-json\/wp\/v2\/product\/4902\/revisions"}],"wp:featuredmedia":[{"embeddable":true,"href":"https:\/\/tecsecmty.com\/index.php\/wp-json\/wp\/v2\/media\/4901"}],"wp:attachment":[{"href":"https:\/\/tecsecmty.com\/index.php\/wp-json\/wp\/v2\/media?parent=4902"}],"wp:term":[{"taxonomy":"product_brand","embeddable":true,"href":"https:\/\/tecsecmty.com\/index.php\/wp-json\/wp\/v2\/product_brand?post=4902"},{"taxonomy":"product_cat","embeddable":true,"href":"https:\/\/tecsecmty.com\/index.php\/wp-json\/wp\/v2\/product_cat?post=4902"},{"taxonomy":"product_tag","embeddable":true,"href":"https:\/\/tecsecmty.com\/index.php\/wp-json\/wp\/v2\/product_tag?post=4902"}],"curies":[{"name":"wp","href":"https:\/\/api.w.org\/{rel}","templated":true}]}}