{"id":5052,"date":"2023-02-23T01:43:14","date_gmt":"2023-02-23T07:43:14","guid":{"rendered":"https:\/\/tecsecmty.com\/index.php\/producto\/intellinet-210546-jack-cat-5e-de-impacto-keystone-azul\/"},"modified":"2023-03-22T23:23:32","modified_gmt":"2023-03-23T05:23:32","slug":"intellinet-210546-jack-cat-5e-de-impacto-keystone-azul","status":"publish","type":"product","link":"https:\/\/tecsecmty.com\/index.php\/producto\/intellinet-210546-jack-cat-5e-de-impacto-keystone-azul\/","title":{"rendered":"INTELLINET 210546 &#8211; JACK CAT 5e \/ DE IMPACTO \/ (KEYSTONE) \/ AZUL"},"content":{"rendered":"<div class=\"row aling-items-center padding-bottom-2x\">\n<div class=\"col-lg-12\">\n<h5 class=\"card-title text-center\">Informaci\u00f3n General<\/h5>\n<p>El modelo\u00a0<strong>210546\u00a0<\/strong>es un jack RJ45 compatible con cableado UTP categor\u00eda 5e, este jack es de impacto por lo que se necesita herramienta adicional para realizar el armado de los cables.<\/p>\n<ul>\n<li>De impacto<\/li>\n<li>Para uso con cable sin blindar (UTP) Cat5e<\/li>\n<li>Compatible con herramientas de impacto 110 y Krone<\/li>\n<li>La categor\u00eda cumple en desempe\u00f1o con el est\u00e1ndar ANSI\/TIA\/EIA 568B.2<\/li>\n<li>5 a\u00f1os de garant\u00eda<\/li>\n<\/ul>\n<p><img decoding=\"async\" class=\"overview-center-img-web\" src=\"https:\/\/tvc.mx\/media\/260423\/Jack-RJ45-Cat5E-Keystone-De-Impacto-Azul-Intellinet-210546-1.png\" alt=\"\" \/><\/div>\n<\/div>\n<div class=\"row aling-items-center padding-bottom-2x\">\n<div class=\"col-lg-12\">\n<h5 class=\"card-title text-center\">Caracter\u00edsticas Principales<\/h5>\n<ul>\n<li>De pl\u00e1stico<\/li>\n<li>Para su uso con cable s\u00f3lido y multifilar, calibres 22 al 26 AWG<\/li>\n<li>Aprobado por EIA\/TIA<\/li>\n<li>Listado UL<\/li>\n<li>C\u00f3digo de colores 568 A\/ B<\/li>\n<li>Temperatura de operaci\u00f3n: -40\u00b0 C \u2013 80\u00b0 C<\/li>\n<\/ul>\n<h4>Especificaciones F\u00edsicas<\/h4>\n<ul>\n<li class=\"ql-indent-1\">Peso: 0.01 kg<\/li>\n<li class=\"ql-indent-1\">Dimensiones: 28.3 (L) x 18 (W) x 20.8 (H) [mm]<\/li>\n<li class=\"ql-indent-1\">Embalaje: Bolsa<\/li>\n<\/ul>\n<\/div>\n<\/div>\n","protected":false},"excerpt":{"rendered":"<p>Informaci\u00f3n General El modelo\u00a0210546\u00a0es un jack RJ45 compatible con cableado UTP categor\u00eda 5e, este jack es de impacto por lo que se necesita herramienta adicional para realizar el armado de los cables. De impacto Para uso con cable sin blindar (UTP) Cat5e Compatible con herramientas&hellip;<\/p>\n","protected":false},"featured_media":5051,"comment_status":"open","ping_status":"closed","template":"","meta":{"om_disable_all_campaigns":false,"_monsterinsights_skip_tracking":false,"_monsterinsights_sitenote_active":false,"_monsterinsights_sitenote_note":"","_monsterinsights_sitenote_category":0},"product_brand":[],"product_cat":[410],"product_tag":[343,341,339,346,347,350,348,179,344,349,340,351,345,352,342],"class_list":{"0":"post-5052","1":"product","2":"type-product","3":"status-publish","4":"has-post-thumbnail","6":"product_cat-jacks-y-conectores-intellinet","7":"product_tag-antiincendio","8":"product_tag-cable-anti-incendio","9":"product_tag-cables-estructurado","10":"product_tag-canaletas","11":"product_tag-charolas","12":"product_tag-conectores","13":"product_tag-fibra-optica","14":"product_tag-gabinetes","15":"product_tag-hdmi","16":"product_tag-jacks","17":"product_tag-patch-cord","18":"product_tag-racks","19":"product_tag-siameses","20":"product_tag-tierra-fisica","21":"product_tag-utp","23":"first","24":"instock","25":"sale","26":"taxable","27":"shipping-taxable","28":"purchasable","29":"product-type-simple"},"aioseo_notices":[],"_links":{"self":[{"href":"https:\/\/tecsecmty.com\/index.php\/wp-json\/wp\/v2\/product\/5052","targetHints":{"allow":["GET"]}}],"collection":[{"href":"https:\/\/tecsecmty.com\/index.php\/wp-json\/wp\/v2\/product"}],"about":[{"href":"https:\/\/tecsecmty.com\/index.php\/wp-json\/wp\/v2\/types\/product"}],"replies":[{"embeddable":true,"href":"https:\/\/tecsecmty.com\/index.php\/wp-json\/wp\/v2\/comments?post=5052"}],"version-history":[{"count":0,"href":"https:\/\/tecsecmty.com\/index.php\/wp-json\/wp\/v2\/product\/5052\/revisions"}],"wp:featuredmedia":[{"embeddable":true,"href":"https:\/\/tecsecmty.com\/index.php\/wp-json\/wp\/v2\/media\/5051"}],"wp:attachment":[{"href":"https:\/\/tecsecmty.com\/index.php\/wp-json\/wp\/v2\/media?parent=5052"}],"wp:term":[{"taxonomy":"product_brand","embeddable":true,"href":"https:\/\/tecsecmty.com\/index.php\/wp-json\/wp\/v2\/product_brand?post=5052"},{"taxonomy":"product_cat","embeddable":true,"href":"https:\/\/tecsecmty.com\/index.php\/wp-json\/wp\/v2\/product_cat?post=5052"},{"taxonomy":"product_tag","embeddable":true,"href":"https:\/\/tecsecmty.com\/index.php\/wp-json\/wp\/v2\/product_tag?post=5052"}],"curies":[{"name":"wp","href":"https:\/\/api.w.org\/{rel}","templated":true}]}}