{"id":5110,"date":"2023-02-23T01:44:38","date_gmt":"2023-02-23T07:44:38","guid":{"rendered":"https:\/\/tecsecmty.com\/index.php\/producto\/sbetech-jackc6bl-modulo-jack-keystone-rj45-8-hilos-cat-6-compatible-con-calibres-awg-22-26-color-azul\/"},"modified":"2023-03-22T23:24:15","modified_gmt":"2023-03-23T05:24:15","slug":"sbetech-jackc6bl-modulo-jack-keystone-rj45-8-hilos-cat-6-compatible-con-calibres-awg-22-26-color-azul","status":"publish","type":"product","link":"https:\/\/tecsecmty.com\/index.php\/producto\/sbetech-jackc6bl-modulo-jack-keystone-rj45-8-hilos-cat-6-compatible-con-calibres-awg-22-26-color-azul\/","title":{"rendered":"SBETECH JACKC6BL- Modulo jack keystone RJ45 \/ 8 Hilos \/ CAT 6 \/ Compatible con calibres AWG 22-26 \/ Color azul"},"content":{"rendered":"<h5 class=\"card-title text-center\">Informaci\u00f3n general<\/h5>\n<h5>Jack para cable UTP de Categor\u00eda 6 dise\u00f1ados para aplicaciones de 1000BASE-T.<\/h5>\n<h5><\/h5>\n<h5>Descripci\u00f3n:<\/h5>\n<h5>Cumple con:<\/h5>\n<h5>ANSI\/TIA-568-C.2 de Categor\u00eda<\/h5>\n<h5>ISO 11801 2\u00b0 edici\u00f3n clase E para canal<\/h5>\n<h5>IEC 61156-5<\/h5>\n<h5>IEEE 802.3af\/at<\/h5>\n<h5>Verificaci\u00f3n UL, CE y ETL.<\/h5>\n<h5>C\u00f3digo de colores para terminaci\u00f3n con T568A o T568B.<\/h5>\n<p><img decoding=\"async\" class=\"overview-center-img-web\" src=\"https:\/\/tvc.mx\/media\/180385\/SBE-KACKC6-BL-Jack-categoria-6-Azul.png\" alt=\"\" \/><\/p>\n","protected":false},"excerpt":{"rendered":"<p>Informaci\u00f3n general Jack para cable UTP de Categor\u00eda 6 dise\u00f1ados para aplicaciones de 1000BASE-T. Descripci\u00f3n: Cumple con: ANSI\/TIA-568-C.2 de Categor\u00eda ISO 11801 2\u00b0 edici\u00f3n clase E para canal IEC 61156-5 IEEE 802.3af\/at Verificaci\u00f3n UL, CE y ETL. C\u00f3digo de colores para terminaci\u00f3n con T568A o&hellip;<\/p>\n","protected":false},"featured_media":5109,"comment_status":"open","ping_status":"closed","template":"","meta":{"om_disable_all_campaigns":false,"_monsterinsights_skip_tracking":false,"_monsterinsights_sitenote_active":false,"_monsterinsights_sitenote_note":"","_monsterinsights_sitenote_category":0},"product_brand":[],"product_cat":[412],"product_tag":[343,341,339,346,347,350,348,179,344,349,340,351,345,352,342],"class_list":{"0":"post-5110","1":"product","2":"type-product","3":"status-publish","4":"has-post-thumbnail","6":"product_cat-jacks-y-conectores-sbe-tech","7":"product_tag-antiincendio","8":"product_tag-cable-anti-incendio","9":"product_tag-cables-estructurado","10":"product_tag-canaletas","11":"product_tag-charolas","12":"product_tag-conectores","13":"product_tag-fibra-optica","14":"product_tag-gabinetes","15":"product_tag-hdmi","16":"product_tag-jacks","17":"product_tag-patch-cord","18":"product_tag-racks","19":"product_tag-siameses","20":"product_tag-tierra-fisica","21":"product_tag-utp","23":"first","24":"instock","25":"sale","26":"taxable","27":"shipping-taxable","28":"purchasable","29":"product-type-simple"},"aioseo_notices":[],"_links":{"self":[{"href":"https:\/\/tecsecmty.com\/index.php\/wp-json\/wp\/v2\/product\/5110","targetHints":{"allow":["GET"]}}],"collection":[{"href":"https:\/\/tecsecmty.com\/index.php\/wp-json\/wp\/v2\/product"}],"about":[{"href":"https:\/\/tecsecmty.com\/index.php\/wp-json\/wp\/v2\/types\/product"}],"replies":[{"embeddable":true,"href":"https:\/\/tecsecmty.com\/index.php\/wp-json\/wp\/v2\/comments?post=5110"}],"version-history":[{"count":0,"href":"https:\/\/tecsecmty.com\/index.php\/wp-json\/wp\/v2\/product\/5110\/revisions"}],"wp:featuredmedia":[{"embeddable":true,"href":"https:\/\/tecsecmty.com\/index.php\/wp-json\/wp\/v2\/media\/5109"}],"wp:attachment":[{"href":"https:\/\/tecsecmty.com\/index.php\/wp-json\/wp\/v2\/media?parent=5110"}],"wp:term":[{"taxonomy":"product_brand","embeddable":true,"href":"https:\/\/tecsecmty.com\/index.php\/wp-json\/wp\/v2\/product_brand?post=5110"},{"taxonomy":"product_cat","embeddable":true,"href":"https:\/\/tecsecmty.com\/index.php\/wp-json\/wp\/v2\/product_cat?post=5110"},{"taxonomy":"product_tag","embeddable":true,"href":"https:\/\/tecsecmty.com\/index.php\/wp-json\/wp\/v2\/product_tag?post=5110"}],"curies":[{"name":"wp","href":"https:\/\/api.w.org\/{rel}","templated":true}]}}