{"id":5128,"date":"2023-02-23T01:44:53","date_gmt":"2023-02-23T07:44:53","guid":{"rendered":"https:\/\/tecsecmty.com\/index.php\/producto\/intellinet-513579-panel-de-parcheo-cat5e-48-puertos-utp-2ur\/"},"modified":"2023-03-22T23:23:34","modified_gmt":"2023-03-23T05:23:34","slug":"intellinet-513579-panel-de-parcheo-cat5e-48-puertos-utp-2ur","status":"publish","type":"product","link":"https:\/\/tecsecmty.com\/index.php\/producto\/intellinet-513579-panel-de-parcheo-cat5e-48-puertos-utp-2ur\/","title":{"rendered":"INTELLINET 513579 &#8211; Panel de Parcheo Cat5e 48 puertos, UTP, 2UR"},"content":{"rendered":"<h5 class=\"card-title text-center\">Informaci\u00f3n General<\/h5>\n<p>El panel de parcheo de Intellinet de 48 puertos, es la opci\u00f3n primordial para interconectar tus equipos de telecomunicaciones. Terminadores\u00a0s\u00f3lidos y confiables para cableado que presente jack con un m\u00ednimo de 3 mm a 50 micro pulgadas de ba\u00f1o de oro<\/p>\n<ul>\n<li>Compatible con herramientas de ponchado 110 y Krone<\/li>\n<li>Soporta cable trenzado s\u00f3lido y multifilar de calibres 22 y 26 AWG<\/li>\n<li>Para uso con cable de par trenzado (UTP) Cat5e<\/li>\n<li>Ideal para aplicaciones de red Ethernet, fast Ethernet y Gigabit Ethernet<\/li>\n<li>Conecta 48 puertos RJ45 a la red<\/li>\n<li>Ocupa 2U de alto en el rack<\/li>\n<li>Cumple con los est\u00e1ndares de montaje en rack de 19&#8243;<\/li>\n<li>5 a\u00f1os de Garant\u00eda<\/li>\n<\/ul>\n<p><img decoding=\"async\" class=\"overview-center-img-web\" src=\"https:\/\/tvc.mx\/media\/260903\/Panel-Parcheo-Cat5e-48-Puertos-Intellinet-513555-2.png\" alt=\"\" \/><\/p>\n<h5 class=\"card-title text-center\">Caracter\u00edsticas Principales<\/h5>\n<ul>\n<li>Est\u00e1ndares<\/li>\n<li>IEEE 802.3 (10 Base-T Ethernet)<\/li>\n<li>IEEE 802.3u (100 Base-TX Fast Ethernet)<\/li>\n<li>IEEE 802.3ab (1000 Base-T Gigabit Ethernet)<\/li>\n<li>Certificaciones<\/li>\n<li>Lista UL<\/li>\n<li>Cumple con RoHS<\/li>\n<li>Dise\u00f1o<\/li>\n<li>Dimensiones: 482 mm (Ancho) x 88 mm (Alto) x 48 mm (Profundo)<\/li>\n<li>Distancia horizontal entre los hoyos izquierdo y derecho del montaje: 465 mm<\/li>\n<li>Distancia vertical entre los hoyos superior e inferior de montaje: 75.8 mm<\/li>\n<li>Peso: 1.27 kg<\/li>\n<li>Temperatura de operaci\u00f3n: -40 \u2013 80\u202f\u00b0C<\/li>\n<li>Contenido del paquete<\/li>\n<li>Panel de parcheo Cat5e<\/li>\n<li>4 tornillos de montaje<\/li>\n<li>Gu\u00eda de instalaci\u00f3n r\u00e1pida<\/li>\n<li>Peso: 0.99 kg<\/li>\n<li>Dimensiones: 482 mm (W) x 88 mm (H) x 48 mm (D)<\/li>\n<li>Embalaje: Empaque en caja para retail<\/li>\n<\/ul>\n","protected":false},"excerpt":{"rendered":"<p>Informaci\u00f3n General El panel de parcheo de Intellinet de 48 puertos, es la opci\u00f3n primordial para interconectar tus equipos de telecomunicaciones. Terminadores\u00a0s\u00f3lidos y confiables para cableado que presente jack con un m\u00ednimo de 3 mm a 50 micro pulgadas de ba\u00f1o de oro Compatible con&hellip;<\/p>\n","protected":false},"featured_media":5127,"comment_status":"open","ping_status":"closed","template":"","meta":{"om_disable_all_campaigns":false,"_monsterinsights_skip_tracking":false,"_monsterinsights_sitenote_active":false,"_monsterinsights_sitenote_note":"","_monsterinsights_sitenote_category":0},"product_brand":[],"product_cat":[413],"product_tag":[343,341,339,346,347,350,348,179,344,349,340,351,345,352,342],"class_list":{"0":"post-5128","1":"product","2":"type-product","3":"status-publish","4":"has-post-thumbnail","6":"product_cat-patch-panel","7":"product_tag-antiincendio","8":"product_tag-cable-anti-incendio","9":"product_tag-cables-estructurado","10":"product_tag-canaletas","11":"product_tag-charolas","12":"product_tag-conectores","13":"product_tag-fibra-optica","14":"product_tag-gabinetes","15":"product_tag-hdmi","16":"product_tag-jacks","17":"product_tag-patch-cord","18":"product_tag-racks","19":"product_tag-siameses","20":"product_tag-tierra-fisica","21":"product_tag-utp","23":"first","24":"instock","25":"sale","26":"taxable","27":"shipping-taxable","28":"purchasable","29":"product-type-simple"},"aioseo_notices":[],"_links":{"self":[{"href":"https:\/\/tecsecmty.com\/index.php\/wp-json\/wp\/v2\/product\/5128","targetHints":{"allow":["GET"]}}],"collection":[{"href":"https:\/\/tecsecmty.com\/index.php\/wp-json\/wp\/v2\/product"}],"about":[{"href":"https:\/\/tecsecmty.com\/index.php\/wp-json\/wp\/v2\/types\/product"}],"replies":[{"embeddable":true,"href":"https:\/\/tecsecmty.com\/index.php\/wp-json\/wp\/v2\/comments?post=5128"}],"version-history":[{"count":0,"href":"https:\/\/tecsecmty.com\/index.php\/wp-json\/wp\/v2\/product\/5128\/revisions"}],"wp:featuredmedia":[{"embeddable":true,"href":"https:\/\/tecsecmty.com\/index.php\/wp-json\/wp\/v2\/media\/5127"}],"wp:attachment":[{"href":"https:\/\/tecsecmty.com\/index.php\/wp-json\/wp\/v2\/media?parent=5128"}],"wp:term":[{"taxonomy":"product_brand","embeddable":true,"href":"https:\/\/tecsecmty.com\/index.php\/wp-json\/wp\/v2\/product_brand?post=5128"},{"taxonomy":"product_cat","embeddable":true,"href":"https:\/\/tecsecmty.com\/index.php\/wp-json\/wp\/v2\/product_cat?post=5128"},{"taxonomy":"product_tag","embeddable":true,"href":"https:\/\/tecsecmty.com\/index.php\/wp-json\/wp\/v2\/product_tag?post=5128"}],"curies":[{"name":"wp","href":"https:\/\/api.w.org\/{rel}","templated":true}]}}