{"id":5214,"date":"2023-02-23T01:46:36","date_gmt":"2023-02-23T07:46:36","guid":{"rendered":"https:\/\/tecsecmty.com\/index.php\/producto\/parres-bcu1-4x1x19-inox-barras-de-conexion-a-tierra-disenadas-para-concentrar-los-circuitos-electricos-que-posteriormente-van-a-ser-puestos-a-tierra-para-los-sistemas-de-telecomunicaciones\/"},"modified":"2023-03-22T23:23:45","modified_gmt":"2023-03-23T05:23:45","slug":"parres-bcu1-4x1x19-inox-barras-de-conexion-a-tierra-disenadas-para-concentrar-los-circuitos-electricos-que-posteriormente-van-a-ser-puestos-a-tierra-para-los-sistemas-de-telecomunicaciones","status":"publish","type":"product","link":"https:\/\/tecsecmty.com\/index.php\/producto\/parres-bcu1-4x1x19-inox-barras-de-conexion-a-tierra-disenadas-para-concentrar-los-circuitos-electricos-que-posteriormente-van-a-ser-puestos-a-tierra-para-los-sistemas-de-telecomunicaciones\/","title":{"rendered":"PARRES BCU1\/4X1X19-INOX Barras de Conexi\u00f3n a Tierra \/ Dise\u00f1adas para concentrar los circuitos el\u00e9ctricos que posteriormente van a ser puestos a tierra para los sistemas de telecomunicaciones."},"content":{"rendered":"<h5 class=\"card-title text-center\">Barra de interconexi\u00f3n de tierras f\u00edsicas en racks y gabinetes.<\/h5>\n<p>La barra de interconexi\u00f3n de tierra f\u00edsica para gabinetes y racks de la marca Parres, nos permite desviar de manera segura la corriente parasita de nuestras conexiones, (la barra de interconexi\u00f3n no reemplaza un sistema de tierra f\u00edsica bien implementado, solo es un medio de conexi\u00f3n entre nuestros racks\/gabinetes y nuestra puesta a tierra),nos permite realizar las conexiones entre los bornes de conexi\u00f3n a tierra de nuestros equipos activos como pueden ser los swtich, los router, o el mismo gabinete\/rack propio, de una manera sencilla y eficaz.<\/p>\n<p>Caracter\u00edsticas:<\/p>\n<p>Barra de tierras fabricada en cobre electrol\u00edtico de alta pureza, cuenta con perforaciones para realizar hasta 20 conexiones.<\/p>\n<p>Dimensiones: 1\/4&#8243; x 1\u201d x 19\u201d<\/p>\n<p>Cuenta con torniller\u00eda inoxidable<\/p>\n<p>Aisladores de resina de 1\u201d<\/p>\n<p><img decoding=\"async\" class=\"overview-center-img-web\" src=\"https:\/\/tvc.mx\/media\/562587\/PARRES-PAR3230013-BCU-4X1X19-INOX-Barras-de-Conexi%C3%B3n-a-Tierra-.png\" alt=\"\" \/><\/p>\n","protected":false},"excerpt":{"rendered":"<p>Barra de interconexi\u00f3n de tierras f\u00edsicas en racks y gabinetes. La barra de interconexi\u00f3n de tierra f\u00edsica para gabinetes y racks de la marca Parres, nos permite desviar de manera segura la corriente parasita de nuestras conexiones, (la barra de interconexi\u00f3n no reemplaza un sistema&hellip;<\/p>\n","protected":false},"featured_media":5213,"comment_status":"open","ping_status":"closed","template":"","meta":{"om_disable_all_campaigns":false,"_monsterinsights_skip_tracking":false,"_monsterinsights_sitenote_active":false,"_monsterinsights_sitenote_note":"","_monsterinsights_sitenote_category":0},"product_brand":[],"product_cat":[425],"product_tag":[343,341,339,346,347,350,348,179,344,349,340,351,345,352,342],"class_list":{"0":"post-5214","1":"product","2":"type-product","3":"status-publish","4":"has-post-thumbnail","6":"product_cat-tierras-fisicas-y-pararrayos","7":"product_tag-antiincendio","8":"product_tag-cable-anti-incendio","9":"product_tag-cables-estructurado","10":"product_tag-canaletas","11":"product_tag-charolas","12":"product_tag-conectores","13":"product_tag-fibra-optica","14":"product_tag-gabinetes","15":"product_tag-hdmi","16":"product_tag-jacks","17":"product_tag-patch-cord","18":"product_tag-racks","19":"product_tag-siameses","20":"product_tag-tierra-fisica","21":"product_tag-utp","23":"first","24":"instock","25":"sale","26":"taxable","27":"shipping-taxable","28":"purchasable","29":"product-type-simple"},"aioseo_notices":[],"_links":{"self":[{"href":"https:\/\/tecsecmty.com\/index.php\/wp-json\/wp\/v2\/product\/5214","targetHints":{"allow":["GET"]}}],"collection":[{"href":"https:\/\/tecsecmty.com\/index.php\/wp-json\/wp\/v2\/product"}],"about":[{"href":"https:\/\/tecsecmty.com\/index.php\/wp-json\/wp\/v2\/types\/product"}],"replies":[{"embeddable":true,"href":"https:\/\/tecsecmty.com\/index.php\/wp-json\/wp\/v2\/comments?post=5214"}],"version-history":[{"count":0,"href":"https:\/\/tecsecmty.com\/index.php\/wp-json\/wp\/v2\/product\/5214\/revisions"}],"wp:featuredmedia":[{"embeddable":true,"href":"https:\/\/tecsecmty.com\/index.php\/wp-json\/wp\/v2\/media\/5213"}],"wp:attachment":[{"href":"https:\/\/tecsecmty.com\/index.php\/wp-json\/wp\/v2\/media?parent=5214"}],"wp:term":[{"taxonomy":"product_brand","embeddable":true,"href":"https:\/\/tecsecmty.com\/index.php\/wp-json\/wp\/v2\/product_brand?post=5214"},{"taxonomy":"product_cat","embeddable":true,"href":"https:\/\/tecsecmty.com\/index.php\/wp-json\/wp\/v2\/product_cat?post=5214"},{"taxonomy":"product_tag","embeddable":true,"href":"https:\/\/tecsecmty.com\/index.php\/wp-json\/wp\/v2\/product_tag?post=5214"}],"curies":[{"name":"wp","href":"https:\/\/api.w.org\/{rel}","templated":true}]}}