{"id":5334,"date":"2023-02-23T11:01:55","date_gmt":"2023-02-23T17:01:55","guid":{"rendered":"https:\/\/tecsecmty.com\/index.php\/producto\/bosch-v_vg4sfpsckt-ki-convertidor-de-medios-ethernet-a-fibra-optica-compatible-con-autodome-serie-vg4\/"},"modified":"2023-03-22T23:22:09","modified_gmt":"2023-03-23T05:22:09","slug":"bosch-v_vg4sfpsckt-ki-convertidor-de-medios-ethernet-a-fibra-optica-compatible-con-autodome-serie-vg4","status":"publish","type":"product","link":"https:\/\/tecsecmty.com\/index.php\/producto\/bosch-v_vg4sfpsckt-ki-convertidor-de-medios-ethernet-a-fibra-optica-compatible-con-autodome-serie-vg4\/","title":{"rendered":"BOSCH V_VG4SFPSCKT &#8211; KI Convertidor de medios ethernet a fibra optica compatible con AUTODOME serie VG4"},"content":{"rendered":"<h5 class=\"card-title text-center\">Kit convertidor de medios de fibra \u00f3ptica VG4 \u2011 SFPSCKT Ethernet<\/h5>\n<p class=\"ql-align-justify\"><strong>El VG4-SFPSCKT es un m\u00f3dulo convertidor de medios exclusivo concebido para su uso con las c\u00e1maras AUTODOME de la serie 7000.<\/strong><\/p>\n<p class=\"ql-align-justify\"><strong>Este convertidor de medios est\u00e1 dise\u00f1ado para admitir una amplia gama de m\u00f3dulos conectables peque\u00f1os (SFP) de 10\/100 Mbps\u00a0<\/strong>para su uso con fibra \u00f3ptica monomodo o multimodo con conectores sencillos\u00a0<strong>(SC)<\/strong>\u00a0o de doble fibra\u00a0<strong>(LC)<\/strong>. El usuario puede instalar directamente el m\u00f3dulo convertidor de medios y el m\u00f3dulo\u00a0<strong>SFP\u00a0<\/strong>en la caja de alimentaci\u00f3n de la unidad AUTODOME, lo que crea una soluci\u00f3n de fibra \u00f3ptica integrada.<\/p>\n<p class=\"ql-align-justify\"><strong>Se instala dentro de una caja de alimentaci\u00f3n VG4-A-PA1, VG4-A-PA2, VG4\u2011A\u2011PSU1 o VG4\u2011A\u2011PSU2 o en una fuente de alimentaci\u00f3n IP MIC PSU, con el hardware de montaje proporcionado. Nota: El cableado del VG4-SFPSCKT debe dirigirse a trav\u00e9s de la apertura de circuito correcta en la caja de alimentaci\u00f3n.<\/strong>\u00a0Consulte la gu\u00eda de instalaci\u00f3n que se incluye con el m\u00f3dulo.<\/p>\n<p class=\"ql-align-justify\"><strong>Resumen del sistema<\/strong><\/p>\n<p class=\"ql-align-justify\"><strong>VG4-SFPSCKT<\/strong><\/p>\n<p class=\"ql-align-justify\"><strong>El VG4-SFPSCKT es un m\u00f3dulo convertidor de medios \u00fanico para usar con las camaras VG4 de la serie AUTODOME incorporando las comunicaciones Ethernet (TCP \/ IP).<\/strong><\/p>\n<p class=\"ql-align-justify\">M\u00f3dulo, as\u00ed como con\u00a0<strong>MIC Series 550, 550IR, y 612 c\u00e1maras<\/strong>. Este m\u00f3dulo convertidor de medios est\u00e1 dise\u00f1ado para aceptar cualquiera de los m\u00f3dulos<strong>\u00a0SFP 10\/100 Mbps<\/strong>\u00a0descrito abajo.<\/p>\n<p class=\"ql-align-justify\">El m\u00f3dulo convertidor de medios junto con el\u00a0<strong>SFP<\/strong>.<\/p>\n<p class=\"ql-align-justify\">El m\u00f3dulo es instalado por el usuario directamente en la fuente de alimentaci\u00f3n.<\/p>\n<p class=\"ql-align-justify\"><strong>Caja de la c\u00e1mara AUTODOME o de la c\u00e1mara MIC.<\/strong>\u00a0Proporcionar una soluci\u00f3n de fibra \u00f3ptica integrada. Referirse a la gu\u00eda de instalaci\u00f3n que acompa\u00f1a a la\u00a0<strong>VG4- SFPSCKT<\/strong>\u00a0para instrucciones de instalaci\u00f3n detalladas.<\/p>\n<p class=\"ql-align-justify\"><strong>Nota:\u00a0<\/strong><strong>Kit convertidor de medios de fibra \u00f3ptica VG4 \u2011 SFPSCKT Ethernet<\/strong><\/p>\n<p class=\"ql-align-justify\"><strong>Convertidor de medios Ethernet video transmisor \/ datos Kit receptor de fibra \u00f3ptica para c\u00e1maras AUTODOME y para MIC-IP-PSU para c\u00e1maras anal\u00f3gicas MIC.<\/strong><\/p>\n<p class=\"ql-align-justify\"><strong>N\u00famero de pedido: VG4-SFPSCKT.<\/strong><\/p>\n<p class=\"ql-align-justify\"><strong>Principales Caracter\u00edsticas:<\/strong><\/p>\n<ul>\n<li class=\"ql-align-justify\">Utiliza m\u00f3dulos SFP.<\/li>\n<li class=\"ql-align-justify\">M\u00faltiples modos y m\u00f3dulos monomodo disponibles.<\/li>\n<li class=\"ql-align-justify\">Soporta distancias de hasta 20 km.<\/li>\n<li class=\"ql-align-justify\">Montaje superficial o montaje en bastidor.<\/li>\n<li>\n<p class=\"ql-align-justify\"><strong>Especificaciones<\/strong>:<\/p>\n<ul>\n<li class=\"ql-align-justify\">Descripci\u00f3n Kit convertidor de medios de fibra \u00f3ptica a Ethernet.Requiere un m\u00f3dulo conectable peque\u00f1o (SFP) (se vende por separado).<\/li>\n<li class=\"ql-align-justify\">Interfaz de datos Ethernet.<\/li>\n<li class=\"ql-align-justify\">Velocidad de datos 10\/100 MbpsCumple IEEE 802.3Puerto el\u00e9ctrico con d\u00faplex completo o semid\u00faplexPuerto \u00f3ptico con d\u00faplex completo.<\/li>\n<li class=\"ql-align-justify\">Receptor compatible CNFE2MC\/IN.<\/li>\n<li class=\"ql-align-justify\">Indicadores LED.<\/li>\n<li class=\"ql-align-justify\">Alimentaci\u00f3n\/enlace (en la placa de circuitos).<\/li>\n<li class=\"ql-align-justify\">Verde Se recibe alimentaci\u00f3n, el enlace de fibra es v\u00e1lido.<\/li>\n<li class=\"ql-align-justify\">Rojo Se recibe alimentaci\u00f3n, falta el enlace de fibra.<\/li>\n<li class=\"ql-align-justify\">Verde\/rojo parpadeando, r\u00e1pido Se recibe alimentaci\u00f3n. El enlace de fibra es v\u00e1lido.Hay datos y el v\u00eddeo se transmite desde la c\u00e1mara a una conexi\u00f3n de red.<\/li>\n<li class=\"ql-align-justify\">Verde\/rojo parpadeando, lento Se recibe alimentaci\u00f3n.El enlace de fibra es v\u00e1lidoHay datos.No se est\u00e1 transmitiendo v\u00eddeo desde la c\u00e1mara o la conexi\u00f3n RJ45 a la c\u00e1mara no es v\u00e1lida.<\/li>\n<li class=\"ql-align-justify\">Conector RJ-45<\/li>\n<li class=\"ql-align-justify\">Lado derecho, verde parpadeante Hay datos.<\/li>\n<li class=\"ql-align-justify\">Lado derecho, desactivado No hay datos presentes.<\/li>\n<\/ul>\n<p><img decoding=\"async\" class=\"overview-center-img-\" src=\"https:\/\/tvc.mx\/media\/14248\/Logoopaginas-oficial.png\" alt=\"\" \/><\/li>\n<\/ul>\n","protected":false},"excerpt":{"rendered":"<p>Kit convertidor de medios de fibra \u00f3ptica VG4 \u2011 SFPSCKT Ethernet El VG4-SFPSCKT es un m\u00f3dulo convertidor de medios exclusivo concebido para su uso con las c\u00e1maras AUTODOME de la serie 7000. Este convertidor de medios est\u00e1 dise\u00f1ado para admitir una amplia gama de m\u00f3dulos&hellip;<\/p>\n","protected":false},"featured_media":5333,"comment_status":"open","ping_status":"closed","template":"","meta":{"om_disable_all_campaigns":false,"_monsterinsights_skip_tracking":false,"_monsterinsights_sitenote_active":false,"_monsterinsights_sitenote_note":"","_monsterinsights_sitenote_category":0},"product_brand":[],"product_cat":[454],"product_tag":[438,437,431,436,434,439,432,433,435,185,430],"class_list":{"0":"post-5334","1":"product","2":"type-product","3":"status-publish","4":"has-post-thumbnail","6":"product_cat-convertidor-de-medios","7":"product_tag-controladores","8":"product_tag-fibra","9":"product_tag-networkin","10":"product_tag-poe","11":"product_tag-ptp-y-ptmp","12":"product_tag-punto-de-acceso","13":"product_tag-redes","14":"product_tag-sectoriales","15":"product_tag-switches-poe","16":"product_tag-tranceptores","17":"product_tag-ubiquiti","19":"first","20":"instock","21":"sale","22":"taxable","23":"shipping-taxable","24":"purchasable","25":"product-type-simple"},"aioseo_notices":[],"_links":{"self":[{"href":"https:\/\/tecsecmty.com\/index.php\/wp-json\/wp\/v2\/product\/5334","targetHints":{"allow":["GET"]}}],"collection":[{"href":"https:\/\/tecsecmty.com\/index.php\/wp-json\/wp\/v2\/product"}],"about":[{"href":"https:\/\/tecsecmty.com\/index.php\/wp-json\/wp\/v2\/types\/product"}],"replies":[{"embeddable":true,"href":"https:\/\/tecsecmty.com\/index.php\/wp-json\/wp\/v2\/comments?post=5334"}],"version-history":[{"count":0,"href":"https:\/\/tecsecmty.com\/index.php\/wp-json\/wp\/v2\/product\/5334\/revisions"}],"wp:featuredmedia":[{"embeddable":true,"href":"https:\/\/tecsecmty.com\/index.php\/wp-json\/wp\/v2\/media\/5333"}],"wp:attachment":[{"href":"https:\/\/tecsecmty.com\/index.php\/wp-json\/wp\/v2\/media?parent=5334"}],"wp:term":[{"taxonomy":"product_brand","embeddable":true,"href":"https:\/\/tecsecmty.com\/index.php\/wp-json\/wp\/v2\/product_brand?post=5334"},{"taxonomy":"product_cat","embeddable":true,"href":"https:\/\/tecsecmty.com\/index.php\/wp-json\/wp\/v2\/product_cat?post=5334"},{"taxonomy":"product_tag","embeddable":true,"href":"https:\/\/tecsecmty.com\/index.php\/wp-json\/wp\/v2\/product_tag?post=5334"}],"curies":[{"name":"wp","href":"https:\/\/api.w.org\/{rel}","templated":true}]}}