{"id":5340,"date":"2023-02-23T11:02:01","date_gmt":"2023-02-23T17:02:01","guid":{"rendered":"https:\/\/tecsecmty.com\/index.php\/producto\/ubiquiti-uf-olt-terminal-de-linea-optica-hasta-1024-onu-concurrentes-8-puertos-sfp-gpon-2-puertos-sfp-10g\/"},"modified":"2023-03-22T23:24:35","modified_gmt":"2023-03-23T05:24:35","slug":"ubiquiti-uf-olt-terminal-de-linea-optica-hasta-1024-onu-concurrentes-8-puertos-sfp-gpon-2-puertos-sfp-10g","status":"publish","type":"product","link":"https:\/\/tecsecmty.com\/index.php\/producto\/ubiquiti-uf-olt-terminal-de-linea-optica-hasta-1024-onu-concurrentes-8-puertos-sfp-gpon-2-puertos-sfp-10g\/","title":{"rendered":"UBIQUITI UF-OLT- TERMINAL DE LINEA OPTICA\/ HASTA 1024 ONU CONCURRENTES\/ 8 PUERTOS SFP GPON\/ 2 PUERTOS SFP+ 10G"},"content":{"rendered":"<p><img decoding=\"async\" class=\"aligncenter\" src=\"https:\/\/tvc.mx\/media\/316935\/olt-features-management1.png\" alt=\" \" \/><\/p>\n<h2>Gesti\u00f3n centralizada<\/h2>\n<p class=\"text-muted\">\n<p>Configure f\u00e1cilmente la OLT y gestionar m\u00faltiples sitios utilizando los UNMS integrales\u00a0\u2122\u00a0(Ubiquiti\u00a0\u00ae\u00a0software del sistema de gesti\u00f3n de red).<\/p>\n<hr class=\"padding-bottom-2x\" \/>\n<div class=\"row align-items-center padding-bottom-2x\">\n<div class=\"col-md-5\"><img decoding=\"async\" class=\"d-block m-auto img-thumbnail\" src=\"https:\/\/tvc.mx\/media\/316903\/olt-features-connectivity-%281%29.png\" alt=\" \" \/><\/div>\n<div class=\"col-md-7 text-md-left text-center\">\n<h2>Conectividad del cliente y enlace ascendente<\/h2>\n<p class=\"text-muted\">\n<p>El OLT cuenta con ocho puertos PON para conectar hasta 1024 dispositivos Nano G, y dos puertos SFP + ofrecen hasta 20 Gbps de conectividad de enlace ascendente.<\/p>\n<hr class=\"padding-bottom-2x\" \/>\n<div class=\"row align-items-center padding-bottom-2x\">\n<div class=\"col-md-5 order-md-2\"><img decoding=\"async\" class=\"d-block m-auto img-thumbnail\" src=\"https:\/\/tvc.mx\/media\/316947\/olt-features-versatility1-%281%29.png\" alt=\" \" \/><\/div>\n<div class=\"col-md-7 order-md-1 text-md-left text-center\">\n<h2>Poder y Versatilidad<\/h2>\n<p class=\"text-muted\">\n<p>Con un bajo consumo de energ\u00eda, el OLT ofrece dos bah\u00edas de alimentaci\u00f3n modulares.\u00a0La primera bah\u00eda incluye un m\u00f3dulo de alimentaci\u00f3n AC \/ DC.\u00a0La segunda bah\u00eda puede albergar un m\u00f3dulo de alimentaci\u00f3n opcional, ya sea un m\u00f3dulo de alimentaci\u00f3n de respaldo AC \/ DC o un m\u00f3dulo de alimentaci\u00f3n DC \/ DC.<\/p>\n<hr class=\"padding-bottom-2x\" \/>\n<div class=\"row align-items-center padding-bottom-2x\">\n<div class=\"col-md-5\"><img decoding=\"async\" class=\"d-block m-auto img-thumbnail\" src=\"https:\/\/tvc.mx\/media\/316951\/olt-features-rackmount1.png\" alt=\" \" \/><\/div>\n<div class=\"col-md-7 text-md-left text-center\">\n<h2>Dise\u00f1o de montaje en bastidor<\/h2>\n<p class=\"text-muted\">\n<p><strong>El consumo de energ\u00eda:\u00a0<\/strong>40 W (sin m\u00f3dulos SFP)<\/p>\n<p><strong>Interfaz de red:\u00a0<\/strong>8 puertos PON y 2 puertos SFP +<\/p>\n<p><strong>Interfaces de gesti\u00f3n:\u00a0<\/strong>Puerto de consola serie RJ45 y Ethernet RJ45 para administraci\u00f3n fuera de banda<\/p>\n<p><strong>Clientes concurrentes:\u00a0<\/strong>Hasta 1024 UFiber ONU (128 por puerto PON)<\/p>\n<p><strong>M\u00f3dulos PON SFP compatibles:\u00a0<\/strong>UF-GP-B + (1 m\u00f3dulo incluido), UF-GP-C +<\/p>\n<p><strong>ONU \/ ONT compatibles:\u00a0<\/strong>UFiber Nano G , UFiber Loco<\/p>\n<p><img decoding=\"async\" src=\"https:\/\/tvc.mx\/media\/493696\/Captura-de-pantalla-2022-08-18-110117.png\" alt=\" \" \/><\/p>\n<h2>Incluye<\/h2>\n<p class=\"text-muted\">\n<ul>\n<li>UFiber OLT<\/li>\n<li>Transmisor SC\/UPC GPON SFP (UF\u2011GP\u2011B+)<\/li>\n<li>Soportes de montaje (cant.: 2)<\/li>\n<li>Abrazaderas de tornillos (cant.: 8)<\/li>\n<li>Tornillos de sujeci\u00f3n (cant.: 4)<\/li>\n<li>Tuercas enjauladas (cant.: 4)<\/li>\n<li>Cable de alimentaci\u00f3n<\/li>\n<li>Base de goma (cant.: 4)<\/li>\n<\/ul>\n<\/div>\n<\/div>\n<\/div>\n<\/div>\n<\/div>\n<\/div>\n","protected":false},"excerpt":{"rendered":"<p>Gesti\u00f3n centralizada Configure f\u00e1cilmente la OLT y gestionar m\u00faltiples sitios utilizando los UNMS integrales\u00a0\u2122\u00a0(Ubiquiti\u00a0\u00ae\u00a0software del sistema de gesti\u00f3n de red). Conectividad del cliente y enlace ascendente El OLT cuenta con ocho puertos PON para conectar hasta 1024 dispositivos Nano G, y dos puertos SFP +&hellip;<\/p>\n","protected":false},"featured_media":5339,"comment_status":"open","ping_status":"closed","template":"","meta":{"om_disable_all_campaigns":false,"_monsterinsights_skip_tracking":false,"_monsterinsights_sitenote_active":false,"_monsterinsights_sitenote_note":"","_monsterinsights_sitenote_category":0},"product_brand":[],"product_cat":[458],"product_tag":[438,437,431,436,434,439,432,433,435,185,430],"class_list":{"0":"post-5340","1":"product","2":"type-product","3":"status-publish","4":"has-post-thumbnail","6":"product_cat-gpon-olt-ont-onu","7":"product_tag-controladores","8":"product_tag-fibra","9":"product_tag-networkin","10":"product_tag-poe","11":"product_tag-ptp-y-ptmp","12":"product_tag-punto-de-acceso","13":"product_tag-redes","14":"product_tag-sectoriales","15":"product_tag-switches-poe","16":"product_tag-tranceptores","17":"product_tag-ubiquiti","19":"first","20":"instock","21":"sale","22":"taxable","23":"shipping-taxable","24":"purchasable","25":"product-type-simple"},"aioseo_notices":[],"_links":{"self":[{"href":"https:\/\/tecsecmty.com\/index.php\/wp-json\/wp\/v2\/product\/5340","targetHints":{"allow":["GET"]}}],"collection":[{"href":"https:\/\/tecsecmty.com\/index.php\/wp-json\/wp\/v2\/product"}],"about":[{"href":"https:\/\/tecsecmty.com\/index.php\/wp-json\/wp\/v2\/types\/product"}],"replies":[{"embeddable":true,"href":"https:\/\/tecsecmty.com\/index.php\/wp-json\/wp\/v2\/comments?post=5340"}],"version-history":[{"count":0,"href":"https:\/\/tecsecmty.com\/index.php\/wp-json\/wp\/v2\/product\/5340\/revisions"}],"wp:featuredmedia":[{"embeddable":true,"href":"https:\/\/tecsecmty.com\/index.php\/wp-json\/wp\/v2\/media\/5339"}],"wp:attachment":[{"href":"https:\/\/tecsecmty.com\/index.php\/wp-json\/wp\/v2\/media?parent=5340"}],"wp:term":[{"taxonomy":"product_brand","embeddable":true,"href":"https:\/\/tecsecmty.com\/index.php\/wp-json\/wp\/v2\/product_brand?post=5340"},{"taxonomy":"product_cat","embeddable":true,"href":"https:\/\/tecsecmty.com\/index.php\/wp-json\/wp\/v2\/product_cat?post=5340"},{"taxonomy":"product_tag","embeddable":true,"href":"https:\/\/tecsecmty.com\/index.php\/wp-json\/wp\/v2\/product_tag?post=5340"}],"curies":[{"name":"wp","href":"https:\/\/api.w.org\/{rel}","templated":true}]}}