{"id":5342,"date":"2023-02-23T11:02:04","date_gmt":"2023-02-23T17:02:04","guid":{"rendered":"https:\/\/tecsecmty.com\/index.php\/producto\/ubiquiti-uf-olt-4-terminal-de-linea-optica-hasta-512-onu-concurrentes-4-puertos-sfp-gpo-n-1-puerto-sfp-10g-lonuevo\/"},"modified":"2023-03-22T23:24:35","modified_gmt":"2023-03-23T05:24:35","slug":"ubiquiti-uf-olt-4-terminal-de-linea-optica-hasta-512-onu-concurrentes-4-puertos-sfp-gpo-n-1-puerto-sfp-10g-lonuevo","status":"publish","type":"product","link":"https:\/\/tecsecmty.com\/index.php\/producto\/ubiquiti-uf-olt-4-terminal-de-linea-optica-hasta-512-onu-concurrentes-4-puertos-sfp-gpo-n-1-puerto-sfp-10g-lonuevo\/","title":{"rendered":"UBIQUITI UF-OLT-4 &#8211; TERMINAL DE LINEA OPTICA\/ HASTA 512 ONU CONCURRENTES\/ 4 PUERTOS SFP GPO N\/ 1 PUERTO SFP+ 10G #LONUEVO"},"content":{"rendered":"<div class=\"col-md-5 order-md-2\"><img decoding=\"async\" class=\"d-block m-auto img-thumbnail\" src=\"https:\/\/tvc.mx\/media\/317151\/ubiquiti-uf-olt-4-512-client-capacity-gpon-olt-with-unms-management_741956-%281%29.png\" alt=\" \" \/><\/div>\n<div class=\"col-md-7 order-md-1 text-md-left text-center\">\n<h2>Terminal de l\u00ednea \u00f3ptica de 4 puertos<\/h2>\n<p class=\"text-muted\">\n<p>Configurar una red de fibra se volvi\u00f3 tan f\u00e1cil como configurar un tel\u00e9fono inteligente.\u00a0D\u00edgale adi\u00f3s a las l\u00edneas de comando, los manuales y las licencias de soporte pagas.\u00a0Presentamos UFiber OLT 4, una soluci\u00f3n de fibra que cualquiera puede implementar.<\/p>\n<hr class=\"padding-bottom-2x\" \/>\n<div class=\"row align-items-center padding-bottom-2x\">\n<div class=\"col-md-5\"><img decoding=\"async\" class=\"d-block m-auto img-thumbnail\" src=\"https:\/\/tvc.mx\/media\/317175\/olt-4-features-connectivity1-%281%29.png\" alt=\" \" \/><\/div>\n<div class=\"col-md-7 text-md-left text-center\">\n<h2>Conectividad de cliente y enlace ascendente<\/h2>\n<p class=\"text-muted\">\n<p>El OLT cuenta con cuatro puertos PON para conectar hasta 512 ONU, y el puerto SFP + ofrece hasta 10 Gbps de conectividad de enlace ascendente.<\/p>\n<p><img decoding=\"async\" src=\"https:\/\/tvc.mx\/media\/317179\/olt-4-features-rackmount1.png\" alt=\" \" \/><\/p>\n<h2>Dise\u00f1o de montaje en bastidor<\/h2>\n<p class=\"text-muted\">\n<p>El chasis de metal de 1U de altura permite un montaje conveniente en un bastidor de tama\u00f1o est\u00e1ndar de 19 \u00abde ancho.<\/p>\n<div class=\"col-md-5\"><img decoding=\"async\" class=\"d-block m-auto img-thumbnail\" src=\"https:\/\/tvc.mx\/media\/317183\/olt-4-features-management02.png\" alt=\" \" \/><\/div>\n<div class=\"col-md-7 text-md-left text-center\">\n<h2>Gesti\u00f3n centralizada<\/h2>\n<p class=\"text-muted\">\n<p class=\"ql-align-justify\">Configure f\u00e1cilmente la OLT y gestionar m\u00faltiples sitios utilizando los UNMS integrales\u00a0\u2122\u00a0(Ubiquiti\u00a0\u00ae\u00a0software del sistema de gesti\u00f3n de red).<\/p>\n<p><img decoding=\"async\" src=\"https:\/\/tvc.mx\/media\/493634\/Captura-de-pantalla-2022-08-18-094026.png\" alt=\" \" \/><\/p>\n<h2>Incluye<\/h2>\n<p class=\"text-muted\">\n<ul>\n<li>UFiber OLT-4<\/li>\n<li>Transceptor SC\/UPC GPON SFP (UF\u2011GP\u2011B+)<\/li>\n<li>Soportes de montaje (cant. 2)<\/li>\n<li>Tornillos de soporte (cant. 8)<\/li>\n<li>Tornillos de montaje (cant. 4)<\/li>\n<li>Tuercas enjauladas (cant. 4)<\/li>\n<li>Cable de alimentaci\u00f3n<\/li>\n<li>Patas de goma (cant. 4)<\/li>\n<\/ul>\n<\/div>\n<\/div>\n<\/div>\n<\/div>\n","protected":false},"excerpt":{"rendered":"<p>Terminal de l\u00ednea \u00f3ptica de 4 puertos Configurar una red de fibra se volvi\u00f3 tan f\u00e1cil como configurar un tel\u00e9fono inteligente.\u00a0D\u00edgale adi\u00f3s a las l\u00edneas de comando, los manuales y las licencias de soporte pagas.\u00a0Presentamos UFiber OLT 4, una soluci\u00f3n de fibra que cualquiera puede&hellip;<\/p>\n","protected":false},"featured_media":5341,"comment_status":"open","ping_status":"closed","template":"","meta":{"om_disable_all_campaigns":false,"_monsterinsights_skip_tracking":false,"_monsterinsights_sitenote_active":false,"_monsterinsights_sitenote_note":"","_monsterinsights_sitenote_category":0},"product_brand":[],"product_cat":[458],"product_tag":[438,437,431,436,434,439,432,433,435,185,430],"class_list":{"0":"post-5342","1":"product","2":"type-product","3":"status-publish","4":"has-post-thumbnail","6":"product_cat-gpon-olt-ont-onu","7":"product_tag-controladores","8":"product_tag-fibra","9":"product_tag-networkin","10":"product_tag-poe","11":"product_tag-ptp-y-ptmp","12":"product_tag-punto-de-acceso","13":"product_tag-redes","14":"product_tag-sectoriales","15":"product_tag-switches-poe","16":"product_tag-tranceptores","17":"product_tag-ubiquiti","19":"first","20":"instock","21":"sale","22":"taxable","23":"shipping-taxable","24":"purchasable","25":"product-type-simple"},"aioseo_notices":[],"_links":{"self":[{"href":"https:\/\/tecsecmty.com\/index.php\/wp-json\/wp\/v2\/product\/5342","targetHints":{"allow":["GET"]}}],"collection":[{"href":"https:\/\/tecsecmty.com\/index.php\/wp-json\/wp\/v2\/product"}],"about":[{"href":"https:\/\/tecsecmty.com\/index.php\/wp-json\/wp\/v2\/types\/product"}],"replies":[{"embeddable":true,"href":"https:\/\/tecsecmty.com\/index.php\/wp-json\/wp\/v2\/comments?post=5342"}],"version-history":[{"count":0,"href":"https:\/\/tecsecmty.com\/index.php\/wp-json\/wp\/v2\/product\/5342\/revisions"}],"wp:featuredmedia":[{"embeddable":true,"href":"https:\/\/tecsecmty.com\/index.php\/wp-json\/wp\/v2\/media\/5341"}],"wp:attachment":[{"href":"https:\/\/tecsecmty.com\/index.php\/wp-json\/wp\/v2\/media?parent=5342"}],"wp:term":[{"taxonomy":"product_brand","embeddable":true,"href":"https:\/\/tecsecmty.com\/index.php\/wp-json\/wp\/v2\/product_brand?post=5342"},{"taxonomy":"product_cat","embeddable":true,"href":"https:\/\/tecsecmty.com\/index.php\/wp-json\/wp\/v2\/product_cat?post=5342"},{"taxonomy":"product_tag","embeddable":true,"href":"https:\/\/tecsecmty.com\/index.php\/wp-json\/wp\/v2\/product_tag?post=5342"}],"curies":[{"name":"wp","href":"https:\/\/api.w.org\/{rel}","templated":true}]}}