{"id":5422,"date":"2023-02-23T11:03:42","date_gmt":"2023-02-23T17:03:42","guid":{"rendered":"https:\/\/tecsecmty.com\/index.php\/producto\/utepo-utp1sw1602tspoe-switch-poe-16-puertos-poe-fast-ethernet-1-puertos-combo-gigabit-sfp-rj45-1-puerto-gigabit-rj45-802-3afat-poe-180-watts\/"},"modified":"2023-03-22T23:24:38","modified_gmt":"2023-03-23T05:24:38","slug":"utepo-utp1sw1602tspoe-switch-poe-16-puertos-poe-fast-ethernet-1-puertos-combo-gigabit-sfp-rj45-1-puerto-gigabit-rj45-802-3afat-poe-180-watts","status":"publish","type":"product","link":"https:\/\/tecsecmty.com\/index.php\/producto\/utepo-utp1sw1602tspoe-switch-poe-16-puertos-poe-fast-ethernet-1-puertos-combo-gigabit-sfp-rj45-1-puerto-gigabit-rj45-802-3afat-poe-180-watts\/","title":{"rendered":"UTEPO UTP1SW1602TSPOE &#8211; Switch PoE \/ 16 Puertos PoE fast ethernet \/ 1 Puertos combo Gigabit SFP RJ45 \/ 1 Puerto Gigabit RJ45 \/ 802.3af&amp;AT \/ PoE 180 Watts \/"},"content":{"rendered":"<h5 class=\"card-title text-center\">Informaci\u00f3n general<\/h5>\n<p class=\"ql-align-justify\">La serie de switches PoE UTP1SW1602TSPOE son dispositivos no administrables las cuales lo componen por 16 puertos PoE Fast Ethernet con capacidad de suministro PoE 802.3af\/at y adicionalmente cuenta con 2 puertos Gigabit Ethernet para la subida de informaci\u00f3n y uno de esos puertos est\u00e1 definido como puerto combo ya que se puede utilizar con cable RJ-45 o bien a trav\u00e9s de fibra \u00f3ptica con un transceptor SFP.<\/p>\n<p><img fetchpriority=\"high\" decoding=\"async\" class=\"alignnone size-full wp-image-9885\" src=\"https:\/\/tecsecmty.com\/wp-content\/uploads\/2023\/02\/Uplink.png\" alt=\"\" width=\"1920\" height=\"400\" \/><\/p>\n<h5 class=\"card-title text-center\">Puertos de subida Gigabit Ethernet.<\/h5>\n<p class=\"ql-align-justify\">El switch Utepo cuenta con 16 puertos PoE completamente para la descarga (Downlink) de informaci\u00f3n, puede conectar hasta 16 dispositivos PoE sin necesidad de conectarlas a una fuente externa (siempre y cuando su consumo de corriente no sobrepase el total que soporta el equipo).<\/p>\n<p class=\"ql-align-justify\">As\u00ed tambi\u00e9n sus dos puertos Uplink permiten subir la informaci\u00f3n hacia su NVR\/server a gran capacidad de transferencia ya que cuentan con capacidad Gigabit Ethernet y uno de los dos puertos es combo con SFP para que se puedan interconectar a trav\u00e9s de fibra \u00f3ptica.<\/p>\n<p><img decoding=\"async\" class=\"alignnone size-full wp-image-9887\" src=\"https:\/\/tecsecmty.com\/wp-content\/uploads\/2023\/02\/LedPoE.png\" alt=\"\" width=\"1920\" height=\"400\" \/><\/p>\n<h5 class=\"card-title text-center\">Especificaciones t\u00e9cnicas<\/h5>\n<p class=\"ql-align-justify\">Puertos de descarga: 16 puertos RJ-45 Fast Ethernet 10\/100Mbps.<\/p>\n<p class=\"ql-align-justify\">Puertos de subida: 2 puertos RJ-45 10\/100\/1000Mbps (uno es combo SFP 1000Base-X).<\/p>\n<p class=\"ql-align-justify\">Fuente de alimentaci\u00f3n: 100 \u2013 240VAC. 50\/60Hz.<\/p>\n<p class=\"ql-align-justify\">M\u00e1ximo presupuesto PoE: 180W.<\/p>\n<p class=\"ql-align-justify\">M\u00e1xima salida PoE: \u226430W, voltaje; 54VDC.<\/p>\n<p class=\"ql-align-justify\">Con Modo CCTV activado:<\/p>\n<p class=\"ql-align-justify\">1.\u00a0Puertos de descarga solo se comunican con los puertos Uplink.<\/p>\n<p class=\"ql-align-justify\">2.\u00a0Restricci\u00f3n de tormentas de red menores a 2Mbps.<\/p>\n<p class=\"ql-align-justify\">3.\u00a0Distancia de transmisi\u00f3n hasta 250m.<\/p>\n<p class=\"ql-align-justify\">4.\u00a0Reducci\u00f3n de rendimiento a 10Mbps.<\/p>\n<p class=\"ql-align-justify\">Distancia m\u00e1xima de transmisi\u00f3n (sin modo CCTV): 100m.<\/p>\n<p class=\"ql-align-justify\">Temperatura de operaci\u00f3n: -10\u00b0C ~ 45\u00b0C.<\/p>\n<p class=\"ql-align-justify\">Humedad: 0 ~ 95% sin condensaci\u00f3n.<\/p>\n","protected":false},"excerpt":{"rendered":"<p>Informaci\u00f3n general La serie de switches PoE UTP1SW1602TSPOE son dispositivos no administrables las cuales lo componen por 16 puertos PoE Fast Ethernet con capacidad de suministro PoE 802.3af\/at y adicionalmente cuenta con 2 puertos Gigabit Ethernet para la subida de informaci\u00f3n y uno de esos&hellip;<\/p>\n","protected":false},"featured_media":5421,"comment_status":"open","ping_status":"closed","template":"","meta":{"om_disable_all_campaigns":false,"_monsterinsights_skip_tracking":false,"_monsterinsights_sitenote_active":false,"_monsterinsights_sitenote_note":"","_monsterinsights_sitenote_category":0},"product_brand":[],"product_cat":[468],"product_tag":[438,437,431,436,434,439,432,433,435,185,430],"class_list":{"0":"post-5422","1":"product","2":"type-product","3":"status-publish","4":"has-post-thumbnail","6":"product_cat-switches-poe-networking-utepo","7":"product_tag-controladores","8":"product_tag-fibra","9":"product_tag-networkin","10":"product_tag-poe","11":"product_tag-ptp-y-ptmp","12":"product_tag-punto-de-acceso","13":"product_tag-redes","14":"product_tag-sectoriales","15":"product_tag-switches-poe","16":"product_tag-tranceptores","17":"product_tag-ubiquiti","19":"first","20":"instock","21":"sale","22":"taxable","23":"shipping-taxable","24":"purchasable","25":"product-type-simple"},"aioseo_notices":[],"_links":{"self":[{"href":"https:\/\/tecsecmty.com\/index.php\/wp-json\/wp\/v2\/product\/5422","targetHints":{"allow":["GET"]}}],"collection":[{"href":"https:\/\/tecsecmty.com\/index.php\/wp-json\/wp\/v2\/product"}],"about":[{"href":"https:\/\/tecsecmty.com\/index.php\/wp-json\/wp\/v2\/types\/product"}],"replies":[{"embeddable":true,"href":"https:\/\/tecsecmty.com\/index.php\/wp-json\/wp\/v2\/comments?post=5422"}],"version-history":[{"count":0,"href":"https:\/\/tecsecmty.com\/index.php\/wp-json\/wp\/v2\/product\/5422\/revisions"}],"wp:featuredmedia":[{"embeddable":true,"href":"https:\/\/tecsecmty.com\/index.php\/wp-json\/wp\/v2\/media\/5421"}],"wp:attachment":[{"href":"https:\/\/tecsecmty.com\/index.php\/wp-json\/wp\/v2\/media?parent=5422"}],"wp:term":[{"taxonomy":"product_brand","embeddable":true,"href":"https:\/\/tecsecmty.com\/index.php\/wp-json\/wp\/v2\/product_brand?post=5422"},{"taxonomy":"product_cat","embeddable":true,"href":"https:\/\/tecsecmty.com\/index.php\/wp-json\/wp\/v2\/product_cat?post=5422"},{"taxonomy":"product_tag","embeddable":true,"href":"https:\/\/tecsecmty.com\/index.php\/wp-json\/wp\/v2\/product_tag?post=5422"}],"curies":[{"name":"wp","href":"https:\/\/api.w.org\/{rel}","templated":true}]}}