{"id":5462,"date":"2023-02-23T11:04:33","date_gmt":"2023-02-23T17:04:33","guid":{"rendered":"https:\/\/tecsecmty.com\/index.php\/producto\/vivotek-aw-gev-267a-370-vivocam-switch-poe-administrable-l2-24-puertos-poe-ge-rj45-2-puertos-combo-ge-rj45sfp-370w-totales-30w-por-puerto-52gbps-gestion-de-vigilancia-ip\/"},"modified":"2023-03-22T23:24:43","modified_gmt":"2023-03-23T05:24:43","slug":"vivotek-aw-gev-267a-370-vivocam-switch-poe-administrable-l2-24-puertos-poe-ge-rj45-2-puertos-combo-ge-rj45sfp-370w-totales-30w-por-puerto-52gbps-gestion-de-vigilancia-ip","status":"publish","type":"product","link":"https:\/\/tecsecmty.com\/index.php\/producto\/vivotek-aw-gev-267a-370-vivocam-switch-poe-administrable-l2-24-puertos-poe-ge-rj45-2-puertos-combo-ge-rj45sfp-370w-totales-30w-por-puerto-52gbps-gestion-de-vigilancia-ip\/","title":{"rendered":"VIVOTEK AW-GEV-267A-370 &#8211; VIVOCAM Switch PoE Administrable L2+\/ 24 puertos PoE GE RJ45\/ 2 puertos Combo GE RJ45,SFP \/ 370W Totales\/ 30W por puerto\/ 52Gbps\/ Gesti\u00f3n de Vigilancia IP"},"content":{"rendered":"<div class=\"row aling-items-center padding-bottom-2x\">\n<div class=\"col-lg-12\">\n<h5 class=\"card-title text-center\">Informaci\u00f3n General<\/h5>\n<p>La serie VivoCam L2 + es el switch PoE administrable capa 2 Plus con funciones de gesti\u00f3n de vigilancia IP. Este Switch no solo es un switch PoE est\u00e1ndar administrado por capa 2 Plus, sino que tambi\u00e9n puede configurar y configurar c\u00e1maras IP VIVOTEK, servidores de video y permite a los usuarios encontrar todos los dispositivos VIVOTEK e implementar un sistema de red de vigilancia autom\u00e1ticamente.<\/p>\n<p><img decoding=\"async\" class=\"overview-center-img-web\" src=\"https:\/\/tvc.mx\/media\/62661\/AWGEV267A370-.png\" alt=\"\" \/><\/div>\n<\/div>\n<div class=\"row aling-items-center padding-bottom-2x\">\n<div class=\"col-lg-12\">\n<h5 class=\"card-title text-center\">Caracter\u00edsticas Generales<\/h5>\n<p><strong>Gesti\u00f3n de vigilancia IP<\/strong><\/p>\n<ul>\n<li>Auto-sincronizaci\u00f3n con todos los conmutadores VivoCam<\/li>\n<li>Detecci\u00f3n autom\u00e1tica y clasificaci\u00f3n de dispositivos de red<\/li>\n<li>Configuraci\u00f3n de la c\u00e1mara del lote, importaci\u00f3n y exportaci\u00f3n de archivos<\/li>\n<li>Configuraci\u00f3n de inicio de sesi\u00f3n \/ red de c\u00e1mara por lotes<\/li>\n<li>Vista de topolog\u00eda de vigilancia generada autom\u00e1ticamente<\/li>\n<li>Configuraci\u00f3n Easy Tag VLAN en la vista de topolog\u00eda<\/li>\n<li>Smart Device-Management en la vista de topolog\u00eda<\/li>\n<li>Control de encendido \/ apagado de PoE en la vista de topolog\u00eda<\/li>\n<li>Mostrar la transmisi\u00f3n en vivo de la c\u00e1mara IP en la vista de topolog\u00eda, vista desde el piso y vista de mapa de Google<\/li>\n<\/ul>\n<p><strong>Funciones de switch PoE L2+<\/strong><\/p>\n<ul>\n<li>Admite caracter\u00edsticas administradas L2 +<\/li>\n<li>Admite servidor DHCP<\/li>\n<li>Admite la ruta est\u00e1tica IPv4 \/ IPv6 L3<\/li>\n<li>Admite VLAN IEEE802.1Q (hasta 4096), etiqueta Dobule (Q-in-Q)<\/li>\n<li>Admite VLAN de protocolo IEEE802.1v y VLAN basada en MAC<\/li>\n<li>Admite 802.1d (STP), 802.1w (RSTP) y 802.1s (MSTP)<\/li>\n<li>Admite LACP y agregaci\u00f3n de enlaces est\u00e1ticos<\/li>\n<li>Admite SNMP v1 \/ v2c \/ v3 para administraci\u00f3n<\/li>\n<li>Compatible con HTTPs \/ SSL \/ SSHv1 y v2 para una conexi\u00f3n segura<\/li>\n<li>Admite una imagen doble para la copia de seguridad del firmware del conmutador<\/li>\n<li>Admite diagn\u00f3sticos para conexi\u00f3n y estado del cable<\/li>\n<\/ul>\n<p><img decoding=\"async\" class=\"overview-center-img-web\" src=\"https:\/\/tvc.mx\/media\/62700\/Blanco.png\" alt=\"\" \/><\/div>\n<\/div>\n<div class=\"row aling-items-center padding-bottom-2x\">\n<div class=\"col-lg-12\">\n<h5 class=\"card-title text-center\">Vista Topologica, para una mejor visualizaci\u00f3n de equipos de vigilancia<\/h5>\n<p>Gesti\u00f3n de dispositivos<\/p>\n<p>F\u00e1cil configuraci\u00f3n de red, abrir la interfaz de usuario web de la c\u00e1mara, diagnosticar la conexi\u00f3n de la c\u00e1mara y el estado del cable, mostrar la transmisi\u00f3n en vivo de la c\u00e1mara, cambiar la configuraci\u00f3n de red de la c\u00e1mara, restaurar el valor predeterminado, el consumo de PoE y el control de encendido \/ apagado de PoE.<\/p>\n<p><img decoding=\"async\" class=\"overview-center-img-web\" src=\"https:\/\/tvc.mx\/media\/62814\/vista-topologica.png\" alt=\"\" \/><\/div>\n<\/div>\n<div class=\"row aling-items-center padding-bottom-2x\">\n<div class=\"col-lg-12\">\n<h5 class=\"card-title text-center\">Administraci\u00f3n Inteligente<\/h5>\n<p>La serie VivoCam L2 + tambi\u00e9n presenta Vista gr\u00e1fica, como la vista Topolog\u00eda \/ Mapa para controlar y comprender la estructura de la red y la situaci\u00f3n del dispositivo, y la integraci\u00f3n de Google Map para ver el estado de la situaci\u00f3n del sistema para aplicaciones en exteriores. No solo presenta funciones de configuraci\u00f3n del entorno de red de vigilancia, sino que las funciones de resoluci\u00f3n de problemas y monitoreo de tr\u00e1fico tambi\u00e9n ayudan a los usuarios a aclarar y solucionar cualquier problema de conexi\u00f3n o dispositivo. Adem\u00e1s, los usuarios tambi\u00e9n pueden importar y exportar sus archivos de configuraci\u00f3n de la c\u00e1mara IP \/ servidor de video VIVOTEK y la actualizaci\u00f3n del firmware de las c\u00e1maras VIVOTEK por lotes a trav\u00e9s de la interfaz de usuario web del conmutador PoE administrado VivoCam L2 +. Con todas estas caracter\u00edsticas y m\u00e1s, la serie VivoCam L2 + es la mejor soluci\u00f3n de PoE para instalar y administrar sus dispositivos de vigilancia VIVOTEK.<\/p>\n<p><img decoding=\"async\" class=\"overview-center-img-web\" src=\"https:\/\/tvc.mx\/media\/62853\/awgetadministracion.png\" alt=\"\" \/><\/div>\n<\/div>\n","protected":false},"excerpt":{"rendered":"<p>Informaci\u00f3n General La serie VivoCam L2 + es el switch PoE administrable capa 2 Plus con funciones de gesti\u00f3n de vigilancia IP. Este Switch no solo es un switch PoE est\u00e1ndar administrado por capa 2 Plus, sino que tambi\u00e9n puede configurar y configurar c\u00e1maras IP&hellip;<\/p>\n","protected":false},"featured_media":5461,"comment_status":"open","ping_status":"closed","template":"","meta":{"om_disable_all_campaigns":false,"_monsterinsights_skip_tracking":false,"_monsterinsights_sitenote_active":false,"_monsterinsights_sitenote_note":"","_monsterinsights_sitenote_category":0},"product_brand":[],"product_cat":[471],"product_tag":[438,437,431,436,434,439,432,433,435,185,430],"class_list":{"0":"post-5462","1":"product","2":"type-product","3":"status-publish","4":"has-post-thumbnail","6":"product_cat-switches-poe-networking-vivotek-redes","7":"product_tag-controladores","8":"product_tag-fibra","9":"product_tag-networkin","10":"product_tag-poe","11":"product_tag-ptp-y-ptmp","12":"product_tag-punto-de-acceso","13":"product_tag-redes","14":"product_tag-sectoriales","15":"product_tag-switches-poe","16":"product_tag-tranceptores","17":"product_tag-ubiquiti","19":"first","20":"instock","21":"sale","22":"taxable","23":"shipping-taxable","24":"purchasable","25":"product-type-simple"},"aioseo_notices":[],"_links":{"self":[{"href":"https:\/\/tecsecmty.com\/index.php\/wp-json\/wp\/v2\/product\/5462","targetHints":{"allow":["GET"]}}],"collection":[{"href":"https:\/\/tecsecmty.com\/index.php\/wp-json\/wp\/v2\/product"}],"about":[{"href":"https:\/\/tecsecmty.com\/index.php\/wp-json\/wp\/v2\/types\/product"}],"replies":[{"embeddable":true,"href":"https:\/\/tecsecmty.com\/index.php\/wp-json\/wp\/v2\/comments?post=5462"}],"version-history":[{"count":0,"href":"https:\/\/tecsecmty.com\/index.php\/wp-json\/wp\/v2\/product\/5462\/revisions"}],"wp:featuredmedia":[{"embeddable":true,"href":"https:\/\/tecsecmty.com\/index.php\/wp-json\/wp\/v2\/media\/5461"}],"wp:attachment":[{"href":"https:\/\/tecsecmty.com\/index.php\/wp-json\/wp\/v2\/media?parent=5462"}],"wp:term":[{"taxonomy":"product_brand","embeddable":true,"href":"https:\/\/tecsecmty.com\/index.php\/wp-json\/wp\/v2\/product_brand?post=5462"},{"taxonomy":"product_cat","embeddable":true,"href":"https:\/\/tecsecmty.com\/index.php\/wp-json\/wp\/v2\/product_cat?post=5462"},{"taxonomy":"product_tag","embeddable":true,"href":"https:\/\/tecsecmty.com\/index.php\/wp-json\/wp\/v2\/product_tag?post=5462"}],"curies":[{"name":"wp","href":"https:\/\/api.w.org\/{rel}","templated":true}]}}