{"id":5548,"date":"2023-02-23T11:06:13","date_gmt":"2023-02-23T17:06:13","guid":{"rendered":"https:\/\/tecsecmty.com\/index.php\/producto\/ubiquiti-u6-lite-punto-de-acceso-2x2-wi-fi-6-1-5-gbps-con-radios-de-5-ghz-mu-mimo-y-ofdma-y-2-4-ghz-mimo\/"},"modified":"2023-03-22T23:24:33","modified_gmt":"2023-03-23T05:24:33","slug":"ubiquiti-u6-lite-punto-de-acceso-2x2-wi-fi-6-1-5-gbps-con-radios-de-5-ghz-mu-mimo-y-ofdma-y-2-4-ghz-mimo","status":"publish","type":"product","link":"https:\/\/tecsecmty.com\/index.php\/producto\/ubiquiti-u6-lite-punto-de-acceso-2x2-wi-fi-6-1-5-gbps-con-radios-de-5-ghz-mu-mimo-y-ofdma-y-2-4-ghz-mimo\/","title":{"rendered":"UBIQUITI U6-LITE &#8211; Punto de acceso 2&#215;2 Wi-Fi 6 1.5 Gbps con radios de 5 GHz (MU-MIMO y OFDMA) y 2.4 GHz (MIMO)"},"content":{"rendered":"<div class=\"col-md-5 order-md-2\"><img decoding=\"async\" class=\"d-block m-auto img-thumbnail\" src=\"https:\/\/tvc.mx\/media\/318303\/U6-Lite_04_5f8cef1a-6659-44b8-ab84-2e90b12f6837_1500x%403x.png\" alt=\" \" \/><\/div>\n<div class=\"col-md-7 order-md-1 text-md-left text-center\">\n<h2>Punto de acceso WiFi 6<\/h2>\n<p class=\"text-muted\">\n<p>El Access Point U6-Lite es un punto de acceso 2&#215;2 WiFi 6 que puede alcanzar una tasa de rendimiento total de hasta 1.5 Gbps con sus bandas de 5 GHz (MU-MIMO y OFDMA) y 2.4 GHz (MIMO).\u00a0El U6-Lite puede montarse en el techo para ampliar la cobertura de la se\u00f1al y admitir redes con gran densidad de dispositivos, o puede montarse en una pared para extender su se\u00f1al en una direcci\u00f3n espec\u00edfica.<\/p>\n<p>El compacto U6-Lite tambi\u00e9n tiene el mismo factor de forma que el UAP nanoHD, por lo que puede reutilizar sus cubiertas y el soporte de montaje empotrado.\u00a0El U6-Lite simplifica el proceso de llevar WiFi 6 a su hogar u oficina.\u00a0Puede configurarse en minutos y administrarse por completo con la aplicaci\u00f3n web o la aplicaci\u00f3n m\u00f3vil UniFi Network.<\/p>\n<\/div>\n<p>&nbsp;<\/p>\n<p>&nbsp;<\/p>\n<p>&nbsp;<\/p>\n<p>&nbsp;<\/p>\n<p>&nbsp;<\/p>\n<p>&nbsp;<\/p>\n<p>&nbsp;<\/p>\n<p>&nbsp;<\/p>\n<p>&nbsp;<\/p>\n<p>&nbsp;<\/p>\n<p>&nbsp;<\/p>\n<hr class=\"padding-bottom-2x\" \/>\n<div class=\"row align-items-center padding-bottom-2x\">\n<div class=\"col-md-5\"><img decoding=\"async\" class=\"d-block m-auto img-thumbnail\" src=\"https:\/\/tvc.mx\/media\/533527\/U6-Lite_05_grande.png\" alt=\" \" \/><\/div>\n<div class=\"col-md-7 text-md-left text-center\">\n<h2>Principales Caracter\u00edsticas<\/h2>\n<p class=\"text-muted\">\n<ul>\n<li>WiFi 2&#215;2 de alta eficiencia (WiFi 6) (802.11ax)<\/li>\n<li>Banda de 5 GHz (2&#215;2 MU-MIMO y OFDMA) con tasa de rendimiento de 1.2 Gbps<\/li>\n<li>Banda de 2.4 GHz (2&#215;2 MIMO) con tasa de rendimiento de 300 Mbps<\/li>\n<li>Alimentado por PoE 802.3af<\/li>\n<li>Se adapta a las cubiertas UAP nanoHD y al soporte de montaje empotrado<\/li>\n<\/ul>\n<p>&nbsp;<\/p>\n<\/div>\n<\/div>\n<hr class=\"padding-bottom-2x\" \/>\n<div class=\"row align-items-center padding-bottom-2x\">\n<div class=\"col-md-5 order-md-2\"><img decoding=\"async\" class=\"d-block m-auto img-thumbnail\" src=\"https:\/\/tvc.mx\/media\/533531\/Captura-de-pantalla-2022-10-11-103118.png\" alt=\" \" \/><\/div>\n<div class=\"col-md-7 order-md-1 text-md-left text-center\">\n<h2>Incluye<\/h2>\n<p class=\"text-muted\">\n<ul>\n<li>U6-Lite<\/li>\n<li>Soporte de montaje<\/li>\n<li>Kit de instalaci\u00f3n<\/li>\n<li>No incluye adaptador PoE<\/li>\n<\/ul>\n<\/div>\n<\/div>\n","protected":false},"excerpt":{"rendered":"<p>Punto de acceso WiFi 6 El Access Point U6-Lite es un punto de acceso 2&#215;2 WiFi 6 que puede alcanzar una tasa de rendimiento total de hasta 1.5 Gbps con sus bandas de 5 GHz (MU-MIMO y OFDMA) y 2.4 GHz (MIMO).\u00a0El U6-Lite puede montarse&hellip;<\/p>\n","protected":false},"featured_media":5547,"comment_status":"open","ping_status":"closed","template":"","meta":{"om_disable_all_campaigns":false,"_monsterinsights_skip_tracking":false,"_monsterinsights_sitenote_active":false,"_monsterinsights_sitenote_note":"","_monsterinsights_sitenote_category":0},"product_brand":[],"product_cat":[485],"product_tag":[438,437,431,436,434,439,432,433,435,185,430],"class_list":{"0":"post-5548","1":"product","2":"type-product","3":"status-publish","4":"has-post-thumbnail","6":"product_cat-puntos-de-acceso","7":"product_tag-controladores","8":"product_tag-fibra","9":"product_tag-networkin","10":"product_tag-poe","11":"product_tag-ptp-y-ptmp","12":"product_tag-punto-de-acceso","13":"product_tag-redes","14":"product_tag-sectoriales","15":"product_tag-switches-poe","16":"product_tag-tranceptores","17":"product_tag-ubiquiti","19":"first","20":"instock","21":"sale","22":"taxable","23":"shipping-taxable","24":"purchasable","25":"product-type-simple"},"aioseo_notices":[],"_links":{"self":[{"href":"https:\/\/tecsecmty.com\/index.php\/wp-json\/wp\/v2\/product\/5548","targetHints":{"allow":["GET"]}}],"collection":[{"href":"https:\/\/tecsecmty.com\/index.php\/wp-json\/wp\/v2\/product"}],"about":[{"href":"https:\/\/tecsecmty.com\/index.php\/wp-json\/wp\/v2\/types\/product"}],"replies":[{"embeddable":true,"href":"https:\/\/tecsecmty.com\/index.php\/wp-json\/wp\/v2\/comments?post=5548"}],"version-history":[{"count":0,"href":"https:\/\/tecsecmty.com\/index.php\/wp-json\/wp\/v2\/product\/5548\/revisions"}],"wp:featuredmedia":[{"embeddable":true,"href":"https:\/\/tecsecmty.com\/index.php\/wp-json\/wp\/v2\/media\/5547"}],"wp:attachment":[{"href":"https:\/\/tecsecmty.com\/index.php\/wp-json\/wp\/v2\/media?parent=5548"}],"wp:term":[{"taxonomy":"product_brand","embeddable":true,"href":"https:\/\/tecsecmty.com\/index.php\/wp-json\/wp\/v2\/product_brand?post=5548"},{"taxonomy":"product_cat","embeddable":true,"href":"https:\/\/tecsecmty.com\/index.php\/wp-json\/wp\/v2\/product_cat?post=5548"},{"taxonomy":"product_tag","embeddable":true,"href":"https:\/\/tecsecmty.com\/index.php\/wp-json\/wp\/v2\/product_tag?post=5548"}],"curies":[{"name":"wp","href":"https:\/\/api.w.org\/{rel}","templated":true}]}}