{"id":5554,"date":"2023-02-23T11:06:24","date_gmt":"2023-02-23T17:06:24","guid":{"rendered":"https:\/\/tecsecmty.com\/index.php\/producto\/ubiquiti-uap-ac-iw-access-point-inalambrico-unifi-ac-para-pared-doble-banda-802-11ac-interior-mimo-2x2-20-dbm-hasta-1167-mbps\/"},"modified":"2023-03-22T23:24:33","modified_gmt":"2023-03-23T05:24:33","slug":"ubiquiti-uap-ac-iw-access-point-inalambrico-unifi-ac-para-pared-doble-banda-802-11ac-interior-mimo-2x2-20-dbm-hasta-1167-mbps","status":"publish","type":"product","link":"https:\/\/tecsecmty.com\/index.php\/producto\/ubiquiti-uap-ac-iw-access-point-inalambrico-unifi-ac-para-pared-doble-banda-802-11ac-interior-mimo-2x2-20-dbm-hasta-1167-mbps\/","title":{"rendered":"UBIQUITI UAP-AC-IW &#8211; Access Point Inal\u00e1mbrico UniFi AC para pared \/ Doble Banda 802.11ac \/ Interior \/ MIMO 2&#215;2 \/ 20 dBm \/ Hasta 1167 Mbps"},"content":{"rendered":"<div class=\"col-md-5 order-md-2\"><img decoding=\"async\" class=\"d-block m-auto img-thumbnail\" src=\"https:\/\/tvc.mx\/media\/72771\/UAPAICW400x300.png\" alt=\" \" \/><\/div>\n<div class=\"col-md-7 order-md-1 text-md-left text-center\">\n<h2>Descripci\u00f3n General<\/h2>\n<p class=\"text-muted\">\n<p class=\"ql-align-justify\">Los equipos Unifi AC In-Wall (UAPACIW) pueden convertir su red cableada (Ethernet) en una conexi\u00f3n inal\u00e1mbrica de doble frecuencia (2.4 y 5GHz concurrentes) con el protocolo IEEE 802.11 AC para sus dispositivos inal\u00e1mbricos gracias a su tecnolog\u00eda MIMO 2&#215;2.<\/p>\n<p class=\"ql-align-justify\">Adicionalmente cuenta con dos puertos Gigabit Ethernet los cuales uno de ellos puede suministrar energ\u00eda a trav\u00e9s de PoE con el protocolo IEEE 802.3af\/at para as\u00ed tambi\u00e9n poder conectar un dispositivo mediante cable de red.<\/p>\n<\/div>\n<p>&nbsp;<\/p>\n<p>&nbsp;<\/p>\n<p>&nbsp;<\/p>\n<p>&nbsp;<\/p>\n<p>&nbsp;<\/p>\n<p>&nbsp;<\/p>\n<p>&nbsp;<\/p>\n<p>&nbsp;<\/p>\n<p>&nbsp;<\/p>\n<hr class=\"padding-bottom-2x\" \/>\n<div class=\"row align-items-center padding-bottom-2x\">\n<div class=\"col-md-5\"><img decoding=\"async\" class=\"d-block m-auto img-thumbnail\" src=\"https:\/\/tvc.mx\/media\/72774\/UAPAICW400x3002.png\" alt=\" \" \/><\/div>\n<div class=\"col-md-7 text-md-left text-center\">\n<h2>Funcionamiento r\u00e1pido y sencillo.<\/h2>\n<p class=\"text-muted\">\n<p class=\"ql-align-justify\">Los equipos Unifi AC In-Wall son ideales para instalaciones existentes y nuevas ya que se encuentran dise\u00f1ados para poder convertir su conexi\u00f3n Ethernet existente en una conexi\u00f3n para Access Point (Punto de acceso) 802.11 AC y con dos puertos Gigabit Ethernet disponibles tambi\u00e9n y gracias a su capacidad los equipos pueden ser:<\/p>\n<ul>\n<li class=\"ql-align-justify\">Escalables y dedicados a un equipo por habitaci\u00f3n.<\/li>\n<li class=\"ql-align-justify\">Configuraci\u00f3n, monitoreo y control\u00a0sencillos.<\/li>\n<li class=\"ql-align-justify\">Cuenta con dos radios para conexi\u00f3n de dispositivos inal\u00e1mbricos (radios de 2.4 y 5GHz concurrentes).<\/li>\n<\/ul>\n<p>&nbsp;<\/p>\n<\/div>\n<\/div>\n<hr class=\"padding-bottom-2x\" \/>\n<div class=\"row align-items-center padding-bottom-2x\">\n<div class=\"col-md-5 order-md-2\"><img decoding=\"async\" class=\"d-block m-auto img-thumbnail\" src=\"https:\/\/tvc.mx\/media\/72780\/UAPAICW400x3003.png\" alt=\" \" \/><\/div>\n<div class=\"col-md-7 order-md-1 text-md-left text-center\">\n<h2>Capacidad de suministro PoE<\/h2>\n<p class=\"text-muted\">\n<p class=\"ql-align-justify\">Con su red Ethernet existente puede convertirla en equipos con suministro PoE utilizando las series de switches Unifi PoE.<\/p>\n<p>&nbsp;<\/p>\n<\/div>\n<\/div>\n<hr class=\"padding-bottom-2x\" \/>\n<div class=\"row align-items-center padding-bottom-2x\">\n<div class=\"col-md-5\"><img decoding=\"async\" class=\"d-block m-auto img-thumbnail\" src=\"https:\/\/tvc.mx\/media\/72783\/UAPAICW400x3004.png\" alt=\" \" \/><\/div>\n<div class=\"col-md-7 text-md-left text-center\">\n<h2>Versatilidad de datos y salida PoE<\/h2>\n<p class=\"text-muted\">\n<p class=\"ql-align-justify\">Un puerto com\u00fan de datos puede convertirse en un Access Point, un switch Gigabit y adicionalmente un puerto de datos Gigabit con suministro PoE para poder conectar dispositivos como por ejemplo un tel\u00e9fono IP (VoIP)<\/p>\n<p>&nbsp;<\/p>\n<\/div>\n<\/div>\n<hr class=\"padding-bottom-2x\" \/>\n<div class=\"row align-items-center padding-bottom-2x\">\n<div class=\"col-md-5 order-md-2\"><img decoding=\"async\" class=\"d-block m-auto img-thumbnail\" src=\"https:\/\/tvc.mx\/media\/72786\/UAPAICW400x3005.png\" alt=\" \" \/><\/div>\n<div class=\"col-md-7 order-md-1 text-md-left text-center\">\n<h2>Administraci\u00f3n simple y escalable<\/h2>\n<p class=\"text-muted\">\n<p class=\"ql-align-justify\">El controlador de Unifi ofrece una interfaz de usuario con gr\u00e1ficas lo cual facilita la configuraci\u00f3n y monitoreo de los dispositivos conectados al switch Unifi y adem\u00e1s de otros dispositivos Unifi.<\/p>\n<p>&nbsp;<\/p>\n<\/div>\n<\/div>\n<hr class=\"padding-bottom-2x\" \/>\n<div class=\"row align-items-center padding-bottom-2x\">\n<div class=\"col-md-5\"><img decoding=\"async\" class=\"d-block m-auto img-thumbnail\" src=\"https:\/\/tvc.mx\/media\/405695\/UAPACIWGallery3.png\" alt=\" \" \/><\/div>\n<div class=\"col-md-7 text-md-left text-center\">\n<h2>Principales Caracter\u00edsticas<\/h2>\n<p class=\"text-muted\">\n<ul>\n<li>Interfaz de red: 3 puertos Ethernet 10\/100\/1000Mbps.<\/li>\n<\/ul>\n<p>1 Puerto Gigabit 10\/100\/1000 Mbps de entrada para alimentaci\u00f3n.<\/p>\n<p>1 Puerto Gigabit 10\/100\/1000 Salida para datos.<\/p>\n<p>1 Puerto Gigabit 10\/100\/1000\u00a0Salida para PoE 48 V pasivo.<\/p>\n<ul>\n<li>Est\u00e1ndar Wi-Fi 802.11a\/b\/g\/n\/a<\/li>\n<\/ul>\n<p>Doble banda 5GHz y 2.4 GHz<\/p>\n<p>Hasta 867 Mbps en 5GHz (802.11ac)<\/p>\n<ul>\n<li>Hasta 300 Mbps en 2.4GHz y 5 GHz (802.11n)<\/li>\n<li>MIMO 2X2<\/li>\n<li>M\u00e9todo de alimentaci\u00f3n: IEEE802.3at.<\/li>\n<li>Ganancia de antenas: 2.4GHz: 1dBi; 5GHz: 2dBi.<\/li>\n<li>M\u00e1ximo consumo de corriente con suministro PoE: 19W, sin PoE: 7W.<\/li>\n<li>Temperatura de funcionamiento: -10\u00b0c ~ 50\u00b0C.<\/li>\n<li>Dimensiones\u00a0139.7 x 86.7 x 25.75 mm.<\/li>\n<li>Alimentaci\u00f3n de entrada:\u00a0802.3at PoE+<\/li>\n<\/ul>\n<p>&nbsp;<\/p>\n<\/div>\n<\/div>\n<hr class=\"padding-bottom-2x\" \/>\n<div class=\"row align-items-center padding-bottom-2x\">\n<div class=\"col-md-5 order-md-2\"><img decoding=\"async\" class=\"d-block m-auto img-thumbnail\" src=\"https:\/\/tvc.mx\/media\/405699\/Captura-de-pantalla-2022-04-11-102620.png\" alt=\" \" \/><\/div>\n<div class=\"col-md-7 order-md-1 text-md-left text-center\">\n<h2>Incluye<\/h2>\n<p class=\"text-muted\">\n<ul>\n<li>Placa de cubierta<\/li>\n<li>UAP-AC-IW<\/li>\n<li>Placa posterior<\/li>\n<li>Tornillos para pared (cant.: 4)<\/li>\n<li>Tornillos Torx (cant.: 2)<\/li>\n<li>Tornillos Phillips (cant.: 2)<\/li>\n<li>Tornillo de seguridad Torx<\/li>\n<li>Tornillo de seguridad Phillips<\/li>\n<\/ul>\n<\/div>\n<\/div>\n","protected":false},"excerpt":{"rendered":"<p>Descripci\u00f3n General Los equipos Unifi AC In-Wall (UAPACIW) pueden convertir su red cableada (Ethernet) en una conexi\u00f3n inal\u00e1mbrica de doble frecuencia (2.4 y 5GHz concurrentes) con el protocolo IEEE 802.11 AC para sus dispositivos inal\u00e1mbricos gracias a su tecnolog\u00eda MIMO 2&#215;2. Adicionalmente cuenta con dos&hellip;<\/p>\n","protected":false},"featured_media":5553,"comment_status":"open","ping_status":"closed","template":"","meta":{"om_disable_all_campaigns":false,"_monsterinsights_skip_tracking":false,"_monsterinsights_sitenote_active":false,"_monsterinsights_sitenote_note":"","_monsterinsights_sitenote_category":0},"product_brand":[],"product_cat":[485],"product_tag":[438,437,431,436,434,439,432,433,435,185,430],"class_list":{"0":"post-5554","1":"product","2":"type-product","3":"status-publish","4":"has-post-thumbnail","6":"product_cat-puntos-de-acceso","7":"product_tag-controladores","8":"product_tag-fibra","9":"product_tag-networkin","10":"product_tag-poe","11":"product_tag-ptp-y-ptmp","12":"product_tag-punto-de-acceso","13":"product_tag-redes","14":"product_tag-sectoriales","15":"product_tag-switches-poe","16":"product_tag-tranceptores","17":"product_tag-ubiquiti","19":"first","20":"instock","21":"sale","22":"taxable","23":"shipping-taxable","24":"purchasable","25":"product-type-simple"},"aioseo_notices":[],"_links":{"self":[{"href":"https:\/\/tecsecmty.com\/index.php\/wp-json\/wp\/v2\/product\/5554","targetHints":{"allow":["GET"]}}],"collection":[{"href":"https:\/\/tecsecmty.com\/index.php\/wp-json\/wp\/v2\/product"}],"about":[{"href":"https:\/\/tecsecmty.com\/index.php\/wp-json\/wp\/v2\/types\/product"}],"replies":[{"embeddable":true,"href":"https:\/\/tecsecmty.com\/index.php\/wp-json\/wp\/v2\/comments?post=5554"}],"version-history":[{"count":0,"href":"https:\/\/tecsecmty.com\/index.php\/wp-json\/wp\/v2\/product\/5554\/revisions"}],"wp:featuredmedia":[{"embeddable":true,"href":"https:\/\/tecsecmty.com\/index.php\/wp-json\/wp\/v2\/media\/5553"}],"wp:attachment":[{"href":"https:\/\/tecsecmty.com\/index.php\/wp-json\/wp\/v2\/media?parent=5554"}],"wp:term":[{"taxonomy":"product_brand","embeddable":true,"href":"https:\/\/tecsecmty.com\/index.php\/wp-json\/wp\/v2\/product_brand?post=5554"},{"taxonomy":"product_cat","embeddable":true,"href":"https:\/\/tecsecmty.com\/index.php\/wp-json\/wp\/v2\/product_cat?post=5554"},{"taxonomy":"product_tag","embeddable":true,"href":"https:\/\/tecsecmty.com\/index.php\/wp-json\/wp\/v2\/product_tag?post=5554"}],"curies":[{"name":"wp","href":"https:\/\/api.w.org\/{rel}","templated":true}]}}