{"id":5586,"date":"2023-02-23T11:07:00","date_gmt":"2023-02-23T17:07:00","guid":{"rendered":"https:\/\/tecsecmty.com\/index.php\/producto\/kit-radio-conectorizado-antena-sectorial-de-90-de-apertura-para-punto-a-multi-punto-ideal-para-cctv-y-wisp-hasta-600-mbps-2-millones-de-paquetes-por-segundo-5ghz-filtrado-rf-sincronizacion-gps\/"},"modified":"2023-03-22T23:23:37","modified_gmt":"2023-03-23T05:23:37","slug":"kit-radio-conectorizado-antena-sectorial-de-90-de-apertura-para-punto-a-multi-punto-ideal-para-cctv-y-wisp-hasta-600-mbps-2-millones-de-paquetes-por-segundo-5ghz-filtrado-rf-sincronizacion-gps","status":"publish","type":"product","link":"https:\/\/tecsecmty.com\/index.php\/producto\/kit-radio-conectorizado-antena-sectorial-de-90-de-apertura-para-punto-a-multi-punto-ideal-para-cctv-y-wisp-hasta-600-mbps-2-millones-de-paquetes-por-segundo-5ghz-filtrado-rf-sincronizacion-gps\/","title":{"rendered":"KIT-Radio conectorizado + antena sectorial de 90\u00b0 de apertura para punto a multi punto\/Ideal para CCTV Y WISP\/Hasta 600 Mbps\/2 millones de paquetes por segundo\/5Ghz\/Filtrado RF\/Sincronizaci\u00f3n GPS\/Solo compatible con tecnolog\u00eda LTU\/ #parejaideal"},"content":{"rendered":"<div class=\"row align-items-center padding-bottom-2x\">\n<div class=\"col-md-5\"><img decoding=\"async\" class=\"d-block m-auto img-thumbnail\" src=\"https:\/\/tvc.mx\/media\/623571\/400-x-300.png\" alt=\" \" \/><\/div>\n<div class=\"col-md-7 text-md-left text-center\">\n<h2>Radio LTU-Tocket para Punto Multi punto<\/h2>\n<p class=\"text-muted\">\n<p>Al incorporar la tecnolog\u00eda LTU patentada de Ubiquiti, el LTU-Rocket es un punto de acceso de 5 GHz con procesamiento de 2+ Mpps, filtrado de RF patentado y sincronizaci\u00f3n GPS flexible para un rendimiento superior. La flexibilidad de ancho de canal (10\/20\/30\/40\/50 MHz) permite configuraciones de frecuencia de canal TX y RX independientes en cualquier lugar dentro de la banda de radio, esto para evitar interferencias locales. Se incluye un procesador personalizado para el rendimiento futuro y las actualizaciones de funciones.<\/p>\n<p><strong>**EL RADIO ROCKET LTU SOLO ES COMPATIBLE CON ANTENAS SECTORIALES Y OMNIDIRECCIONALES<\/strong><\/p>\n<p>&nbsp;<\/p>\n<\/div>\n<\/div>\n<hr class=\"padding-bottom-2x\" \/>\n<div class=\"row align-items-center padding-bottom-2x\">\n<div class=\"col-md-5 order-md-2\"><img decoding=\"async\" class=\"d-block m-auto img-thumbnail\" src=\"https:\/\/tvc.mx\/media\/623579\/Sectorial.png\" alt=\" \" \/><\/div>\n<div class=\"col-md-7 order-md-1 text-md-left text-center\">\n<h2>UBIQUITI AM-5G20-90 Antena sectorial de 90\u00b0<\/h2>\n<p class=\"text-muted\">\n<h4 class=\"ql-align-justify\">Las antenas airMAX\u00ae sector de Ubiquiti en conjunto con los equipos Rocket\u00aeM BaseStation pueden ser utilizadas para cubrir las necesidades del sector de conexiones en punto a multipunto (PtMP).<\/h4>\n<h5>Dise\u00f1o y rendimiento optimo.<\/h5>\n<h4 class=\"ql-align-justify\">Las innovaciones en las antenas sectoriales airMAX\u00ae cuentan con una capacidad de funcionamiento de doble polaridad 2&#215;2.<\/h4>\n<p>&nbsp;<\/p>\n<\/div>\n<\/div>\n<hr class=\"padding-bottom-2x\" \/>\n<div class=\"row align-items-center padding-bottom-2x\">\n<div class=\"col-md-5\"><img decoding=\"async\" class=\"d-block m-auto img-thumbnail\" src=\"https:\/\/tvc.mx\/media\/623643\/LTU-VS-ARIMAX.png\" alt=\" \" \/><\/div>\n<div class=\"col-md-7 text-md-left text-center\">\n<h2>Tecnolog\u00eda LTU revolucionaria<\/h2>\n<p class=\"text-muted\">\n<p>La tecnolog\u00eda LTU cuenta con una eficiencia espectral superior a comparaci\u00f3n de las tecnolog\u00edas 802.11n, 802.11ac, airFiber original.<\/p>\n<p>&nbsp;<\/p>\n<\/div>\n<\/div>\n<hr class=\"padding-bottom-2x\" \/>\n<div class=\"row align-items-center padding-bottom-2x\">\n<div class=\"col-md-5 order-md-2\"><img decoding=\"async\" class=\"d-block m-auto img-thumbnail\" src=\"https:\/\/tvc.mx\/media\/623671\/incluye-antena.png\" alt=\" \" \/><\/div>\n<div class=\"col-md-7 order-md-1 text-md-left text-center\">\n<h2>Antena sectorial<\/h2>\n<p class=\"text-muted\">\n<h2>Incluye:<\/h2>\n<p>Contenido del paquete:<\/p>\n<ul>\n<li>Antena<\/li>\n<li>Cubierta Protectora<\/li>\n<li>Soportes en U (2)<\/li>\n<li>Soportes de poste (2)<\/li>\n<li>Abrazaderas de Pie (2)<\/li>\n<li>Tornillos de cabeza redonda(4)<\/li>\n<li>Tornillos de brida dentada (4)<\/li>\n<li>Tuercas de brida (8)<\/li>\n<li>Cables RF (2)<\/li>\n<\/ul>\n<p>&nbsp;<\/p>\n<\/div>\n<\/div>\n<hr class=\"padding-bottom-2x\" \/>\n<div class=\"row align-items-center padding-bottom-2x\">\n<div class=\"col-md-5 order-md-2\"><img decoding=\"async\" class=\"d-block m-auto img-thumbnail\" src=\"https:\/\/tvc.mx\/media\/623675\/Captura-de-pantalla-2022-09-29-112036.png\" alt=\" \" \/><\/div>\n<div class=\"col-md-7 order-md-1 text-md-left text-center\">\n<h2>LTU-Rocket<\/h2>\n<p class=\"text-muted\">\n<h2>Incluye<\/h2>\n<ul>\n<li>LTU-Rocket<\/li>\n<li>Soporte para antena GPS<\/li>\n<li>Antena de GPS externa<\/li>\n<li>Tira de metal<\/li>\n<li>Kit de actualizaci\u00f3n IP67 (ventilaci\u00f3n y junta)<\/li>\n<li>Bridas (cant.: 2)<\/li>\n<li>Gigabit PoE (24V, 1A) con soporte de montaje<\/li>\n<li>Soporte universal<\/li>\n<li>Cable de alimentaci\u00f3n<\/li>\n<\/ul>\n<\/div>\n<\/div>\n","protected":false},"excerpt":{"rendered":"<p>Radio LTU-Tocket para Punto Multi punto Al incorporar la tecnolog\u00eda LTU patentada de Ubiquiti, el LTU-Rocket es un punto de acceso de 5 GHz con procesamiento de 2+ Mpps, filtrado de RF patentado y sincronizaci\u00f3n GPS flexible para un rendimiento superior. La flexibilidad de ancho&hellip;<\/p>\n","protected":false},"featured_media":5585,"comment_status":"open","ping_status":"closed","template":"","meta":{"om_disable_all_campaigns":false,"_monsterinsights_skip_tracking":false,"_monsterinsights_sitenote_active":false,"_monsterinsights_sitenote_note":"","_monsterinsights_sitenote_category":0},"product_brand":[],"product_cat":[487],"product_tag":[438,437,431,436,434,439,432,433,435,185,430],"class_list":{"0":"post-5586","1":"product","2":"type-product","3":"status-publish","4":"has-post-thumbnail","6":"product_cat-paquetes","7":"product_tag-controladores","8":"product_tag-fibra","9":"product_tag-networkin","10":"product_tag-poe","11":"product_tag-ptp-y-ptmp","12":"product_tag-punto-de-acceso","13":"product_tag-redes","14":"product_tag-sectoriales","15":"product_tag-switches-poe","16":"product_tag-tranceptores","17":"product_tag-ubiquiti","19":"first","20":"instock","21":"sale","22":"taxable","23":"shipping-taxable","24":"purchasable","25":"product-type-simple"},"aioseo_notices":[],"_links":{"self":[{"href":"https:\/\/tecsecmty.com\/index.php\/wp-json\/wp\/v2\/product\/5586","targetHints":{"allow":["GET"]}}],"collection":[{"href":"https:\/\/tecsecmty.com\/index.php\/wp-json\/wp\/v2\/product"}],"about":[{"href":"https:\/\/tecsecmty.com\/index.php\/wp-json\/wp\/v2\/types\/product"}],"replies":[{"embeddable":true,"href":"https:\/\/tecsecmty.com\/index.php\/wp-json\/wp\/v2\/comments?post=5586"}],"version-history":[{"count":0,"href":"https:\/\/tecsecmty.com\/index.php\/wp-json\/wp\/v2\/product\/5586\/revisions"}],"wp:featuredmedia":[{"embeddable":true,"href":"https:\/\/tecsecmty.com\/index.php\/wp-json\/wp\/v2\/media\/5585"}],"wp:attachment":[{"href":"https:\/\/tecsecmty.com\/index.php\/wp-json\/wp\/v2\/media?parent=5586"}],"wp:term":[{"taxonomy":"product_brand","embeddable":true,"href":"https:\/\/tecsecmty.com\/index.php\/wp-json\/wp\/v2\/product_brand?post=5586"},{"taxonomy":"product_cat","embeddable":true,"href":"https:\/\/tecsecmty.com\/index.php\/wp-json\/wp\/v2\/product_cat?post=5586"},{"taxonomy":"product_tag","embeddable":true,"href":"https:\/\/tecsecmty.com\/index.php\/wp-json\/wp\/v2\/product_tag?post=5586"}],"curies":[{"name":"wp","href":"https:\/\/api.w.org\/{rel}","templated":true}]}}