{"id":5631,"date":"2023-02-23T11:36:04","date_gmt":"2023-02-23T17:36:04","guid":{"rendered":"https:\/\/tecsecmty.com\/index.php\/producto\/bosch-f_d382-detector-de-gas-de-combustion-convencional\/"},"modified":"2023-03-22T23:21:04","modified_gmt":"2023-03-23T05:21:04","slug":"bosch-f_d382-detector-de-gas-de-combustion-convencional","status":"publish","type":"product","link":"https:\/\/tecsecmty.com\/index.php\/producto\/bosch-f_d382-detector-de-gas-de-combustion-convencional\/","title":{"rendered":"BOSCH F_D382 &#8211; Detector de gas de combustion convencional"},"content":{"rendered":"<h5 class=\"card-title text-center\">D382 Detector de gas de combusti\u00f3n (Macurco GD-2A)<\/h5>\n<p><strong>El detector de gas de combusti\u00f3n D382 (Macurco GD\u20112A) detecta la presencia de gases de combusti\u00f3n como el propano o el gas natural (metano).<\/strong>\u00a0Underwriters Laboratories (UL) ha certificado que es capaz de identificar niveles un 25% inferiores al l\u00edmite inferior de explosividad (LIE) del propano o el metano.<\/p>\n<p>Este sistema es adecuado para ubicaciones no peligrosas como instalaciones residenciales, comercios, edificios de oficinas o gubernamentales. Habitualmente se instala en salas con aplicaciones que usan gases o donde pueden producirse fugas.<\/p>\n<p><strong>Nota<\/strong><\/p>\n<ul>\n<li>Por el contrario, no es adecuado para \u00e1reas industriales como f\u00e1bricas, refiner\u00edas o plantas qu\u00edmicas.<\/li>\n<li>La unidad D382 no detecta mon\u00f3xido de carbono.<\/li>\n<\/ul>\n<p><strong>Funciones b\u00e1sicas<\/strong><\/p>\n<p><strong>Tensi\u00f3n de alimentaci\u00f3n<\/strong><\/p>\n<p>El detector emplea un rectificador de puente de onda completa, por lo que acepta tensi\u00f3n de alimentaci\u00f3n de cualquier polaridad. La unidad funciona con alimentaci\u00f3n de CA y CC de entre 12 V y 24 V, y emplea un regulador de conmutaci\u00f3n para ajustar de forma eficaz las diferentes tensiones de entrada al sistema interno fijo de alimentaci\u00f3n.<\/p>\n<p><strong>LED de estado<\/strong><\/p>\n<p>El detector cuenta con un LED de estado verde y otro rojo en la parte frontal. El detector usa un sistema interno de retardo de dos minutos para evitar las alarmas durante el calentamiento<\/p>\n<p>del sensor de gas. Durante el per\u00edodo de calentamiento, el indicador LED verde parpadea. Una vez transcurrido el tiempo de retardo, el LED verde se ilumina de forma fija indicando que la unidad opera normalmente.<\/p>\n<p>El detector integra un circuito de supervisi\u00f3n para las funciones clave. En caso de producirse problemas debido al malfuncionamiento de componentes que pueden sufrir fallos, ambos indicadores parpadean y se activa el rel\u00e9 de problema. Los fallos de alimentaci\u00f3n tambi\u00e9n hacen que el rel\u00e9 de problema se active.<\/p>\n<p>El LED rojo se ilumina a la vez que se activa el rel\u00e9 de alarma para indicar que se ha producido una condici\u00f3n dealarma.<\/p>\n<p><strong>Informaci\u00f3n sobre compatibilidad<\/strong><\/p>\n<p>Este detector de gas de combusti\u00f3n es compatible con todos los paneles de control con certificaci\u00f3n UL que cuentan con alimentaci\u00f3n de cuatro cables y con circuitos de activaci\u00f3n de alarma.<\/p>\n<p><strong>Consideraciones sobre el montaje<\/strong><\/p>\n<p>El detector tiene capacidad para supervisar \u00e1reas de hasta 83,6 m2 (900 pies2). Para mayores superficies, distribuya los detectores formando zonas de 10 m (30 pies). El gas natural (metano) es m\u00e1s ligero que el aire y se acumula en el techo. El gas de tanques (propano) es m\u00e1s pesado que el aire y se acumula en el suelo. Instale el detector a una distancia de 0,3 m (1 pie) sobre el suelo, o bien, a 0,3 m (1 pie) del techo, en funci\u00f3n del gas que desee detectar. Instale el detector a un m\u00ednimo de 15,2 cm (6 pulg.) de las esquinas para evitar la existencia de zonas con aire muerto.<\/p>\n<p>El detector se instala en una caja posterior est\u00e1ndar de 4 pulgadas cuadradas o en una caja de doble registro.<\/p>\n<p><strong>Consideraciones sobre el cableado<\/strong><\/p>\n<p>El detector de gas de combusti\u00f3n debe instalarse en un circuito independiente o en una zona reservada para detectores de gas de combusti\u00f3n y no puede combinarse con detectores de humo, calor o intrusi\u00f3n. Las alarmas de estos circuitos o zonas deben activar dispositivos de<\/p>\n<p>notificaci\u00f3n ac\u00fastica de al menos 85 dB con un sonido exclusivo para la detecci\u00f3n de gases.<\/p>\n<p>detector:<\/p>\n<p><strong>Longitud del cableado y Tama\u00f1o del cableado<\/strong><\/p>\n<ul>\n<li>61 m (200 pies) o menos y 0,8 mm (22 AWG).<\/li>\n<li>Hasta 175 m (575 pies) y 1 mm (20 AWG).<\/li>\n<li>Hasta 209 m (686 pies) y 1,2 mm (18 AWG).<\/li>\n<li>Hasta 396 m (1.300 pies) y 1,5 mm (16 AWG).<\/li>\n<li>Hasta 640 m (2.100 pies) 1,8 mm (14 AWG).<\/li>\n<li>Hasta 975 m (3.200 pies) 2,3 mm (12 AWG.<\/li>\n<\/ul>\n<p><strong>Piezas incluidas<\/strong><\/p>\n<ul>\n<li>1 Detector de gas de combusti\u00f3n<\/li>\n<li>1 Paquete de hardware<\/li>\n<li>1 Paquete de documentaci\u00f3n<\/li>\n<\/ul>\n<p><strong>Nota: D382 Detector de gas de combusti\u00f3n (Macurco GD-2A)<\/strong><\/p>\n<p><strong>Detector de gas de combusti\u00f3n<\/strong>\u00a0<strong>detecta la presencia de gases de combusti\u00f3n como el propano o el gas natural (metano).<\/strong><\/p>\n<p><strong>Numero de pedido: D382<\/strong><\/p>\n<p><strong>Principales caracter\u00edsticas<\/strong><\/p>\n<ul>\n<li>Alimentaci\u00f3n: 12 VCC\/VCA o 24 VCC\/VCA<\/li>\n<li>Sensor semiconductor con sistema de purga autom\u00e1tica que no necesita mantenimiento ni recalibraci\u00f3n.<\/li>\n<li>Rel\u00e9 de alarma SPDT (Formato C) y rel\u00e9 de problema SPST (Formato A) dise\u00f1ados para facilitar. la conexi\u00f3n con paneles de control y otros dispositivos.<\/li>\n<li>Funci\u00f3n autom\u00e1tica de restauraci\u00f3n o bloqueo seleccionable por el instalador.<\/li>\n<li>Indicadores de estado LED de color verde y rojo.<\/li>\n<\/ul>\n<p><strong>Especificaciones<\/strong><\/p>\n<p><strong>El\u00e9ctricas<\/strong><\/p>\n<p><strong>Corriente<\/strong><\/p>\n<p><strong>Alarma:<\/strong><\/p>\n<ul>\n<li>A 12 V CC: 70 mA; a 24 V CC: 35 mA<\/li>\n<li>A 12 VCA: 100 mA; a 24 VCA: 65 mA<\/li>\n<\/ul>\n<p><strong>En espera:<\/strong><\/p>\n<ul>\n<li>A 12 V CC: 45 mA; a 24 V CC: 22 mA<\/li>\n<li>A 12 VCA: 65 mA; a 24 VCA: 45 mA<\/li>\n<\/ul>\n<p><strong>Voltaje:<\/strong><\/p>\n<ul>\n<li>Entrada VDC: 12 VDC a 24 VDC<\/li>\n<li>Entrada de VAC: 12 VAC a 24 VAC, 50 Hz o 60 Hz<\/li>\n<\/ul>\n<p><strong>Ambiental<\/strong><\/p>\n<ul>\n<li>Temperatura (operando): + 32 \u00b0 F a + 120 \u00b0 F (0 \u00b0 C a + 49 \u00b0 C);<\/li>\n<li>Para instalaciones UL, + 40 \u00b0 F a + 120 \u00b0 F (+ 4.4 \u00b0 C hasta + 49 \u00b0 C)<\/li>\n<\/ul>\n<p><strong>Mec\u00e1nico<\/strong><\/p>\n<ul>\n<li>Color: blanco.<\/li>\n<li>Dimensiones (Alto x ancho x profundidad): 4.5 pulg. X 5.0 pulg. X 1. 625 pulg. (11,4 cm x 12,7 cm x 4,1 cm).<\/li>\n<li>Peso (env\u00edo): 0.54 lb (0.25 kg).<\/li>\n<\/ul>\n<p><strong>Salidas<\/strong><\/p>\n<p><strong>Alarma<\/strong><\/p>\n<ul>\n<li>Configuraci\u00f3n de rel\u00e9: un SPDT (formulario C).<\/li>\n<li>Clasificaci\u00f3n de rel\u00e9: 0.125 A, 40 V, 3 VA.<\/li>\n<li>Punto de ajuste: 25% por debajo de LEL para propano o metano.<\/li>\n<\/ul>\n<p><strong>Problema<\/strong><\/p>\n<ul>\n<li>Configuraci\u00f3n de rel\u00e9: un SPST (formulario A).<\/li>\n<li>Clasificaci\u00f3n de rel\u00e9: 0.25 A, 40 v, 10 VA.<\/li>\n<\/ul>\n<p><img decoding=\"async\" class=\"overview-center-img-web\" src=\"https:\/\/tvc.mx\/media\/32998\/Logoopaginas-oficial-1920x400.png\" alt=\"\" \/><\/p>\n","protected":false},"excerpt":{"rendered":"<p>D382 Detector de gas de combusti\u00f3n (Macurco GD-2A) El detector de gas de combusti\u00f3n D382 (Macurco GD\u20112A) detecta la presencia de gases de combusti\u00f3n como el propano o el gas natural (metano).\u00a0Underwriters Laboratories (UL) ha certificado que es capaz de identificar niveles un 25% inferiores&hellip;<\/p>\n","protected":false},"featured_media":5630,"comment_status":"open","ping_status":"closed","template":"","meta":{"om_disable_all_campaigns":false,"_monsterinsights_skip_tracking":false,"_monsterinsights_sitenote_active":false,"_monsterinsights_sitenote_note":"","_monsterinsights_sitenote_category":0},"product_brand":[],"product_cat":[494],"product_tag":[495,497,498,499,500,501,496,502],"class_list":{"0":"post-5631","1":"product","2":"type-product","3":"status-publish","4":"has-post-thumbnail","6":"product_cat-detectores","7":"product_tag-control-de-incendio","8":"product_tag-detectores","9":"product_tag-estacion-manual","10":"product_tag-estrobos-y-sirenas","11":"product_tag-modulos","12":"product_tag-paneles-de-control","13":"product_tag-sistemas-de-incendio","14":"product_tag-teclados","16":"first","17":"instock","18":"sale","19":"taxable","20":"shipping-taxable","21":"purchasable","22":"product-type-simple"},"aioseo_notices":[],"_links":{"self":[{"href":"https:\/\/tecsecmty.com\/index.php\/wp-json\/wp\/v2\/product\/5631","targetHints":{"allow":["GET"]}}],"collection":[{"href":"https:\/\/tecsecmty.com\/index.php\/wp-json\/wp\/v2\/product"}],"about":[{"href":"https:\/\/tecsecmty.com\/index.php\/wp-json\/wp\/v2\/types\/product"}],"replies":[{"embeddable":true,"href":"https:\/\/tecsecmty.com\/index.php\/wp-json\/wp\/v2\/comments?post=5631"}],"version-history":[{"count":0,"href":"https:\/\/tecsecmty.com\/index.php\/wp-json\/wp\/v2\/product\/5631\/revisions"}],"wp:featuredmedia":[{"embeddable":true,"href":"https:\/\/tecsecmty.com\/index.php\/wp-json\/wp\/v2\/media\/5630"}],"wp:attachment":[{"href":"https:\/\/tecsecmty.com\/index.php\/wp-json\/wp\/v2\/media?parent=5631"}],"wp:term":[{"taxonomy":"product_brand","embeddable":true,"href":"https:\/\/tecsecmty.com\/index.php\/wp-json\/wp\/v2\/product_brand?post=5631"},{"taxonomy":"product_cat","embeddable":true,"href":"https:\/\/tecsecmty.com\/index.php\/wp-json\/wp\/v2\/product_cat?post=5631"},{"taxonomy":"product_tag","embeddable":true,"href":"https:\/\/tecsecmty.com\/index.php\/wp-json\/wp\/v2\/product_tag?post=5631"}],"curies":[{"name":"wp","href":"https:\/\/api.w.org\/{rel}","templated":true}]}}