{"id":5649,"date":"2023-02-23T11:36:25","date_gmt":"2023-02-23T17:36:25","guid":{"rendered":"https:\/\/tecsecmty.com\/index.php\/producto\/bosch-f_f220b6ps-base-de-cuatro-cables-cables-mudulo-popit-12-y-24-vdc-compatible-con-detectores-f220\/"},"modified":"2023-03-22T23:21:05","modified_gmt":"2023-03-23T05:21:05","slug":"bosch-f_f220b6ps-base-de-cuatro-cables-cables-mudulo-popit-12-y-24-vdc-compatible-con-detectores-f220","status":"publish","type":"product","link":"https:\/\/tecsecmty.com\/index.php\/producto\/bosch-f_f220b6ps-base-de-cuatro-cables-cables-mudulo-popit-12-y-24-vdc-compatible-con-detectores-f220\/","title":{"rendered":"BOSCH F_F220B6PS &#8211; Base de cuatro cables cables \/ MUDULO POPIT \/ 12 Y 24 VDC compatible con detectores F220"},"content":{"rendered":"<h5 class=\"card-title text-center\">F220 \u2011 B6PS Bases de detectores direccionables con POPIT<\/h5>\n<p class=\"ql-align-justify\"><strong>El F220 \u2011 B6PM 24 VDC con cuatro cables direccionables base m\u00faltiple y F220 \u2011 B6PS 12\/24 VDC de cuatro cables base \u00fanica direccionable, con sus POPIT incorporados, proporcionar direcciones individuales en los datos FACP circuito de expansi\u00f3n.\u00a0<\/strong>Estas bases aceptan la familia F220, detectores fotoel\u00e9ctricos de humo y calor cuando utilizando estas bases con uno de los detectores F220, proporcionan una indicaci\u00f3n de problemas de la c\u00e1mara de verificaci\u00f3n para el panel de control a trav\u00e9s del bus POPIT.<\/p>\n<p class=\"ql-align-justify\">El problema la indicaci\u00f3n aparece en los teclados y anunciadores como un problema de fuego estas bases son compatibles con sistemas direccionables controlado por la serie D9412G o la serie D7412G o paneles de control m\u00e1s nuevos con un m\u00f3dulo POPEX D8125 y 12 V o 24 V de potencia auxiliar o un D9124 24 V Fuego Panel de Control de Alarma (FACP).<\/p>\n<p class=\"ql-align-justify\"><strong>Notas de instalaci\u00f3n \/ configuraci\u00f3n<\/strong><\/p>\n<p class=\"ql-align-justify\"><strong>Informaci\u00f3n de compatibilidad<\/strong><\/p>\n<p class=\"ql-align-justify\">Los siguientes productos son compatibles tanto con F220 \u2011 B6PM y las bases de detecci\u00f3n F220 \u2011 B6PS:<\/p>\n<p class=\"ql-align-justify\"><strong>Paneles de control:<\/strong><\/p>\n<ul>\n<li class=\"ql-align-justify\">G Series 12 V Paneles de control direccionables.<\/li>\n<li class=\"ql-align-justify\">D9124 direccionable FACP.<\/li>\n<\/ul>\n<p class=\"ql-align-justify\">Puede usarse como base de reemplazo en sistemas que usan otros paneles de control de Bosch Security Systems, Inc. (versiones B o anteriores).<\/p>\n<p class=\"ql-align-justify\"><strong>Cabezales detectores:<\/strong><\/p>\n<ul>\n<li class=\"ql-align-justify\"><strong>F220\u2011135<\/strong>: Tasa de subida y temperatura fija Detector de calor (+ 135 \u00b0 F [+ 57 \u00b0 C]).<\/li>\n<li class=\"ql-align-justify\"><strong>F220\u2011135F<\/strong>: Detector de calor de temperatura fija (+ 135 \u00b0 F [+ 57 \u00b0 C]).<\/li>\n<li class=\"ql-align-justify\"><strong>F220\u2011190F<\/strong>: Detector de calor de temperatura fija (+ 190 \u00b0 F [+ 88 \u00b0 C]).<\/li>\n<li class=\"ql-align-justify\"><strong>F220 \u2011 P<\/strong>: Detector de humo fotoel\u00e9ctrico.<\/li>\n<li class=\"ql-align-justify\"><strong>F220 \u2011 PTH<\/strong>: Detector de humo fotoel\u00e9ctrico con temperatura fija (+ 135 \u00b0 F [+ 57 \u00b0 C]) sensor de calor detector de humo fotoel\u00e9ctrico.<\/li>\n<li class=\"ql-align-justify\"><strong>F220 \u2011 PTHC<\/strong>: on temperatura fija (+ 135 \u00b0 F [+ 57 \u00b0 C]) sensor de calor y sensor de mon\u00f3xido de carbono mejora.<\/li>\n<\/ul>\n<p class=\"ql-align-justify\"><strong>Montaje<\/strong><\/p>\n<p class=\"ql-align-justify\">Las bases F220 \u2011 B6PM y F220 \u2011 B6PS se montan directamente en cajas de interruptores simples o en cuadradas de cuatro pulgadas o cajas traseras octogonales. Se pueden montar directamente en un superficie utilizando anclajes, mollies o tuercas de mariposa.<\/p>\n<p class=\"ql-align-justify\"><strong>Alambrado<\/strong><\/p>\n<p class=\"ql-align-justify\">Las bases B6PS \/ M pueden aceptar cualquier tama\u00f1o de cable s\u00f3lido de 12 AWG a 24 AWG (ISO 4 mm2 a 0.2 mm2).\u00a0 El tama\u00f1o m\u00ednimo de cable requerido por las bases es determinado por el n\u00famero m\u00e1ximo de bases utilizadas y la distancia m\u00e1xima desde el FACP hasta la mayor\u00eda de las base remota para instrucciones de cableado espec\u00edficas y especificaciones, ver la instalaci\u00f3n F220-B6PS \/ M Instrucciones.<\/p>\n<p class=\"ql-align-justify\"><strong>Nota:\u00a0<\/strong><strong>F220 \u2011 B6PS 12\/24 VDC<\/strong><\/p>\n<p class=\"ql-align-justify\"><strong>Base de detector \u00fanico direccionable de cuatro cables base de un solo detector proporciona una direcci\u00f3n en la circuito de expansi\u00f3n de datos FACP para su detector. Acepta las cabezas detectoras de humo fotoel\u00e9ctricas F220 y cabezales detectores de calor.<\/strong><\/p>\n<p class=\"ql-align-justify\"><strong>N\u00famero de pedido: F220-B6PS.<\/strong><\/p>\n<p class=\"ql-align-justify\"><strong>Principales Caracter\u00edsticas<\/strong><\/p>\n<ul>\n<li class=\"ql-align-justify\">POPITs proporcionan direcciones individuales en el control circuito de expansi\u00f3n de datos del panel.<\/li>\n<li class=\"ql-align-justify\">Base m\u00faltiple puede supervisar hasta 19 de dos hilos detectores.<\/li>\n<li class=\"ql-align-justify\">C\u00e1mara de verificaci\u00f3n con detectores de la familia F220.<\/li>\n<li class=\"ql-align-justify\">Configuraci\u00f3n de la direcci\u00f3n del interruptor DIP.<\/li>\n<li class=\"ql-align-justify\">Compatible con el m\u00f3dulo de rel\u00e9 PAM \u2011 4<\/li>\n<\/ul>\n<p class=\"ql-align-justify\"><strong>Especificaciones<\/strong><\/p>\n<p class=\"ql-align-justify\"><strong>El\u00e9ctricas\u00a0<\/strong><\/p>\n<p class=\"ql-align-justify\"><strong>Corriente (Alarma):<\/strong><\/p>\n<ul>\n<li class=\"ql-align-justify\">B6PM con cabezal: 39 mA.<\/li>\n<li class=\"ql-align-justify\">B6PM con m\u00f3dulo de rel\u00e9 PAM \u2011 4 y cobezal: 55 mA.<\/li>\n<\/ul>\n<p class=\"ql-align-justify\"><strong>Corriente (Inactivo)<\/strong><\/p>\n<ul>\n<li class=\"ql-align-justify\">B6PM con cabezal: 13 mA<\/li>\n<li class=\"ql-align-justify\">B6PM con m\u00f3dulo de rel\u00e9 PAM \u2011 4 y cabezal: 29 mA.<\/li>\n<\/ul>\n<p class=\"ql-align-justify\"><strong>Rango de voltaje de potencia auxiliar<\/strong><\/p>\n<ul>\n<li class=\"ql-align-justify\">B6PM con cabezal : 18.9 VDC a 28 VDC<\/li>\n<li class=\"ql-align-justify\">B6PM con m\u00f3dulo de rel\u00e9 PAM \u2011 4 y cabezal: 18.9 VDC a 28 VDC.<\/li>\n<li class=\"ql-align-justify\">Las clasificaciones actuales se basan en un B6PM con 19 detectores La base B6PM y el rel\u00e9 PAM-4 los m\u00f3dulos funcionan a 24 VCC nominal.<\/li>\n<\/ul>\n<p class=\"ql-align-justify\"><strong>Base (B6PS)<\/strong><\/p>\n<p class=\"ql-align-justify\"><strong>Corriente (Alarma)<\/strong><\/p>\n<ul>\n<li class=\"ql-align-justify\">B6PS con cabezal : 35 mA.<\/li>\n<li class=\"ql-align-justify\">B6PS con m\u00f3dulo de rel\u00e9 PAM \u2011 4 y Cabezal: 51 mA<\/li>\n<\/ul>\n<p class=\"ql-align-justify\"><strong>Corriente (Inactivo)<\/strong><\/p>\n<ul>\n<li class=\"ql-align-justify\">B6PS con cabezal : 2.5 mA<\/li>\n<li class=\"ql-align-justify\">B6PS con m\u00f3dulo de rel\u00e9 PAM \u2011 4 y Cabezal: 18.5 mA<\/li>\n<\/ul>\n<p class=\"ql-align-justify\"><strong>Rango de voltaje de potencia auxiliar<\/strong><\/p>\n<ul>\n<li class=\"ql-align-justify\">B6PS con cabezal : 9.6 VDC a 28 VDC<\/li>\n<li class=\"ql-align-justify\">B6PS con m\u00f3dulo de rel\u00e9 PAM \u2011 4 y cabezal: 9.6 VDC a 28 VDC<\/li>\n<li class=\"ql-align-justify\">La base B6PS puede funcionar a 12 VCC nominal o 24 VDC nominal.<\/li>\n<\/ul>\n<p><img decoding=\"async\" class=\"overview-center-img- aligncenter\" src=\"https:\/\/tvc.mx\/media\/11609\/Logoopaginas-oficial.png\" alt=\"\" \/><\/p>\n","protected":false},"excerpt":{"rendered":"<p>F220 \u2011 B6PS Bases de detectores direccionables con POPIT El F220 \u2011 B6PM 24 VDC con cuatro cables direccionables base m\u00faltiple y F220 \u2011 B6PS 12\/24 VDC de cuatro cables base \u00fanica direccionable, con sus POPIT incorporados, proporcionar direcciones individuales en los datos FACP circuito&hellip;<\/p>\n","protected":false},"featured_media":5648,"comment_status":"open","ping_status":"closed","template":"","meta":{"om_disable_all_campaigns":false,"_monsterinsights_skip_tracking":false,"_monsterinsights_sitenote_active":false,"_monsterinsights_sitenote_note":"","_monsterinsights_sitenote_category":0},"product_brand":[],"product_cat":[494],"product_tag":[495,497,498,499,500,501,496,502],"class_list":{"0":"post-5649","1":"product","2":"type-product","3":"status-publish","4":"has-post-thumbnail","6":"product_cat-detectores","7":"product_tag-control-de-incendio","8":"product_tag-detectores","9":"product_tag-estacion-manual","10":"product_tag-estrobos-y-sirenas","11":"product_tag-modulos","12":"product_tag-paneles-de-control","13":"product_tag-sistemas-de-incendio","14":"product_tag-teclados","16":"first","17":"instock","18":"sale","19":"taxable","20":"shipping-taxable","21":"purchasable","22":"product-type-simple"},"aioseo_notices":[],"_links":{"self":[{"href":"https:\/\/tecsecmty.com\/index.php\/wp-json\/wp\/v2\/product\/5649","targetHints":{"allow":["GET"]}}],"collection":[{"href":"https:\/\/tecsecmty.com\/index.php\/wp-json\/wp\/v2\/product"}],"about":[{"href":"https:\/\/tecsecmty.com\/index.php\/wp-json\/wp\/v2\/types\/product"}],"replies":[{"embeddable":true,"href":"https:\/\/tecsecmty.com\/index.php\/wp-json\/wp\/v2\/comments?post=5649"}],"version-history":[{"count":0,"href":"https:\/\/tecsecmty.com\/index.php\/wp-json\/wp\/v2\/product\/5649\/revisions"}],"wp:featuredmedia":[{"embeddable":true,"href":"https:\/\/tecsecmty.com\/index.php\/wp-json\/wp\/v2\/media\/5648"}],"wp:attachment":[{"href":"https:\/\/tecsecmty.com\/index.php\/wp-json\/wp\/v2\/media?parent=5649"}],"wp:term":[{"taxonomy":"product_brand","embeddable":true,"href":"https:\/\/tecsecmty.com\/index.php\/wp-json\/wp\/v2\/product_brand?post=5649"},{"taxonomy":"product_cat","embeddable":true,"href":"https:\/\/tecsecmty.com\/index.php\/wp-json\/wp\/v2\/product_cat?post=5649"},{"taxonomy":"product_tag","embeddable":true,"href":"https:\/\/tecsecmty.com\/index.php\/wp-json\/wp\/v2\/product_tag?post=5649"}],"curies":[{"name":"wp","href":"https:\/\/api.w.org\/{rel}","templated":true}]}}