{"id":5667,"date":"2023-02-23T11:36:52","date_gmt":"2023-02-23T17:36:52","guid":{"rendered":"https:\/\/tecsecmty.com\/index.php\/producto\/bosch-f_fad420hsen-detector-para-conductos-de-aire-acondicionado\/"},"modified":"2023-03-22T23:21:06","modified_gmt":"2023-03-23T05:21:06","slug":"bosch-f_fad420hsen-detector-para-conductos-de-aire-acondicionado","status":"publish","type":"product","link":"https:\/\/tecsecmty.com\/index.php\/producto\/bosch-f_fad420hsen-detector-para-conductos-de-aire-acondicionado\/","title":{"rendered":"BOSCH F_FAD420HSEN &#8211; Detector para conductos de aire acondicionado"},"content":{"rendered":"<h5 class=\"card-title text-center\">Tenga en cuenta que el FAD-420-HS-EN no Viene con el detector FAD-425-O-R<\/h5>\n<p class=\"ql-align-justify\">La carcasa del detector de conductos FAD-420-HS-EN con base con detector FAD-425-O-R integrado detecta humo en conductos de ventilaci\u00f3n.\u00a0 Las part\u00edculas de humo en el aire son detectado de manera confiable e informado al panel de bomberos por el Sistema de bus LSN mejorado.<\/p>\n<p class=\"ql-align-justify\"><strong>Funciones b\u00e1sicas<\/strong><\/p>\n<p class=\"ql-align-justify\">El aire del conducto de ventilaci\u00f3n se dirige constantemente a trav\u00e9s del tubo de muestra y la carcasa de muestreo de aire al detector FAD-425-O-R especialmente dise\u00f1ado. Las part\u00edculas de humo en el aire se detectan de manera confiable y informado al panel de bomberos por el autob\u00fas mejorado de LSN sistema.<\/p>\n<p class=\"ql-align-justify\"><strong>Notas de instalaci\u00f3n \/ configuraci\u00f3n<\/strong><\/p>\n<ul>\n<li class=\"ql-align-justify\">Velocidades de aire de 1 m \/ sa 20 m \/ s<\/li>\n<li class=\"ql-align-justify\">Montaje horizontal o vertical de la carcasa.<\/li>\n<li class=\"ql-align-justify\">Si hay un indicador remoto conectado, el FAD \u2011 RB \u2011 DIBT.<\/li>\n<\/ul>\n<p class=\"ql-align-justify\"><strong>Partes incluidas<\/strong><\/p>\n<ul>\n<li class=\"ql-align-justify\">1 caja de muestreo de aire con placa de conexi\u00f3n, base de detector y material de instalaci\u00f3n.<\/li>\n<li class=\"ql-align-justify\">1 tubo de muestra D344-1.5 (longitud 45,7 cm).<\/li>\n<li class=\"ql-align-justify\">1 tubo de ventilaci\u00f3n.<\/li>\n<li class=\"ql-align-justify\">2 filtro de aire D344-TF para muestra y tubo de ventilaci\u00f3n.<\/li>\n<\/ul>\n<p class=\"ql-align-justify\"><strong>Nota: Tenga en cuenta que el FAD-420-HS-EN no Viene con el detector FAD-425-O-R requerido. El detector FAD-425-O-R debe solicitarse en adici\u00f3n.<\/strong><\/p>\n<p class=\"ql-align-justify\"><strong>Nota: FAD-420-HS-EN Carcasa del detector de conductos con base caja de muestreo de aire con placa de conexi\u00f3n y base del detector para FAD-425-O-R. El detector debe ser ordenado adem\u00e1s.<\/strong><\/p>\n<p class=\"ql-align-justify\"><strong>N\u00famero de pedido: FAD-420-HS-EN<\/strong><\/p>\n<p class=\"ql-align-justify\"><strong>Principales caracter\u00edsticas<\/strong><\/p>\n<ul>\n<li class=\"ql-align-justify\">Uso en sistemas de ventilaci\u00f3n con velocidades de aire de 1 m \/ sa 20 m \/ s.<\/li>\n<li class=\"ql-align-justify\">Para la activaci\u00f3n de ventiladores, controles de puerta o externos dispositivos de visualizaci\u00f3n, una placa de rel\u00e9 opcional puede ser instalado..<\/li>\n<li class=\"ql-align-justify\">Una secci\u00f3n clara en la cubierta esmerilada permite observando el LED de alarma del FAD-425-O-R integrado Detector.<\/li>\n<li class=\"ql-align-justify\">Control para evitar la extracci\u00f3n no deseada de la cubierta.<\/li>\n<li class=\"ql-align-justify\">F\u00e1cil instalaci\u00f3n del detector FAD-425-O-R.<\/li>\n<\/ul>\n<p class=\"ql-align-justify\"><strong>Especificaciones<\/strong><\/p>\n<p class=\"ql-align-justify\"><strong>El\u00e9ctrico<\/strong><\/p>\n<ul>\n<li class=\"ql-align-justify\">Tensi\u00f3n de funcionamiento 24 V CC (15\u2026 33 V CC).<\/li>\n<li class=\"ql-align-justify\">Consumo de corriente m\u00e1ximo Aprox. 0,55 mA (aprox. 0,75 mA cuando FAD \u2011 RB \u2011 DIBT Tarjeta de rel\u00e9 instalada).<\/li>\n<li class=\"ql-align-justify\">Susceptibilidad electromagn\u00e9tica (EMS) EN 50130\u20114.<\/li>\n<li class=\"ql-align-justify\">Emisi\u00f3n electromagn\u00e9tica (EME) EN 61000\u20116\u20113.<\/li>\n<\/ul>\n<p class=\"ql-align-justify\"><strong>Mec\u00e1nica<\/strong><\/p>\n<ul>\n<li class=\"ql-align-justify\">Dimensiones (H x W x D) 16.5 x 39.5 x 11 cm.<\/li>\n<\/ul>\n<p class=\"ql-align-justify\"><strong>Material y color<\/strong><\/p>\n<ul>\n<li class=\"ql-align-justify\">Base de carcasa reforzada con fibra pl\u00e1stica, PPE + PS (UL94-V1), gris.<\/li>\n<li class=\"ql-align-justify\">Cubierta de la carcasa de pl\u00e1stico, PC (UL94-V2), transparente.<\/li>\n<li class=\"ql-align-justify\">Peso aproximado. 1,5 kg.<\/li>\n<\/ul>\n<p class=\"ql-align-justify\"><strong>Condiciones ambientales<\/strong><\/p>\n<ul>\n<li class=\"ql-align-justify\">Velocidad de aire permitida 1 m \/ s &#8230; 20 m \/ s.<\/li>\n<li class=\"ql-align-justify\">Funcionamiento permitido temperatura: 0 \u00b0 C &#8230; 50 \u00b0 C..<\/li>\n<li class=\"ql-align-justify\">Temperatura de almacenamiento permitida: -20 \u00b0 C\u2026 60 \u00b0 C..<\/li>\n<li class=\"ql-align-justify\">Humedad relativa permitida: 95%, sin condensaci\u00f3n.<\/li>\n<li class=\"ql-align-justify\">Clase de protecci\u00f3n seg\u00fan: EN 60529 IP 30.<\/li>\n<\/ul>\n<p class=\"ql-align-justify\"><strong>Placa de rel\u00e9 FAD-RB-DIBT<\/strong><\/p>\n<ul>\n<li class=\"ql-align-justify\">Carga de contacto m\u00e1xima 2 A a 30 V CC.<\/li>\n<li class=\"ql-align-justify\">Peso 11 g.<\/li>\n<\/ul>\n<p><img decoding=\"async\" class=\"overview-center-img-web\" src=\"https:\/\/tvc.mx\/media\/34207\/Logoopaginas-oficial-1920x400.png\" alt=\"\" \/><\/p>\n","protected":false},"excerpt":{"rendered":"<p>Tenga en cuenta que el FAD-420-HS-EN no Viene con el detector FAD-425-O-R La carcasa del detector de conductos FAD-420-HS-EN con base con detector FAD-425-O-R integrado detecta humo en conductos de ventilaci\u00f3n.\u00a0 Las part\u00edculas de humo en el aire son detectado de manera confiable e informado&hellip;<\/p>\n","protected":false},"featured_media":5666,"comment_status":"open","ping_status":"closed","template":"","meta":{"om_disable_all_campaigns":false,"_monsterinsights_skip_tracking":false,"_monsterinsights_sitenote_active":false,"_monsterinsights_sitenote_note":"","_monsterinsights_sitenote_category":0},"product_brand":[],"product_cat":[494],"product_tag":[495,497,498,499,500,501,496,502],"class_list":{"0":"post-5667","1":"product","2":"type-product","3":"status-publish","4":"has-post-thumbnail","6":"product_cat-detectores","7":"product_tag-control-de-incendio","8":"product_tag-detectores","9":"product_tag-estacion-manual","10":"product_tag-estrobos-y-sirenas","11":"product_tag-modulos","12":"product_tag-paneles-de-control","13":"product_tag-sistemas-de-incendio","14":"product_tag-teclados","16":"first","17":"instock","18":"sale","19":"taxable","20":"shipping-taxable","21":"purchasable","22":"product-type-simple"},"aioseo_notices":[],"_links":{"self":[{"href":"https:\/\/tecsecmty.com\/index.php\/wp-json\/wp\/v2\/product\/5667","targetHints":{"allow":["GET"]}}],"collection":[{"href":"https:\/\/tecsecmty.com\/index.php\/wp-json\/wp\/v2\/product"}],"about":[{"href":"https:\/\/tecsecmty.com\/index.php\/wp-json\/wp\/v2\/types\/product"}],"replies":[{"embeddable":true,"href":"https:\/\/tecsecmty.com\/index.php\/wp-json\/wp\/v2\/comments?post=5667"}],"version-history":[{"count":0,"href":"https:\/\/tecsecmty.com\/index.php\/wp-json\/wp\/v2\/product\/5667\/revisions"}],"wp:featuredmedia":[{"embeddable":true,"href":"https:\/\/tecsecmty.com\/index.php\/wp-json\/wp\/v2\/media\/5666"}],"wp:attachment":[{"href":"https:\/\/tecsecmty.com\/index.php\/wp-json\/wp\/v2\/media?parent=5667"}],"wp:term":[{"taxonomy":"product_brand","embeddable":true,"href":"https:\/\/tecsecmty.com\/index.php\/wp-json\/wp\/v2\/product_brand?post=5667"},{"taxonomy":"product_cat","embeddable":true,"href":"https:\/\/tecsecmty.com\/index.php\/wp-json\/wp\/v2\/product_cat?post=5667"},{"taxonomy":"product_tag","embeddable":true,"href":"https:\/\/tecsecmty.com\/index.php\/wp-json\/wp\/v2\/product_tag?post=5667"}],"curies":[{"name":"wp","href":"https:\/\/api.w.org\/{rel}","templated":true}]}}