{"id":5679,"date":"2023-02-23T11:37:12","date_gmt":"2023-02-23T17:37:12","guid":{"rendered":"https:\/\/tecsecmty.com\/index.php\/producto\/bosch-f_fap425dor-detector-de-humo-con-doble-sensor-optico-rotary-switch\/"},"modified":"2023-03-22T23:21:06","modified_gmt":"2023-03-23T05:21:06","slug":"bosch-f_fap425dor-detector-de-humo-con-doble-sensor-optico-rotary-switch","status":"publish","type":"product","link":"https:\/\/tecsecmty.com\/index.php\/producto\/bosch-f_fap425dor-detector-de-humo-con-doble-sensor-optico-rotary-switch\/","title":{"rendered":"BOSCH F_FAP425DOR &#8211; Detector de humo con doble Sensor \u00f3ptico \/ ROTARY Switch"},"content":{"rendered":"<h5 class=\"card-title text-center\">AP-425-DO-R Detector humo, doble \u00f3ptico<\/h5>\n<p class=\"ql-align-justify\"><strong>AVENAR detector 4000<\/strong>\u00a0es una nueva gama de detectores de incendios autom\u00e1ticos que ofrecen una extraordinaria precisi\u00f3n y velocidad de detecci\u00f3n. Los modelos con dos sensores \u00f3pticos (\u00f3ptico doble) son capaces de detectar la m\u00e1s m\u00ednima presencia de humo. La gama est\u00e1 formada por modelos con giratorios, con direccionamiento manual y autom\u00e1tico, y modelos sin giratorios con configuraci\u00f3n de direcci\u00f3n autom\u00e1tica.<\/p>\n<p class=\"ql-align-justify\"><strong>Funciones<\/strong><\/p>\n<p class=\"ql-align-justify\"><strong>Tecnolog\u00eda de sensores y procesamiento de se\u00f1ales<\/strong><\/p>\n<p class=\"ql-align-justify\">Los sensores individuales se pueden configurar en el software de programaci\u00f3n\u00a0<strong>FSP-5000-RPS<\/strong>. Todas las se\u00f1ales del sensor se analizan continuamente mediante el sistema electr\u00f3nico de evaluaci\u00f3n interno\u00a0<strong>(Intelligent Signal Processing, ISP<\/strong>) y est\u00e1n enlazadas entre s\u00ed mediante un microprocesador integrado. El enlace entre los sensores significa que los detectores combinados tambi\u00e9n se pueden utilizar donde se espera que haya algo de humo, vapor o polvo durante el transcurso del funcionamiento normal.<\/p>\n<p class=\"ql-align-justify\">La alarma solo se dispara autom\u00e1ticamente si la combinaci\u00f3n de se\u00f1ales corresponde a la caracter\u00edsticas del campo de ubicaci\u00f3n, seleccionado al realizar la programaci\u00f3n. En consecuencia, el n\u00famero de falsas alarmas es menor. Adem\u00e1s, se analiza la duraci\u00f3n de las se\u00f1ales del sensor tras la detecci\u00f3n de incendios y aver\u00edas, lo que da como lugar a una mayor fiabilidad de detecci\u00f3n para cada sensor individual. En el caso del sensor \u00f3ptico y qu\u00edmico, el umbral de respuesta (compensaci\u00f3n de tendencia) se ajusta activamente. La desactivaci\u00f3n manual o temporizada de sensores individuales es posible para el ajuste a factores de interferencias extremos.<\/p>\n<p class=\"ql-align-justify\"><strong>Sensor \u00f3ptico (sensor de humo)<\/strong><\/p>\n<p class=\"ql-align-justify\">El sensor \u00f3ptico usa el m\u00e9todo de dispersi\u00f3n de luz. Un\u00a0<strong>LED\u00a0<\/strong>transmite\u00a0<strong>luz\u00a0<\/strong>a la c\u00e1mara de medici\u00f3n, donde es absorbida por la estructura laber\u00edntica. En caso de incendio, el humo penetra en la c\u00e1mara de medici\u00f3n y las part\u00edculas de humo reflejan la luz del\u00a0<strong>LED<\/strong>. La cantidad de luz que llega al fotodiodo se convierte en una se\u00f1al el\u00e9ctrica proporcional.<\/p>\n<p class=\"ql-align-justify\">Los modelos con \u00f3ptica doble tienen dos sensores \u00f3pticos con diferentes longitudes de onda. La tecnolog\u00eda de doble rayo funciona con un LED azul y otro de infrarrojos, de forma que la detecci\u00f3n de la menor presencia de humo se realiza de forma r\u00e1pida y fiable (detecci\u00f3n<strong>\u00a0TF1 y TF9<\/strong>).<\/p>\n<p class=\"ql-align-justify\"><strong>Sensor t\u00e9rmico (sensor t\u00e9rmico)<\/strong><\/p>\n<p class=\"ql-align-justify\">Se utiliza un termistor en una red de resistencias como sensor t\u00e9rmico, desde el que un convertidor anal\u00f3gico-digital mide la tensi\u00f3n dependiente de la temperatura a intervalos regulares. Seg\u00fan la clase de detector especificada, el sensor de temperatura dispara el estado de alarma cuando se excede la temperatura m\u00e1xima de 54 \u00b0C o 69 \u00b0C (m\u00e1ximo t\u00e9rmico), o si la temperatura se eleva en una cantidad definida dentro de un per\u00edodo de tiempo especificado (diferencial t\u00e9rmico).<\/p>\n<p class=\"ql-align-justify\"><strong>Sensor qu\u00edmico (sensor de gas CO)<\/strong><\/p>\n<p class=\"ql-align-justify\">La funci\u00f3n principal del sensor de gas es detectar el mon\u00f3xido de carbono (CO) generado como consecuencia de un incendio, pero tambi\u00e9n detecta hidr\u00f3geno (H) y mon\u00f3xido de nitr\u00f3geno (NO). El valor de la se\u00f1al del sensor es proporcional a la concentraci\u00f3n de gas. El sensor de gas emite informaci\u00f3n adicional para evitar de forma eficaz valores enga\u00f1osos.<\/p>\n<p class=\"ql-align-justify\"><strong>Caracter\u00edsticas de LSN improved<\/strong><\/p>\n<p class=\"ql-align-justify\">AVENAR detector 4000 ofrece todas las caracter\u00edsticas de la tecnolog\u00eda LSN improved:<\/p>\n<ul>\n<li class=\"ql-align-justify\">Estructuras de red flexibles, incluida la derivaci\u00f3n en T sin elementos adicionales (la derivaci\u00f3n en T no es viable en los modelos sin giratorios).<\/li>\n<li class=\"ql-align-justify\">Hasta 254 elementos LSN improved por l\u00ednea de lazos o ramal.<\/li>\n<li class=\"ql-align-justify\">Direccionamiento manual o autom\u00e1tico del detector, con o sin detecci\u00f3n autom\u00e1tica.<\/li>\n<li class=\"ql-align-justify\">Fuente de alimentaci\u00f3n para componentes conectados mediante bus LSN.<\/li>\n<li class=\"ql-align-justify\">Se puede utilizar cable de detecci\u00f3n de incendios sin protecci\u00f3n.<\/li>\n<li class=\"ql-align-justify\">Longitud de cable de hasta 3.000 m (con LSN 1500 A).<\/li>\n<li class=\"ql-align-justify\">Compatibilidad con versiones anteriores de sistemas LSN y unidades centrales existentes.<\/li>\n<li class=\"ql-align-justify\">Control del impacto electromagn\u00e9tico en el entorno para realizar el r\u00e1pido an\u00e1lisis de las causas (los valores de EMC se muestran en la central).<\/li>\n<\/ul>\n<p class=\"ql-align-justify\"><strong>Notas de configuraci\u00f3n\/instalaci\u00f3n<\/strong><\/p>\n<ul>\n<li class=\"ql-align-justify\">Se puede conectar a las centrales de incendios Bosch con los par\u00e1metros del sistema LSN improved.<\/li>\n<li class=\"ql-align-justify\">Los detectores DO pueden utilizarse \u00fanicamente con el controlador de la central MPC versi\u00f3n B y superior. El controlador de la central MPC de la versi\u00f3n A no puede conectarse.<\/li>\n<li class=\"ql-align-justify\">En el modo LSN cl\u00e1sico se puede conectar a las centrales de incendios LSN BZ 500 LSN, UEZ 2000 LSN, UGM 2020 y a otras centrales o a sus m\u00f3dulos receptores con id\u00e9nticas condiciones de conexi\u00f3n, pero con los par\u00e1metros del sistema LSN anteriores.<\/li>\n<li class=\"ql-align-justify\">Durante la planificaci\u00f3n de la obra, la adhesi\u00f3n a los est\u00e1ndares y directivas nacionales es esencial.<\/li>\n<li class=\"ql-align-justify\">La parte superior y la base del detector se pueden pintar de forma que coordinen con el ambiente. Tenga en cuenta la informaci\u00f3n proporcionada en Painting Instructions.<\/li>\n<li class=\"ql-align-justify\">Los detectores de la serie 420 se pueden sustituir con todos los modelos de AVENAR detector 4000 sin tener que volver a configurar la central.<\/li>\n<\/ul>\n<p class=\"ql-align-justify\"><strong>Nota:\u00a0<\/strong>FAP-425-DO-R Detector humo, doble \u00f3ptico Detector anal\u00f3gico direccionable con dos sensores \u00f3pticos, direccionable de forma manual, autom\u00e1tica y no incluye Base de montaje.<\/p>\n<p class=\"ql-align-justify\">N\u00famero de pedido: FAP-425-DO-R.<\/p>\n<p class=\"ql-align-justify\"><strong>Principales\u00a0<\/strong><strong>Caracter\u00edsticas<\/strong><\/p>\n<ul>\n<li class=\"ql-align-justify\">Alta fiabilidad y precisi\u00f3n gracias al Procesamiento de se\u00f1ales inteligente (ISP).<\/li>\n<li class=\"ql-align-justify\">Detecci\u00f3n muy temprana de la m\u00e1s m\u00ednima presencia de humo con los modelos de doble \u00f3ptica (tecnolog\u00eda de doble rayo).<\/li>\n<li class=\"ql-align-justify\">Comprobaci\u00f3n de la presencia de interferencias electromagn\u00e9ticas en el entorno para realizar un an\u00e1lisis r\u00e1pido de las causas.<\/li>\n<li class=\"ql-align-justify\">Direccionamiento autom\u00e1tico y manual.<\/li>\n<li class=\"ql-align-justify\">No incluye base de montaje.<\/li>\n<\/ul>\n<p class=\"ql-align-justify\"><strong>Especificaciones<\/strong><\/p>\n<p class=\"ql-align-justify\"><strong>El\u00e9ctricas<\/strong><\/p>\n<ul>\n<li class=\"ql-align-justify\">Tensi\u00f3n de funcionamiento: De 15 V CC a 33 V CC.<\/li>\n<li class=\"ql-align-justify\">Consumo de energ\u00eda &lt; 0,55 mA.<\/li>\n<li class=\"ql-align-justify\">Salida de alarma Por datos mediante l\u00ednea a dos hilos.<\/li>\n<li class=\"ql-align-justify\">Salida del indicador Colector abierto que conmuta 0 V sobre 1,5 kilohmios, m\u00e1x. 15 mA.<\/li>\n<\/ul>\n<p class=\"ql-align-justify\"><strong>Mec\u00e1nicas<\/strong><\/p>\n<p class=\"ql-align-justify\"><strong>Dimensiones<\/strong><\/p>\n<ul>\n<li class=\"ql-align-justify\">Sin base \u00d8 99,5 x 52 mm<\/li>\n<li class=\"ql-align-justify\">Con base \u00d8 120 x 63,5 mm Carcasa<\/li>\n<li class=\"ql-align-justify\">Material Pl\u00e1stico, ABS (Novodur)<\/li>\n<li class=\"ql-align-justify\">Color Blanco, parecido a RAL 9010, acabado mate.<\/li>\n<\/ul>\n<p class=\"ql-align-justify\"><strong>Peso Sin\/con embalaje<\/strong><\/p>\n<ul>\n<li class=\"ql-align-justify\">FAP-425-DOTC-R 85 g \/ 130 g aprox.<\/li>\n<li class=\"ql-align-justify\">FAP-425-DO-R, FAP-425-DOT-R 80 g \/ 120 g aprox.<\/li>\n<li class=\"ql-align-justify\">FAP-425-O-R, FAP-425-OT-R, FAH-425-T-R 80 g \/ 120 g aprox.<\/li>\n<li class=\"ql-align-justify\">FAP-425-O, FAP-425-OT 75 g \/ 115 g aprox.<\/li>\n<\/ul>\n<p class=\"ql-align-justify\"><strong>Ambientales<\/strong><\/p>\n<p class=\"ql-align-justify\"><strong>Temperatura de funcionamiento permitida<\/strong><\/p>\n<ul>\n<li class=\"ql-align-justify\">FAP-425-DOTC-R De -10 \u00b0C a +50 \u00b0C<\/li>\n<li class=\"ql-align-justify\">FAP-425-DOT-R, FAP-425-OT-R, FAH-425-T-R, FAP-425-OT De -20 \u00b0C a +50 \u00b0C.<\/li>\n<li class=\"ql-align-justify\">FAP-425-DO-R, FAP-425-O-R, FAP-425-O De -20 \u00b0C a +65 \u00b0C.<\/li>\n<\/ul>\n<p class=\"ql-align-justify\"><strong>Temperatura de almacenamiento permitida<\/strong><\/p>\n<ul>\n<li class=\"ql-align-justify\">FAP-425-DOTC-R De -20 \u00b0C a +50 \u00b0C<\/li>\n<li class=\"ql-align-justify\">Todos los modelos (excepto FAP-425-DOTC-R) De -25 \u00b0C a +80 \u00b0C Humedad relativa permitida 95 % (sin condensaci\u00f3n).<\/li>\n<\/ul>\n<p><img decoding=\"async\" class=\"overview-center-img- aligncenter\" src=\"https:\/\/tvc.mx\/media\/8669\/Logoopaginas-oficial.png\" alt=\"\" \/><\/p>\n","protected":false},"excerpt":{"rendered":"<p>AP-425-DO-R Detector humo, doble \u00f3ptico AVENAR detector 4000\u00a0es una nueva gama de detectores de incendios autom\u00e1ticos que ofrecen una extraordinaria precisi\u00f3n y velocidad de detecci\u00f3n. Los modelos con dos sensores \u00f3pticos (\u00f3ptico doble) son capaces de detectar la m\u00e1s m\u00ednima presencia de humo. La gama&hellip;<\/p>\n","protected":false},"featured_media":5678,"comment_status":"open","ping_status":"closed","template":"","meta":{"om_disable_all_campaigns":false,"_monsterinsights_skip_tracking":false,"_monsterinsights_sitenote_active":false,"_monsterinsights_sitenote_note":"","_monsterinsights_sitenote_category":0},"product_brand":[],"product_cat":[494],"product_tag":[495,497,498,499,500,501,496,502],"class_list":{"0":"post-5679","1":"product","2":"type-product","3":"status-publish","4":"has-post-thumbnail","6":"product_cat-detectores","7":"product_tag-control-de-incendio","8":"product_tag-detectores","9":"product_tag-estacion-manual","10":"product_tag-estrobos-y-sirenas","11":"product_tag-modulos","12":"product_tag-paneles-de-control","13":"product_tag-sistemas-de-incendio","14":"product_tag-teclados","16":"first","17":"instock","18":"sale","19":"taxable","20":"shipping-taxable","21":"purchasable","22":"product-type-simple"},"aioseo_notices":[],"_links":{"self":[{"href":"https:\/\/tecsecmty.com\/index.php\/wp-json\/wp\/v2\/product\/5679","targetHints":{"allow":["GET"]}}],"collection":[{"href":"https:\/\/tecsecmty.com\/index.php\/wp-json\/wp\/v2\/product"}],"about":[{"href":"https:\/\/tecsecmty.com\/index.php\/wp-json\/wp\/v2\/types\/product"}],"replies":[{"embeddable":true,"href":"https:\/\/tecsecmty.com\/index.php\/wp-json\/wp\/v2\/comments?post=5679"}],"version-history":[{"count":0,"href":"https:\/\/tecsecmty.com\/index.php\/wp-json\/wp\/v2\/product\/5679\/revisions"}],"wp:featuredmedia":[{"embeddable":true,"href":"https:\/\/tecsecmty.com\/index.php\/wp-json\/wp\/v2\/media\/5678"}],"wp:attachment":[{"href":"https:\/\/tecsecmty.com\/index.php\/wp-json\/wp\/v2\/media?parent=5679"}],"wp:term":[{"taxonomy":"product_brand","embeddable":true,"href":"https:\/\/tecsecmty.com\/index.php\/wp-json\/wp\/v2\/product_brand?post=5679"},{"taxonomy":"product_cat","embeddable":true,"href":"https:\/\/tecsecmty.com\/index.php\/wp-json\/wp\/v2\/product_cat?post=5679"},{"taxonomy":"product_tag","embeddable":true,"href":"https:\/\/tecsecmty.com\/index.php\/wp-json\/wp\/v2\/product_tag?post=5679"}],"curies":[{"name":"wp","href":"https:\/\/api.w.org\/{rel}","templated":true}]}}