{"id":5761,"date":"2023-02-23T11:39:06","date_gmt":"2023-02-23T17:39:06","guid":{"rendered":"https:\/\/tecsecmty.com\/index.php\/producto\/bosch-f_fmm100sat2ckb-estacion-manual-color-azul-ul-accion-unica\/"},"modified":"2023-03-22T23:21:10","modified_gmt":"2023-03-23T05:21:10","slug":"bosch-f_fmm100sat2ckb-estacion-manual-color-azul-ul-accion-unica","status":"publish","type":"product","link":"https:\/\/tecsecmty.com\/index.php\/producto\/bosch-f_fmm100sat2ckb-estacion-manual-color-azul-ul-accion-unica\/","title":{"rendered":"BOSCH F_FMM100SAT2CKB &#8211; Estacion manual color azul \/ UL \/ Accion unica"},"content":{"rendered":"<h5 class=\"card-title text-center\">Estaci\u00f3n manual de acci\u00f3n simple (azul) FMM \u2011 100SAT2CK \u2011 B<\/h5>\n<p class=\"ql-align-justify\"><strong>La familia FMM \u2011 100 es vers\u00e1til, de alta calidad, de metal. estaciones manuales en azul, verde o amarillo.\u00a0<\/strong>Estas las estaciones manuales de acci\u00f3n simple tienen dos unipolares, contactos de doble tiro (SPDT) que son individualmente Configurable en campo para operaci\u00f3n normalmente abierta (NO) o normalmente cerrada (NC). Vienen con cerradura de llave y contienen contactos chapados en oro para resistir la corrosi\u00f3n.<\/p>\n<p class=\"ql-align-justify\"><strong>Funciones Operaci\u00f3n<\/strong><\/p>\n<p class=\"ql-align-justify\">Cuando la barra en el frente de la estaci\u00f3n manual est\u00e1 se tira, se cierra y se puede ver f\u00e1cilmente desde 50 pies (15 m).\u00a0 Reinicie la barra de activaci\u00f3n abriendo el estaci\u00f3n manual con la llave y colocando la activaci\u00f3n. Barra en su posici\u00f3n\u00a0 vertical normal. Un puntaje opcional barra de rotura de acr\u00edlico est\u00e1 disponible.<\/p>\n<p class=\"ql-align-justify\"><strong>Notas de instalaci\u00f3n \/ configuraci\u00f3n<\/strong><\/p>\n<p class=\"ql-align-justify\"><strong>Informaci\u00f3n de compatibilidad<\/strong><\/p>\n<p class=\"ql-align-justify\">Estas estaciones manuales son compatibles con todos los Paneles Bosch de control de Security Systems, Inc.<\/p>\n<p class=\"ql-align-justify\"><strong>Consideraciones de montaje<\/strong><\/p>\n<p class=\"ql-align-justify\">Estas estaciones manuales pueden ser montadas en superficie en la FMM-100BB Series cajas traseras de montaje en superficie o al ras, montado en una caja trasera est\u00e1ndar de una unidad.<\/p>\n<p class=\"ql-align-justify\">Las ubicaciones de montaje est\u00e1n sujetas a las regulaciones locales. Para cumplir con las normas ADA, la estaci\u00f3n manual debe estar a menos de 48 pulg. (1.2 m) sobre el piso para Acceso para silla de ruedas delantera y menos de 54 pulg. (1.3 m) por encima del piso para acceso en silla de ruedas lateral.<\/p>\n<p class=\"ql-align-justify\"><strong>Partes incluidas<\/strong><\/p>\n<p class=\"ql-align-justify\"><strong>Las siguientes piezas se suministran con cada manual.<\/strong><\/p>\n<p class=\"ql-align-justify\">Estaci\u00f3n en la serie FMM-100 componentes:<\/p>\n<ul>\n<li class=\"ql-align-justify\">1 estaci\u00f3n manual.<\/li>\n<li class=\"ql-align-justify\">1 tecla D102 (tecla 1358).<\/li>\n<li class=\"ql-align-justify\">1 FMM -100GR barra de ruptura de acr\u00edlico.<\/li>\n<li class=\"ql-align-justify\">1 paquete de hardware.<\/li>\n<li class=\"ql-align-justify\">1 paquete de literatura.<\/li>\n<li class=\"ql-align-justify\">1 paquete de etiquetas (ver a continuaci\u00f3n).<\/li>\n<\/ul>\n<p><strong>Nota: Estaci\u00f3n manual de acci\u00f3n simple (azul) FMM \u2011 100SAT2CK \u2011 B<\/strong><\/p>\n<p><strong>Manual de metal vers\u00e1til, de alta calidad y acci\u00f3n simple estaci\u00f3n en azul con cerradura con llave y contactos dorados.<\/strong><\/p>\n<p class=\"ql-align-justify\"><strong>N\u00famero de pedido: FMM-100SAT2CK-B<\/strong><\/p>\n<p class=\"ql-align-justify\"><strong>Principales caracter\u00edsticas<\/strong><\/p>\n<ul>\n<li>Conexiones a terminales.<\/li>\n<li>Contactos de alarma chapados en oro para resistencia a la corrosi\u00f3n.<\/li>\n<li>Cajas traseras montadas en superficie o empotradas.<\/li>\n<li>Etiquetas opcionales<\/li>\n<\/ul>\n<p class=\"ql-align-justify\"><strong>Especificaciones t\u00e9cnicas<\/strong><\/p>\n<p class=\"ql-align-justify\"><strong>Ambiental<\/strong><\/p>\n<ul>\n<li class=\"ql-align-justify\">Humedad relativa: 90% a + 100 \u00b0 F (+ 38 \u00b0 C)<\/li>\n<li class=\"ql-align-justify\">Temperatura (Operaci\u00f3n): -40 \u00b0 F a + 150 \u00b0 F (-40 \u00b0 C a + 66\u00b0C)<\/li>\n<\/ul>\n<p class=\"ql-align-justify\"><strong>Mec\u00e1nico<\/strong><\/p>\n<ul>\n<li class=\"ql-align-justify\">Color: Azul: FMM \u2011 100SAT2CK \u2011 B.<\/li>\n<li class=\"ql-align-justify\">Verde: FMM \u2011 100SAT2CK \u2011 G.<\/li>\n<li class=\"ql-align-justify\">Amarillo: FMM \u2011 100SAT2CK \u2011 Y.<\/li>\n<li class=\"ql-align-justify\">Dimensiones (H x W x D): 4.75 pulg. X 3.25 pulg. X 1.1 pulg. (12 cm x 8,3 cm x 2,8 cm).<\/li>\n<li class=\"ql-align-justify\">Material: Meta fundido a troquel.<\/li>\n<\/ul>\n<p><img decoding=\"async\" class=\"overview-center-img-web\" src=\"https:\/\/tvc.mx\/media\/34995\/Logoopaginas-oficial-1920x400.png\" alt=\"\" \/><\/p>\n","protected":false},"excerpt":{"rendered":"<p>Estaci\u00f3n manual de acci\u00f3n simple (azul) FMM \u2011 100SAT2CK \u2011 B La familia FMM \u2011 100 es vers\u00e1til, de alta calidad, de metal. estaciones manuales en azul, verde o amarillo.\u00a0Estas las estaciones manuales de acci\u00f3n simple tienen dos unipolares, contactos de doble tiro (SPDT) que&hellip;<\/p>\n","protected":false},"featured_media":5760,"comment_status":"open","ping_status":"closed","template":"","meta":{"om_disable_all_campaigns":false,"_monsterinsights_skip_tracking":false,"_monsterinsights_sitenote_active":false,"_monsterinsights_sitenote_note":"","_monsterinsights_sitenote_category":0},"product_brand":[],"product_cat":[503],"product_tag":[495,497,498,499,500,501,496,502],"class_list":{"0":"post-5761","1":"product","2":"type-product","3":"status-publish","4":"has-post-thumbnail","6":"product_cat-estaciones-manuales","7":"product_tag-control-de-incendio","8":"product_tag-detectores","9":"product_tag-estacion-manual","10":"product_tag-estrobos-y-sirenas","11":"product_tag-modulos","12":"product_tag-paneles-de-control","13":"product_tag-sistemas-de-incendio","14":"product_tag-teclados","16":"first","17":"instock","18":"sale","19":"taxable","20":"shipping-taxable","21":"purchasable","22":"product-type-simple"},"aioseo_notices":[],"_links":{"self":[{"href":"https:\/\/tecsecmty.com\/index.php\/wp-json\/wp\/v2\/product\/5761","targetHints":{"allow":["GET"]}}],"collection":[{"href":"https:\/\/tecsecmty.com\/index.php\/wp-json\/wp\/v2\/product"}],"about":[{"href":"https:\/\/tecsecmty.com\/index.php\/wp-json\/wp\/v2\/types\/product"}],"replies":[{"embeddable":true,"href":"https:\/\/tecsecmty.com\/index.php\/wp-json\/wp\/v2\/comments?post=5761"}],"version-history":[{"count":0,"href":"https:\/\/tecsecmty.com\/index.php\/wp-json\/wp\/v2\/product\/5761\/revisions"}],"wp:featuredmedia":[{"embeddable":true,"href":"https:\/\/tecsecmty.com\/index.php\/wp-json\/wp\/v2\/media\/5760"}],"wp:attachment":[{"href":"https:\/\/tecsecmty.com\/index.php\/wp-json\/wp\/v2\/media?parent=5761"}],"wp:term":[{"taxonomy":"product_brand","embeddable":true,"href":"https:\/\/tecsecmty.com\/index.php\/wp-json\/wp\/v2\/product_brand?post=5761"},{"taxonomy":"product_cat","embeddable":true,"href":"https:\/\/tecsecmty.com\/index.php\/wp-json\/wp\/v2\/product_cat?post=5761"},{"taxonomy":"product_tag","embeddable":true,"href":"https:\/\/tecsecmty.com\/index.php\/wp-json\/wp\/v2\/product_tag?post=5761"}],"curies":[{"name":"wp","href":"https:\/\/api.w.org\/{rel}","templated":true}]}}