{"id":5765,"date":"2023-02-23T11:39:14","date_gmt":"2023-02-23T17:39:14","guid":{"rendered":"https:\/\/tecsecmty.com\/index.php\/producto\/bosch-f_fmm100wpbbr-caja-para-estacion-manual-ip54-color-rojo\/"},"modified":"2023-03-22T23:21:10","modified_gmt":"2023-03-23T05:21:10","slug":"bosch-f_fmm100wpbbr-caja-para-estacion-manual-ip54-color-rojo","status":"publish","type":"product","link":"https:\/\/tecsecmty.com\/index.php\/producto\/bosch-f_fmm100wpbbr-caja-para-estacion-manual-ip54-color-rojo\/","title":{"rendered":"BOSCH F_FMM100WPBBR &#8211; Caja para estacion manual \/ IP54 \/ Color rojo"},"content":{"rendered":"<h5 class=\"card-title text-center\">FMM-100WPBB-R Caja resistente a la intemperie 4.75&#215;3.25&#215;2.25 \u00abrojo<\/h5>\n<p class=\"ql-align-justify\">Una caja trasera resistente a la intemperie de metal fundido rojo que mide 4,75 pulg. X 3,25 pulg. X 2,25 pulg. (12 cm x 8,3 cm x 5,7 cm) con orificios ciegos de \u00bd pulgada (12.7 mm) en los lados cortos. La caja posterior est\u00e1 listada por UL bajo UL38 y es UL certificado para su uso en Canad\u00e1. Tiene una clasificaci\u00f3n NEMA de 3R y una categor\u00eda de protecci\u00f3n ambiental de IP54.<\/p>\n<p class=\"ql-align-justify\"><strong>Certificaciones y aprobaciones<\/strong><\/p>\n<p class=\"ql-align-justify\"><strong>Regi\u00f3n Cumplimiento normativo<\/strong><\/p>\n<p class=\"ql-align-justify\"><strong>USA<\/strong><\/p>\n<ul>\n<li class=\"ql-align-justify\">UL UL 38, Cajas de se\u00f1alizaci\u00f3n manual para fuego Sistemas de alarma.<\/li>\n<li class=\"ql-align-justify\">CSFM ver www.boschsecurity.com (el Bosch sitio web).<\/li>\n<li class=\"ql-align-justify\">NYCMEA 382-94-E, vol. VI.<\/li>\n<\/ul>\n<p class=\"ql-align-justify\"><strong>Canad\u00e1<\/strong><\/p>\n<ul>\n<li class=\"ql-align-justify\">ULC CAN \/ ULC-S528, Estaciones manuales para Sistemas de alarma contra incendios, incluidos accesorios.<\/li>\n<\/ul>\n<p class=\"ql-align-justify\"><strong>Partes incluidas<\/strong><\/p>\n<p class=\"ql-align-justify\"><strong>Componente en cantidad<\/strong><\/p>\n<ul>\n<li class=\"ql-align-justify\">1 Caja trasera resistente a la intemperie.<\/li>\n<li class=\"ql-align-justify\">1 Empaquetadura.<\/li>\n<li class=\"ql-align-justify\">1 Paquete de hardware.<\/li>\n<li class=\"ql-align-justify\">1 Paquete de literatura &#8211; Manua de instalaci\u00f3n.<\/li>\n<\/ul>\n<p class=\"ql-align-justify\"><strong>Nota:\u00a0<\/strong><strong>FMM-100WPBB-R Caja resistente a la intemperie 4.75&#215;3.25&#215;2.25 \u00abrojo<\/strong><\/p>\n<p class=\"ql-align-justify\"><strong>Caja trasera de metal fundido rojo resistente a la intemperie<\/strong><\/p>\n<p class=\"ql-align-justify\"><strong>N\u00famero de pedido: FMM-100WPBB-R<\/strong><\/p>\n<p class=\"ql-align-justify\"><strong>Principales caracter\u00edsticas<\/strong><\/p>\n<ul>\n<li class=\"ql-align-justify\">Caja trasera de metal fundido resistente a la intemperie.<\/li>\n<li class=\"ql-align-justify\">Agujero roscado para \u00be-in. NPT apropiado.<\/li>\n<li class=\"ql-align-justify\">F\u00e1cil de instalar.<\/li>\n<\/ul>\n<p class=\"ql-align-justify\"><strong>Especificaciones<\/strong><\/p>\n<p class=\"ql-align-justify\"><strong>Ambientales<\/strong><\/p>\n<ul>\n<li class=\"ql-align-justify\">Calificaci\u00f3n NEMA 3R<\/li>\n<li class=\"ql-align-justify\">Protecci\u00f3n del medio ambiente categor\u00eda IP54<\/li>\n<\/ul>\n<p class=\"ql-align-justify\"><strong>Mec\u00e1nico<\/strong><\/p>\n<ul>\n<li class=\"ql-align-justify\">Color: rojo<\/li>\n<li class=\"ql-align-justify\">Dimensiones (HxWxD): 4.75 pulg. X 3.25 pulg. X 2.25 pulg. (12 cm x 8,3 cm x 5,7 cm)<\/li>\n<li class=\"ql-align-justify\">Material: metal fundido.<\/li>\n<\/ul>\n<p><img decoding=\"async\" class=\"overview-center-img-web\" src=\"https:\/\/tvc.mx\/media\/35179\/Logoopaginas-oficial-1920x400.png\" alt=\"\" \/><\/p>\n","protected":false},"excerpt":{"rendered":"<p>FMM-100WPBB-R Caja resistente a la intemperie 4.75&#215;3.25&#215;2.25 \u00abrojo Una caja trasera resistente a la intemperie de metal fundido rojo que mide 4,75 pulg. X 3,25 pulg. X 2,25 pulg. (12 cm x 8,3 cm x 5,7 cm) con orificios ciegos de \u00bd pulgada (12.7 mm)&hellip;<\/p>\n","protected":false},"featured_media":5764,"comment_status":"open","ping_status":"closed","template":"","meta":{"om_disable_all_campaigns":false,"_monsterinsights_skip_tracking":false,"_monsterinsights_sitenote_active":false,"_monsterinsights_sitenote_note":"","_monsterinsights_sitenote_category":0},"product_brand":[],"product_cat":[503],"product_tag":[495,497,498,499,500,501,496,502],"class_list":{"0":"post-5765","1":"product","2":"type-product","3":"status-publish","4":"has-post-thumbnail","6":"product_cat-estaciones-manuales","7":"product_tag-control-de-incendio","8":"product_tag-detectores","9":"product_tag-estacion-manual","10":"product_tag-estrobos-y-sirenas","11":"product_tag-modulos","12":"product_tag-paneles-de-control","13":"product_tag-sistemas-de-incendio","14":"product_tag-teclados","16":"first","17":"instock","18":"sale","19":"taxable","20":"shipping-taxable","21":"purchasable","22":"product-type-simple"},"aioseo_notices":[],"_links":{"self":[{"href":"https:\/\/tecsecmty.com\/index.php\/wp-json\/wp\/v2\/product\/5765","targetHints":{"allow":["GET"]}}],"collection":[{"href":"https:\/\/tecsecmty.com\/index.php\/wp-json\/wp\/v2\/product"}],"about":[{"href":"https:\/\/tecsecmty.com\/index.php\/wp-json\/wp\/v2\/types\/product"}],"replies":[{"embeddable":true,"href":"https:\/\/tecsecmty.com\/index.php\/wp-json\/wp\/v2\/comments?post=5765"}],"version-history":[{"count":0,"href":"https:\/\/tecsecmty.com\/index.php\/wp-json\/wp\/v2\/product\/5765\/revisions"}],"wp:featuredmedia":[{"embeddable":true,"href":"https:\/\/tecsecmty.com\/index.php\/wp-json\/wp\/v2\/media\/5764"}],"wp:attachment":[{"href":"https:\/\/tecsecmty.com\/index.php\/wp-json\/wp\/v2\/media?parent=5765"}],"wp:term":[{"taxonomy":"product_brand","embeddable":true,"href":"https:\/\/tecsecmty.com\/index.php\/wp-json\/wp\/v2\/product_brand?post=5765"},{"taxonomy":"product_cat","embeddable":true,"href":"https:\/\/tecsecmty.com\/index.php\/wp-json\/wp\/v2\/product_cat?post=5765"},{"taxonomy":"product_tag","embeddable":true,"href":"https:\/\/tecsecmty.com\/index.php\/wp-json\/wp\/v2\/product_tag?post=5765"}],"curies":[{"name":"wp","href":"https:\/\/api.w.org\/{rel}","templated":true}]}}