{"id":5787,"date":"2023-02-23T11:39:49","date_gmt":"2023-02-23T17:39:49","guid":{"rendered":"https:\/\/tecsecmty.com\/index.php\/producto\/bosch-f_et70wp2475wfr-altavoz-y-estrobo-color-rojo-exterior\/"},"modified":"2023-03-22T23:21:04","modified_gmt":"2023-03-23T05:21:04","slug":"bosch-f_et70wp2475wfr-altavoz-y-estrobo-color-rojo-exterior","status":"publish","type":"product","link":"https:\/\/tecsecmty.com\/index.php\/producto\/bosch-f_et70wp2475wfr-altavoz-y-estrobo-color-rojo-exterior\/","title":{"rendered":"BOSCH F_ET70WP2475WFR- ALTAVOZ Y ESTROBO COLOR ROJO\/ EXTERIOR"},"content":{"rendered":"<h5 class=\"card-title text-center\">ET70WP-2475C-FR Altavoz de techo \/ luz estrobosc\u00f3pica, rojo<\/h5>\n<p class=\"ql-align-justify\"><strong>Las luces estrobosc\u00f3picas de altavoces a prueba de intemperie ET70WP proporcionan alta salida de audio con audibilidad clara, y son dise\u00f1ado para satisfacer las necesidades cr\u00edticas de la seguridad de la vida industria para voz de emergencia efectiva comunicaciones, se\u00f1alizaci\u00f3n por tonos y se\u00f1alizaci\u00f3n visible.<\/strong>\u00a0La luz estrobosc\u00f3pica tiene una intensidad de luz de 75 cd en el eje a -31 \u00b0 F (-35 \u00b0 C).<\/p>\n<p class=\"ql-align-justify\">Una placa de montaje de altavoz con un nivel incorporado, el ajuste permite una instalaci\u00f3n m\u00e1s r\u00e1pida y f\u00e1cil.<\/p>\n<p class=\"ql-align-justify\">La cubierta de la parrilla de dos tornillos crea un atractivo apariencia.<\/p>\n<p class=\"ql-align-justify\">El altavoz de alta eficiencia est\u00e1 dise\u00f1ado para un m\u00e1ximo salida a una potencia m\u00ednima en un rango de frecuencia de 400 Hz a 4 kHz. El altavoz tiene siete tomas de corriente de 0,125 W a 8 W.<\/p>\n<p class=\"ql-align-justify\">Cuando se usa con SM (simple) o DSM (dual) M\u00f3dulos de sincronizaci\u00f3n, la luz estrobosc\u00f3pica produce un flash sincronizado para cumplir con las pautas de ADA sobre epilepsia fotosensible. Toda la entrada de luz estrobosc\u00f3pica es compatible con el tipo de polaridad inversa est\u00e1ndar supervisi\u00f3n del cableado del circuito por un control de alarma contra incendios panel (FACP).<\/p>\n<p class=\"ql-align-justify\"><strong>Certificaciones y aprobaciones<\/strong><\/p>\n<p class=\"ql-align-justify\"><strong>Cooper Wheelock, Inc. posee estos listados y<\/strong><\/p>\n<p class=\"ql-align-justify\"><strong>Aprobaciones\u00a0<\/strong>USA<strong>:<\/strong><\/p>\n<ul>\n<li class=\"ql-align-justify\">USA UL UEAY: altavoces (UL464), UUKC: dispositivos y equipos de se\u00f1alizaci\u00f3n para Deficiencia auditiva (UL1971), UUMW: Altavoces y amplificadores para sistemas de se\u00f1alizaci\u00f3n de protecci\u00f3n contra incendios (UL1480 y UL1711), UVAV: dispositivos de se\u00f1al visual para sistemas de se\u00f1alizaci\u00f3n de protecci\u00f3n contra incendios (ANSI \/ UL 1638).<\/li>\n<li class=\"ql-align-justify\">CSFM vea el sitio web de Bosch (www.boschsecurity.com).<\/li>\n<\/ul>\n<p class=\"ql-align-justify\"><strong>Notas de instalaci\u00f3n \/ configuraci\u00f3n<\/strong><\/p>\n<p class=\"ql-align-justify\"><strong>Productos compatibles<\/strong><\/p>\n<p class=\"ql-align-justify\">Los siguientes productos son compatibles con luces estrobosc\u00f3picas de altavoces ET70WP resistentes a la intemperie:<\/p>\n<p class=\"ql-align-justify\"><strong>Paneles<\/strong><\/p>\n<ul>\n<li class=\"ql-align-justify\">D70221 FACP convencional.<\/li>\n<li class=\"ql-align-justify\">D70242 FACP direccionable.<\/li>\n<li class=\"ql-align-justify\">D7024 FACP convencional.<\/li>\n<li class=\"ql-align-justify\">D80241 FACP anal\u00f3gico.<\/li>\n<li class=\"ql-align-justify\">D91241 FACP direccionable.<\/li>\n<li class=\"ql-align-justify\">D10024A1 FACP anal\u00f3gico.<\/li>\n<li class=\"ql-align-justify\">FACP direccionables anal\u00f3gicos FPA-1000.<\/li>\n<li class=\"ql-align-justify\">FPD-70242 FACP direccionable.<\/li>\n<li class=\"ql-align-justify\">FPD-7024 FACP convencional.<\/li>\n<\/ul>\n<p class=\"ql-align-justify\"><strong>M\u00f3dulos\u00a0<\/strong><\/p>\n<ul>\n<li class=\"ql-align-justify\">SM\u201112\/24 \u2011 R M\u00f3dulo de sincronizaci\u00f3n (rojo).<\/li>\n<li class=\"ql-align-justify\">DSM\u201112\/24 \u2011 R M\u00f3dulo de sincronizaci\u00f3n dual (rojo).<\/li>\n<\/ul>\n<p class=\"ql-align-justify\"><strong>Montaje<\/strong><\/p>\n<p class=\"ql-align-justify\">El dise\u00f1o de bajo perfil de estos dispositivos de notificaci\u00f3n crea m\u00e1s espacio de cableado en la parte posterior el\u00e9ctrica est\u00e1ndar cajas La placa de montaje del altavoz incorpora un funci\u00f3n de ajuste de nivel incorporada que permite un proceso m\u00e1s r\u00e1pido y una instalaci\u00f3n m\u00e1s f\u00e1cil.<\/p>\n<p class=\"ql-align-justify\"><strong>Aplicaciones en ambientes exteriores o severos<\/strong><\/p>\n<p class=\"ql-align-justify\">Para un ambiente exterior o severo (NEMA 3R) aplicaci\u00f3n, monte la luz estrobosc\u00f3pica del altavoz con un IOB caja posterior interior o exterior en una pared plana para que todo la superficie posterior de la caja posterior est\u00e1 cubierta. Los agujeros en la caja posterior deben apuntar hacia el suelo.<\/p>\n<p class=\"ql-align-justify\">Las perforaciones en la superficie posterior de la caja posterior debe permanecer intacto<\/p>\n<p class=\"ql-align-justify\">El orificio ciego en la parte superior de la caja posterior est\u00e1 dimensionado para un conducto de media pulgada y conector correspondiente. Utilizar una instalaci\u00f3n de conductos estancos.<\/p>\n<p class=\"ql-align-justify\"><strong>Cableado<\/strong><\/p>\n<p class=\"ql-align-justify\">No utilice la unidad de luz estrobosc\u00f3pica en modo codificado o pulsado circuitos de se\u00f1alizaci\u00f3n. Las terminales de entrada aceptan cables con di\u00e1metros entre 18 AWG y 12 AWG (ISO 0.75 mm2 y 4 mm2).<\/p>\n<p class=\"ql-align-justify\"><strong>Nota: ET70WP-2475C-FR Altavoz de techo \/ luz estrobosc\u00f3pica, rojo\u00a0<\/strong><\/p>\n<p class=\"ql-align-justify\"><strong>Altavoz de techo \/ luz estrobosc\u00f3pica, rojo resistente a la intemperie Rojo, montaje en techo, luz estrobosc\u00f3pica de altavoz de 24 V CC.<\/strong><\/p>\n<p class=\"ql-align-justify\"><strong>N\u00famero de pedido: ET70WP-2475C-FR<\/strong><\/p>\n<p class=\"ql-align-justify\"><strong>Principales caracter\u00edsticas<\/strong><\/p>\n<ul>\n<li class=\"ql-align-justify\">Modelos de montaje en pared y techo.<\/li>\n<li class=\"ql-align-justify\">Resistente a la intemperie de -31 \u00b0 F a + 150 \u00b0 F (-35 \u00b0 C a + 66 \u00b0 C).<\/li>\n<li class=\"ql-align-justify\">Operaci\u00f3n de 25 VRMS o 70 VRMS a elecci\u00f3n de siete grifos de 0.125 W a 8 W.<\/li>\n<li class=\"ql-align-justify\">Dise\u00f1o econ\u00f3mico de dos hilos con f\u00e1cil de cablear terminales de tornillo.<\/li>\n<li class=\"ql-align-justify\">Cumple o excede los est\u00e1ndares NFPA y ANSI.<\/li>\n<\/ul>\n<p class=\"ql-align-justify\"><strong>Especificaciones\u00a0<\/strong><\/p>\n<p class=\"ql-align-justify\"><strong>El\u00e9ctrico<\/strong><\/p>\n<p class=\"ql-align-justify\"><strong>Corriente estrobosc\u00f3pica a 75 cd (RMS m\u00e1ximo)<\/strong><\/p>\n<ul>\n<li class=\"ql-align-justify\">VDC: 138 mA.<\/li>\n<li class=\"ql-align-justify\">VFWR: 222 mA.<\/li>\n<\/ul>\n<p class=\"ql-align-justify\"><strong>Voltaje<\/strong><\/p>\n<ul>\n<li class=\"ql-align-justify\">Amplificador,conmutable: 25\/70.<\/li>\n<li class=\"ql-align-justify\">Estrobosc\u00f3pico, regulado: 24 VDC \/ VRMS.<\/li>\n<li class=\"ql-align-justify\">Rango, regulado: de 16 a 33 VDC \/ VRMS.<\/li>\n<\/ul>\n<p class=\"ql-align-justify\"><strong>Ambiental<\/strong><\/p>\n<ul>\n<li class=\"ql-align-justify\">Humedad relativa Hasta 95%, sin condensaci\u00f3n<\/li>\n<li class=\"ql-align-justify\">Temperatura (Operando): De -31 \u00b0 F a + 150 \u00b0 F (-35 \u00b0 C a + 66 \u00b0 C).<\/li>\n<\/ul>\n<p class=\"ql-align-justify\"><strong>Mec\u00e1nico<\/strong><\/p>\n<ul>\n<li class=\"ql-align-justify\">Dimensiones (Alto x ancho x profundidad): De 5,1 pulg. X 5,1 pulg. X 5,2 pulg.<\/li>\n<li class=\"ql-align-justify\">(13,0 cm x 13,0 cm x 13,3 cm).<\/li>\n<li class=\"ql-align-justify\">Material: Caja de pl\u00e1stico moldeado que incorpora un xen\u00f3n flashtube y lente Lexan.<\/li>\n<\/ul>\n<p class=\"ql-align-justify\"><strong>Volumen del altavoz (dBA reverberante) a 10 pies (3 m)<\/strong><\/p>\n<ul>\n<li class=\"ql-align-justify\">0.125 (1\/8) W 77 dBA.<\/li>\n<li class=\"ql-align-justify\">0.25 (1\/4) W 80 dBA.<\/li>\n<li class=\"ql-align-justify\">0.5 (1\/2) W 83 dBA.<\/li>\n<li class=\"ql-align-justify\">1 W 86 dBA.<\/li>\n<li class=\"ql-align-justify\">2 W 88 dBA.<\/li>\n<li class=\"ql-align-justify\">4 W 91 dBA.<\/li>\n<li class=\"ql-align-justify\">8 W 93 dBA.<\/li>\n<\/ul>\n<p><img decoding=\"async\" class=\"overview-center-img-web\" src=\"https:\/\/tvc.mx\/media\/35993\/Logoopaginas-oficial-1920x400.png\" alt=\"\" \/><\/p>\n","protected":false},"excerpt":{"rendered":"<p>ET70WP-2475C-FR Altavoz de techo \/ luz estrobosc\u00f3pica, rojo Las luces estrobosc\u00f3picas de altavoces a prueba de intemperie ET70WP proporcionan alta salida de audio con audibilidad clara, y son dise\u00f1ado para satisfacer las necesidades cr\u00edticas de la seguridad de la vida industria para voz de emergencia&hellip;<\/p>\n","protected":false},"featured_media":5786,"comment_status":"open","ping_status":"closed","template":"","meta":{"om_disable_all_campaigns":false,"_monsterinsights_skip_tracking":false,"_monsterinsights_sitenote_active":false,"_monsterinsights_sitenote_note":"","_monsterinsights_sitenote_category":0},"product_brand":[],"product_cat":[504],"product_tag":[495,497,498,499,500,501,496,502],"class_list":{"0":"post-5787","1":"product","2":"type-product","3":"status-publish","4":"has-post-thumbnail","6":"product_cat-estrobos-y-sirenas","7":"product_tag-control-de-incendio","8":"product_tag-detectores","9":"product_tag-estacion-manual","10":"product_tag-estrobos-y-sirenas","11":"product_tag-modulos","12":"product_tag-paneles-de-control","13":"product_tag-sistemas-de-incendio","14":"product_tag-teclados","16":"first","17":"instock","18":"sale","19":"taxable","20":"shipping-taxable","21":"purchasable","22":"product-type-simple"},"aioseo_notices":[],"_links":{"self":[{"href":"https:\/\/tecsecmty.com\/index.php\/wp-json\/wp\/v2\/product\/5787","targetHints":{"allow":["GET"]}}],"collection":[{"href":"https:\/\/tecsecmty.com\/index.php\/wp-json\/wp\/v2\/product"}],"about":[{"href":"https:\/\/tecsecmty.com\/index.php\/wp-json\/wp\/v2\/types\/product"}],"replies":[{"embeddable":true,"href":"https:\/\/tecsecmty.com\/index.php\/wp-json\/wp\/v2\/comments?post=5787"}],"version-history":[{"count":0,"href":"https:\/\/tecsecmty.com\/index.php\/wp-json\/wp\/v2\/product\/5787\/revisions"}],"wp:featuredmedia":[{"embeddable":true,"href":"https:\/\/tecsecmty.com\/index.php\/wp-json\/wp\/v2\/media\/5786"}],"wp:attachment":[{"href":"https:\/\/tecsecmty.com\/index.php\/wp-json\/wp\/v2\/media?parent=5787"}],"wp:term":[{"taxonomy":"product_brand","embeddable":true,"href":"https:\/\/tecsecmty.com\/index.php\/wp-json\/wp\/v2\/product_brand?post=5787"},{"taxonomy":"product_cat","embeddable":true,"href":"https:\/\/tecsecmty.com\/index.php\/wp-json\/wp\/v2\/product_cat?post=5787"},{"taxonomy":"product_tag","embeddable":true,"href":"https:\/\/tecsecmty.com\/index.php\/wp-json\/wp\/v2\/product_tag?post=5787"}],"curies":[{"name":"wp","href":"https:\/\/api.w.org\/{rel}","templated":true}]}}