{"id":5819,"date":"2023-02-23T11:40:38","date_gmt":"2023-02-23T17:40:38","guid":{"rendered":"https:\/\/tecsecmty.com\/index.php\/producto\/bosch-f_miz24sr-mini-sirena-24v\/"},"modified":"2023-03-22T23:21:15","modified_gmt":"2023-03-23T05:21:15","slug":"bosch-f_miz24sr-mini-sirena-24v","status":"publish","type":"product","link":"https:\/\/tecsecmty.com\/index.php\/producto\/bosch-f_miz24sr-mini-sirena-24v\/","title":{"rendered":"BOSCH F_MIZ24SR- MINI SIRENA 24V"},"content":{"rendered":"<div class=\"row aling-items-center padding-bottom-2x\">\n<div class=\"col-lg-12\">\n<h5 class=\"card-title text-center\">Descripci\u00f3n inicial<\/h5>\n<p><strong>MIZ24SR- MINI SIRENA 24V<\/strong><\/p>\n<p><img decoding=\"async\" class=\"overview-center-img-web\" src=\"https:\/\/tvc.mx\/media\/240687\/BANNER-OFICIAL-A.png\" alt=\"\" \/><\/div>\n<\/div>\n<div class=\"row align-items-center padding-bottom-2x\">\n<div class=\"col-md-5 order-md-2\"><img decoding=\"async\" class=\"d-block m-auto img-thumbnail\" src=\"https:\/\/tvc.mx\/media\/240695\/MIZ24SR_400x300.png\" alt=\" \" \/><\/div>\n<div class=\"col-md-7 order-md-1 text-md-left text-center\">\n<h2>Caracter\u00edsticas y Especificaciones<\/h2>\n<p class=\"text-muted\">\n<p>Funciona con 24 VCC, filtrado o sin filtrar<\/p>\n<ul>\n<li>Configuraciones seleccionables en campo para temporal (C\u00f3digo 3) o cuerno continuo<\/li>\n<li>Salida de sonido alta (90 dBA a 10 pies [3 m])<\/li>\n<li>Bajo consumo de corriente en bucle de dos hilos<\/li>\n<li>Compensaci\u00f3n por baja temperatura<\/li>\n<\/ul>\n<p>Estos mini-cuernos Wheelock son alarmas de dos tonos dispositivos listados para uso en interiores bajo UL464 para audibles Accesorios.<\/p>\n<p>Combinan un consumo de corriente bajo para un alta salida de sonido y ofrece un tono seleccionable en el campo ajustes para bocina temporal (C\u00f3digo 3) o continua tonos. Usan CC filtrada o completa sin filtrar<\/p>\n<p>Voltaje de entrada de onda rectificada (FWR). Todas las entradas son polarizado para supervisi\u00f3n de polaridad inversa est\u00e1ndar.<\/p>\n<p>Se pueden sincronizar cuando se utilizan con el SM<\/p>\n<p>M\u00f3dulos de sincronizaci\u00f3n (simple) y DSM (dual) o un panel de control compatible.<\/p>\n<p>Los patrones de sonido temporales pueden superponerse y no ser distintivo.<\/p>\n<p>Disponible en rojo para una alta visibilidad o blanquecino para mezclar con la decoraci\u00f3n de la habitaci\u00f3n, estos dispositivos de notificaci\u00f3n ofrecen la durabilidad del termopl\u00e1stico de alto impacto construcci\u00f3n, f\u00e1cil instalaci\u00f3n a trav\u00e9s de dos hilos<\/p>\n<p>Compatibilidad con circuitos y cajas de salida \u00fanica. Ellos son aparatos de notificaci\u00f3n audible ideales para se\u00f1alizaci\u00f3n alarmas en habitaciones individuales en apartamentos, hoteles, moteles y oficinas.<\/p>\n<\/div>\n<\/div>\n","protected":false},"excerpt":{"rendered":"<p>Descripci\u00f3n inicial MIZ24SR- MINI SIRENA 24V Caracter\u00edsticas y Especificaciones Funciona con 24 VCC, filtrado o sin filtrar Configuraciones seleccionables en campo para temporal (C\u00f3digo 3) o cuerno continuo Salida de sonido alta (90 dBA a 10 pies [3 m]) Bajo consumo de corriente en bucle&hellip;<\/p>\n","protected":false},"featured_media":5818,"comment_status":"open","ping_status":"closed","template":"","meta":{"om_disable_all_campaigns":false,"_monsterinsights_skip_tracking":false,"_monsterinsights_sitenote_active":false,"_monsterinsights_sitenote_note":"","_monsterinsights_sitenote_category":0},"product_brand":[],"product_cat":[504],"product_tag":[495,497,498,499,500,501,496,502],"class_list":{"0":"post-5819","1":"product","2":"type-product","3":"status-publish","4":"has-post-thumbnail","6":"product_cat-estrobos-y-sirenas","7":"product_tag-control-de-incendio","8":"product_tag-detectores","9":"product_tag-estacion-manual","10":"product_tag-estrobos-y-sirenas","11":"product_tag-modulos","12":"product_tag-paneles-de-control","13":"product_tag-sistemas-de-incendio","14":"product_tag-teclados","16":"first","17":"instock","18":"sale","19":"taxable","20":"shipping-taxable","21":"purchasable","22":"product-type-simple"},"aioseo_notices":[],"_links":{"self":[{"href":"https:\/\/tecsecmty.com\/index.php\/wp-json\/wp\/v2\/product\/5819","targetHints":{"allow":["GET"]}}],"collection":[{"href":"https:\/\/tecsecmty.com\/index.php\/wp-json\/wp\/v2\/product"}],"about":[{"href":"https:\/\/tecsecmty.com\/index.php\/wp-json\/wp\/v2\/types\/product"}],"replies":[{"embeddable":true,"href":"https:\/\/tecsecmty.com\/index.php\/wp-json\/wp\/v2\/comments?post=5819"}],"version-history":[{"count":0,"href":"https:\/\/tecsecmty.com\/index.php\/wp-json\/wp\/v2\/product\/5819\/revisions"}],"wp:featuredmedia":[{"embeddable":true,"href":"https:\/\/tecsecmty.com\/index.php\/wp-json\/wp\/v2\/media\/5818"}],"wp:attachment":[{"href":"https:\/\/tecsecmty.com\/index.php\/wp-json\/wp\/v2\/media?parent=5819"}],"wp:term":[{"taxonomy":"product_brand","embeddable":true,"href":"https:\/\/tecsecmty.com\/index.php\/wp-json\/wp\/v2\/product_brand?post=5819"},{"taxonomy":"product_cat","embeddable":true,"href":"https:\/\/tecsecmty.com\/index.php\/wp-json\/wp\/v2\/product_cat?post=5819"},{"taxonomy":"product_tag","embeddable":true,"href":"https:\/\/tecsecmty.com\/index.php\/wp-json\/wp\/v2\/product_tag?post=5819"}],"curies":[{"name":"wp","href":"https:\/\/api.w.org\/{rel}","templated":true}]}}