{"id":5849,"date":"2023-02-23T11:41:33","date_gmt":"2023-02-23T17:41:33","guid":{"rendered":"https:\/\/tecsecmty.com\/index.php\/producto\/bosch-f_-fme420lsnttl-herramienta-de-prueba-de-lsn\/"},"modified":"2023-03-22T23:21:02","modified_gmt":"2023-03-23T05:21:02","slug":"bosch-f_-fme420lsnttl-herramienta-de-prueba-de-lsn","status":"publish","type":"product","link":"https:\/\/tecsecmty.com\/index.php\/producto\/bosch-f_-fme420lsnttl-herramienta-de-prueba-de-lsn\/","title":{"rendered":"BOSCH F_ FME420LSNTTL &#8211; HERRAMIENTA DE PRUEBA DE LSN"},"content":{"rendered":"<h5 class=\"card-title text-center\">Herramienta de prueba mejorada LSN<\/h5>\n<p class=\"ql-align-justify\"><strong>La herramienta de prueba prueba si el bus de campo (LSN y LSN mejorado) y elementos perif\u00e9ricos conectados a el bus est\u00e1 configurado y funciona correctamente.<\/strong>\u00a0LSN y elementos perif\u00e9ricos en un bucle, trozo o T-tap y fallas en el cableado o en los elementos se identifican y indicado.<\/p>\n<p class=\"ql-align-justify\">Los autobuses de campo LSN que pertenecen a los siguientes paneles pueden ser probado usando el dispositivo de prueba:<\/p>\n<ul>\n<li class=\"ql-align-justify\">Panel de fuego modular FPA-5000.<\/li>\n<li class=\"ql-align-justify\">Panel de fuego FPA-1200.<\/li>\n<li class=\"ql-align-justify\">Panel de fuego BZ 500.<\/li>\n<li class=\"ql-align-justify\">Sistema de seguridad y retenci\u00f3n UEZ 2000.<\/li>\n<li class=\"ql-align-justify\">UEZ 1000 Sistema de incendio, retenci\u00f3n y seguridad.<\/li>\n<li class=\"ql-align-justify\">Sistema de retenci\u00f3n y seguridad NZ 300.<\/li>\n<li class=\"ql-align-justify\">Sistema de seguridad y retenci\u00f3n de MAP 5000.<\/li>\n<li class=\"ql-align-justify\">Sistema de seguridad universal UGM-2020.<\/li>\n<\/ul>\n<p class=\"ql-align-justify\"><strong>Funciones b\u00e1sicas<\/strong><\/p>\n<p class=\"ql-align-justify\">La herramienta de prueba tiene dos funciones principales. Primero el la autodetecci\u00f3n detecta todos los elementos conectados al bus de campo y muestra sus propiedades. En segundo lugar, el las mediciones de resistencia detectan divergencias en l\u00ednea y resistencias de contacto.<\/p>\n<p class=\"ql-align-justify\">Tenga en cuenta que las medidas de resistencia est\u00e1n restringidas para hacer un bucle de topolog\u00edas. Los trozos no se pueden medir.<\/p>\n<p class=\"ql-align-justify\"><strong>Fallos detectados<\/strong><\/p>\n<ul>\n<li class=\"ql-align-justify\">Corto circuitos.<\/li>\n<li class=\"ql-align-justify\">Pantalones cortos.<\/li>\n<li class=\"ql-align-justify\">Interrupciones.<\/li>\n<li class=\"ql-align-justify\">Interrupciones progresivas.<\/li>\n<li class=\"ql-align-justify\">Fallas a tierra.<\/li>\n<li class=\"ql-align-justify\">Elementos defectuosos y defectuosos.<\/li>\n<li class=\"ql-align-justify\">Direcciones de interruptor giratorio duplicadas.<\/li>\n<li class=\"ql-align-justify\">Configuraci\u00f3n incorrecta del modo LSN.<\/li>\n<\/ul>\n<p class=\"ql-align-justify\"><strong>Certificacion<\/strong><\/p>\n<p class=\"ql-align-justify\"><strong>Region Certification<\/strong><\/p>\n<p class=\"ql-align-justify\"><strong>Europe<\/strong><\/p>\n<ul>\n<li class=\"ql-align-justify\">CE FME-420-LSN-TTL.<\/li>\n<\/ul>\n<p class=\"ql-align-justify\"><strong>Partes incluidas<\/strong><\/p>\n<ul>\n<li class=\"ql-align-justify\">1 dispositivo de prueba LSN mejorado.<\/li>\n<li class=\"ql-align-justify\">1 cable de alimentaci\u00f3n con enchufe.<\/li>\n<li class=\"ql-align-justify\">1 cable de interfaz USB.<\/li>\n<li class=\"ql-align-justify\">1 adaptador LSN.<\/li>\n<li class=\"ql-align-justify\">5 cables de conexi\u00f3n LSN con terminales enchufables y pinzas cocodrilo.<\/li>\n<li class=\"ql-align-justify\">1 cable de tierra.<\/li>\n<li class=\"ql-align-justify\">1 CD con software y controlador.<\/li>\n<\/ul>\n<p class=\"ql-align-justify\"><strong>Nota: Herramienta de prueba mejorada LSN<\/strong><\/p>\n<p class=\"ql-align-justify\"><strong>Para probar el bus de campo LSN y conectado perif\u00e9ricos.<\/strong><\/p>\n<p class=\"ql-align-justify\"><strong>N\u00famero de pedido: FME-420-LSN-TTL<\/strong><\/p>\n<p class=\"ql-align-justify\"><strong>Principales caracter\u00edsticas<\/strong><\/p>\n<ul>\n<li class=\"ql-align-justify\">Detecci\u00f3n y localizaci\u00f3n de fallas diferenciadas en el\u00a0LSN y LSN bus de campo mejorado.<\/li>\n<li class=\"ql-align-justify\">Comprobaci\u00f3n de instalaci\u00f3n profesional para la entrega incluyendo documentaci\u00f3n.<\/li>\n<li class=\"ql-align-justify\">Pruebas de funcionalidad b\u00e1sica de perif\u00e9ricos (para sirenas y balizas).<\/li>\n<\/ul>\n<p class=\"ql-align-justify\"><strong>Especificaciones<\/strong><\/p>\n<ul>\n<li class=\"ql-align-justify\">Rango de voltaje 110 a 230 V CA (50 a 60 Hz).<\/li>\n<li class=\"ql-align-justify\">Temperatura de funcionamiento 0 a +45 \u00b0 C (+32 a +113 \u00b0 F).<\/li>\n<li class=\"ql-align-justify\">Temperatura de almacenamiento -25 a +80 \u00b0 C (-13 a +176 \u00b0 F).<\/li>\n<li class=\"ql-align-justify\">Categor\u00eda de protecci\u00f3n: IP30.<\/li>\n<li class=\"ql-align-justify\">Peso aproximado: 5,5 kg (12 libras)<strong>\u00a0.<\/strong><\/li>\n<\/ul>\n<p><img decoding=\"async\" class=\"overview-center-img-web\" src=\"https:\/\/tvc.mx\/media\/40401\/Logoopaginas-oficial-1920x400.png\" alt=\"\" \/><\/p>\n","protected":false},"excerpt":{"rendered":"<p>Herramienta de prueba mejorada LSN La herramienta de prueba prueba si el bus de campo (LSN y LSN mejorado) y elementos perif\u00e9ricos conectados a el bus est\u00e1 configurado y funciona correctamente.\u00a0LSN y elementos perif\u00e9ricos en un bucle, trozo o T-tap y fallas en el cableado&hellip;<\/p>\n","protected":false},"featured_media":5848,"comment_status":"open","ping_status":"closed","template":"","meta":{"om_disable_all_campaigns":false,"_monsterinsights_skip_tracking":false,"_monsterinsights_sitenote_active":false,"_monsterinsights_sitenote_note":"","_monsterinsights_sitenote_category":0},"product_brand":[],"product_cat":[505],"product_tag":[495,497,498,499,500,501,496,502],"class_list":{"0":"post-5849","1":"product","2":"type-product","3":"status-publish","4":"has-post-thumbnail","6":"product_cat-modulos-bosch-incendio-2","7":"product_tag-control-de-incendio","8":"product_tag-detectores","9":"product_tag-estacion-manual","10":"product_tag-estrobos-y-sirenas","11":"product_tag-modulos","12":"product_tag-paneles-de-control","13":"product_tag-sistemas-de-incendio","14":"product_tag-teclados","16":"first","17":"instock","18":"sale","19":"taxable","20":"shipping-taxable","21":"purchasable","22":"product-type-simple"},"aioseo_notices":[],"_links":{"self":[{"href":"https:\/\/tecsecmty.com\/index.php\/wp-json\/wp\/v2\/product\/5849","targetHints":{"allow":["GET"]}}],"collection":[{"href":"https:\/\/tecsecmty.com\/index.php\/wp-json\/wp\/v2\/product"}],"about":[{"href":"https:\/\/tecsecmty.com\/index.php\/wp-json\/wp\/v2\/types\/product"}],"replies":[{"embeddable":true,"href":"https:\/\/tecsecmty.com\/index.php\/wp-json\/wp\/v2\/comments?post=5849"}],"version-history":[{"count":0,"href":"https:\/\/tecsecmty.com\/index.php\/wp-json\/wp\/v2\/product\/5849\/revisions"}],"wp:featuredmedia":[{"embeddable":true,"href":"https:\/\/tecsecmty.com\/index.php\/wp-json\/wp\/v2\/media\/5848"}],"wp:attachment":[{"href":"https:\/\/tecsecmty.com\/index.php\/wp-json\/wp\/v2\/media?parent=5849"}],"wp:term":[{"taxonomy":"product_brand","embeddable":true,"href":"https:\/\/tecsecmty.com\/index.php\/wp-json\/wp\/v2\/product_brand?post=5849"},{"taxonomy":"product_cat","embeddable":true,"href":"https:\/\/tecsecmty.com\/index.php\/wp-json\/wp\/v2\/product_cat?post=5849"},{"taxonomy":"product_tag","embeddable":true,"href":"https:\/\/tecsecmty.com\/index.php\/wp-json\/wp\/v2\/product_tag?post=5849"}],"curies":[{"name":"wp","href":"https:\/\/api.w.org\/{rel}","templated":true}]}}