{"id":5851,"date":"2023-02-23T11:41:36","date_gmt":"2023-02-23T17:41:36","guid":{"rendered":"https:\/\/tecsecmty.com\/index.php\/producto\/bosch-f_ani0016a-modulo-anunciador-16-puntos-de-deteccion-programables-de-forma-individual\/"},"modified":"2023-03-22T23:21:02","modified_gmt":"2023-03-23T05:21:02","slug":"bosch-f_ani0016a-modulo-anunciador-16-puntos-de-deteccion-programables-de-forma-individual","status":"publish","type":"product","link":"https:\/\/tecsecmty.com\/index.php\/producto\/bosch-f_ani0016a-modulo-anunciador-16-puntos-de-deteccion-programables-de-forma-individual\/","title":{"rendered":"BOSCH F_ANI0016A &#8211; Modulo anunciador 16 puntos de deteccion \/ Programables de forma individual"},"content":{"rendered":"<h5 class=\"card-title text-center\">ANI 0016 A M\u00f3dulo anunciador<\/h5>\n<p class=\"ql-align-justify\">El m\u00f3dulo dispone de 16 LED rojos y 16 amarillos para mostrar el estado de 16 puntos de detecci\u00f3n programables de forma individual.<\/p>\n<p class=\"ql-align-justify\"><strong>Funciones b\u00e1sicas<\/strong><\/p>\n<p class=\"ql-align-justify\">El m\u00f3dulo de anunciador tiene 16 LED rojos y 16 amarillos para indicar los estados de funcionamiento de 16 puntos de detecci\u00f3n definibles. El m\u00f3dulo se inserta en una ranura de m\u00f3dulo abierta y est\u00e1 listo para su funcionamiento. S\u00f3lo se deben definir mediante el software de programaci\u00f3n [RPS] los puntos de detecci\u00f3n que se van a mostrar.<\/p>\n<p class=\"ql-align-justify\"><strong>Piezas incluidas<\/strong><\/p>\n<p class=\"ql-align-justify\"><strong>Cant. Componentes<\/strong><\/p>\n<ul>\n<li class=\"ql-align-justify\">1 ANI 0016 A M\u00f3dulo de anunciador.<\/li>\n<li class=\"ql-align-justify\">4 Tiras de etiquetado.<\/li>\n<\/ul>\n<p class=\"ql-align-justify\"><strong>Nota: ANI 0016 A M\u00f3dulo anunciador<\/strong><\/p>\n<p class=\"ql-align-justify\"><strong>M\u00f3dulo anunciador muestra el estado de 16 puntos de detecci\u00f3n programables de forma individual.<\/strong><\/p>\n<p class=\"ql-align-justify\"><strong>Numero de pedido: ANI 0016 A<\/strong><\/p>\n<p class=\"ql-align-justify\"><strong>Principales caracter\u00edsticas<\/strong><\/p>\n<ul>\n<li class=\"ql-align-justify\">Pantalla con el estado de 16 puntos de detecci\u00f3n programables de forma individual.<\/li>\n<li class=\"ql-align-justify\">Sistema listo para funcionar, gracias a su tecnolog\u00eda \u00abplug-and-play\u00bb.<\/li>\n<\/ul>\n<p class=\"ql-align-justify\"><strong>Especificaciones<\/strong><\/p>\n<p class=\"ql-align-justify\"><strong>El\u00e9ctricos<\/strong><\/p>\n<ul>\n<li class=\"ql-align-justify\">Tensi\u00f3n de entrada De 20 V CC a 30 V CC 5 V CC \u00b1 5%.<\/li>\n<\/ul>\n<p class=\"ql-align-justify\"><strong>Consumo de corriente m\u00e1ximo<\/strong><\/p>\n<ul>\n<li class=\"ql-align-justify\">Modo reposo (todos los LED apagados) 6 mA (a 24 V CC).<\/li>\n<li class=\"ql-align-justify\">Todos los LED encendidos 26 mA (a 24 V CC).<\/li>\n<\/ul>\n<p class=\"ql-align-justify\"><strong>Mec\u00e1nicos<\/strong><\/p>\n<ul>\n<li class=\"ql-align-justify\">Elementos indicadores 16 LED rojos 16 LED amarillos.<\/li>\n<li class=\"ql-align-justify\">Material de la carcasa Pl\u00e1stico ABS, Polylac PA-766 (UL94 V-0).<\/li>\n<li class=\"ql-align-justify\">Color de la carcasa Acabado satinado en antracita, RAL 7016.<\/li>\n<li class=\"ql-align-justify\">Dimensiones Aprox. 127 x 96 x 60 mm (5 x 3,8 x 2,4 pulg.)<\/li>\n<\/ul>\n<p class=\"ql-align-justify\"><strong>Peso<\/strong><\/p>\n<ul>\n<li class=\"ql-align-justify\">Sin embalaje Aprox. 206 g (7,3 onzas).<\/li>\n<li class=\"ql-align-justify\">Con embalaje Aprox. 356 g (12,6 onzas).<\/li>\n<\/ul>\n<p class=\"ql-align-justify\"><strong>Ambientales<\/strong><\/p>\n<ul>\n<li class=\"ql-align-justify\">Temperatura de funcionamiento permitida: De -5 \u00b0C a 50 \u00b0C (de 23 \u00b0F a 122 \u00b0F).<\/li>\n<li class=\"ql-align-justify\">Temperatura de almacenamiento permitida: De -20 \u00b0C a 60 \u00b0C (de -4 \u00b0F a 140 \u00b0F).<\/li>\n<li class=\"ql-align-justify\">Humedad relativa permitida: 95%, sin condensaci\u00f3n.<\/li>\n<li class=\"ql-align-justify\">Clase de protecci\u00f3n seg\u00fan IEC 60529: IP 30.<\/li>\n<\/ul>\n<p><img decoding=\"async\" class=\"overview-center-img-web\" src=\"https:\/\/tvc.mx\/media\/36660\/Logoopaginas-oficial-1920x400.png\" alt=\"\" \/><\/p>\n","protected":false},"excerpt":{"rendered":"<p>ANI 0016 A M\u00f3dulo anunciador El m\u00f3dulo dispone de 16 LED rojos y 16 amarillos para mostrar el estado de 16 puntos de detecci\u00f3n programables de forma individual. Funciones b\u00e1sicas El m\u00f3dulo de anunciador tiene 16 LED rojos y 16 amarillos para indicar los estados&hellip;<\/p>\n","protected":false},"featured_media":5850,"comment_status":"open","ping_status":"closed","template":"","meta":{"om_disable_all_campaigns":false,"_monsterinsights_skip_tracking":false,"_monsterinsights_sitenote_active":false,"_monsterinsights_sitenote_note":"","_monsterinsights_sitenote_category":0},"product_brand":[],"product_cat":[505],"product_tag":[495,497,498,499,500,501,496,502],"class_list":{"0":"post-5851","1":"product","2":"type-product","3":"status-publish","4":"has-post-thumbnail","6":"product_cat-modulos-bosch-incendio-2","7":"product_tag-control-de-incendio","8":"product_tag-detectores","9":"product_tag-estacion-manual","10":"product_tag-estrobos-y-sirenas","11":"product_tag-modulos","12":"product_tag-paneles-de-control","13":"product_tag-sistemas-de-incendio","14":"product_tag-teclados","16":"first","17":"instock","18":"sale","19":"taxable","20":"shipping-taxable","21":"purchasable","22":"product-type-simple"},"aioseo_notices":[],"_links":{"self":[{"href":"https:\/\/tecsecmty.com\/index.php\/wp-json\/wp\/v2\/product\/5851","targetHints":{"allow":["GET"]}}],"collection":[{"href":"https:\/\/tecsecmty.com\/index.php\/wp-json\/wp\/v2\/product"}],"about":[{"href":"https:\/\/tecsecmty.com\/index.php\/wp-json\/wp\/v2\/types\/product"}],"replies":[{"embeddable":true,"href":"https:\/\/tecsecmty.com\/index.php\/wp-json\/wp\/v2\/comments?post=5851"}],"version-history":[{"count":0,"href":"https:\/\/tecsecmty.com\/index.php\/wp-json\/wp\/v2\/product\/5851\/revisions"}],"wp:featuredmedia":[{"embeddable":true,"href":"https:\/\/tecsecmty.com\/index.php\/wp-json\/wp\/v2\/media\/5850"}],"wp:attachment":[{"href":"https:\/\/tecsecmty.com\/index.php\/wp-json\/wp\/v2\/media?parent=5851"}],"wp:term":[{"taxonomy":"product_brand","embeddable":true,"href":"https:\/\/tecsecmty.com\/index.php\/wp-json\/wp\/v2\/product_brand?post=5851"},{"taxonomy":"product_cat","embeddable":true,"href":"https:\/\/tecsecmty.com\/index.php\/wp-json\/wp\/v2\/product_cat?post=5851"},{"taxonomy":"product_tag","embeddable":true,"href":"https:\/\/tecsecmty.com\/index.php\/wp-json\/wp\/v2\/product_tag?post=5851"}],"curies":[{"name":"wp","href":"https:\/\/api.w.org\/{rel}","templated":true}]}}