{"id":5853,"date":"2023-02-23T11:41:40","date_gmt":"2023-02-23T17:41:40","guid":{"rendered":"https:\/\/tecsecmty.com\/index.php\/producto\/bosch-f_bcm0000b-modulo-controlador-de-baterias-salidas-de-tension-de-2-8-a-a-24-v\/"},"modified":"2023-03-22T23:21:02","modified_gmt":"2023-03-23T05:21:02","slug":"bosch-f_bcm0000b-modulo-controlador-de-baterias-salidas-de-tension-de-2-8-a-a-24-v","status":"publish","type":"product","link":"https:\/\/tecsecmty.com\/index.php\/producto\/bosch-f_bcm0000b-modulo-controlador-de-baterias-salidas-de-tension-de-2-8-a-a-24-v\/","title":{"rendered":"BOSCH F_BCM0000B &#8211; Modulo controlador de baterias \/ Salidas de tension de 2.8 a a 24 v"},"content":{"rendered":"<div class=\"row aling-items-center padding-bottom-2x\">\n<div class=\"col-lg-12\">\n<h5 class=\"card-title text-center\">M\u00f3dulo Controlador de Bater\u00edas BCM-0000-B<\/h5>\n<p class=\"ql-align-justify\">\n<p><img decoding=\"async\" class=\"overview-center-img-web\" src=\"https:\/\/tvc.mx\/media\/29724\/Logoopaginas-oficial-1920x400.png\" alt=\"\" \/><\/div>\n<\/div>\n<div class=\"row align-items-center padding-bottom-2x\">\n<div class=\"col-md-5\"><img decoding=\"async\" class=\"d-block m-auto img-thumbnail\" src=\"https:\/\/tvc.mx\/media\/85636\/BCM-0000-B-config5.png\" alt=\" \" \/><\/div>\n<div class=\"col-md-7 text-md-left text-center\">\n<h2>Resumen del sistema<\/h2>\n<p class=\"text-muted\">\n<p class=\"ql-align-justify\"><strong>de todo el panel de control.<\/strong>\u00a0Controla la carga de hasta cuatro bater\u00edas (de\u00a0<strong>12 V\/24 Ah a 12 V\/26 Ah o de 12 V\/36 Ah a 12 V\/45 Ah<\/strong>). La carga se acciona seg\u00fan la temperatura y el tiempo.<\/p>\n<p class=\"ql-align-justify\">La tecla tiene tres funciones, dependiendo del estado del m\u00f3dulo controlador de bater\u00edas:<\/p>\n<ul>\n<li class=\"ql-align-justify\">La prueba de LED del m\u00f3dulo se activa pulsando la tecla.<\/li>\n<li class=\"ql-align-justify\">La tecla inicia la carga de las bater\u00edas si la tensi\u00f3n de las mismas se encuentra entre 18 V y 21 V. Se requiere un suministro de alimentaci\u00f3n de red.<\/li>\n<li class=\"ql-align-justify\">El restablecimiento de las salidas de 24 V. Si se produce un error, se desactivar\u00e1 la salida.<\/li>\n<\/ul>\n<p>&nbsp;<\/p>\n<\/div>\n<\/div>\n<hr class=\"padding-bottom-2x\" \/>\n<div class=\"row align-items-center padding-bottom-2x\">\n<div class=\"col-md-5 order-md-2\"><img decoding=\"async\" class=\"d-block m-auto img-thumbnail\" src=\"https:\/\/tvc.mx\/media\/85640\/BCM-0000-B-config6.png\" alt=\" \" \/><\/div>\n<div class=\"col-md-7 order-md-1 text-md-left text-center\">\n<h2>Planificaci\u00f3n y Piezas incluidas<\/h2>\n<p class=\"text-muted\">\n<p class=\"ql-align-justify\"><strong>Planificaci\u00f3n<\/strong><\/p>\n<ul>\n<li class=\"ql-align-justify\">No utilice las salidas de 24 V con cableados en paralelo.<\/li>\n<li class=\"ql-align-justify\">En caso de sistemas FPA-5000 con el controlador de la central MPC xxxx A, debe utilizarse un m\u00f3dulo controlador de bater\u00edas BCM 0000 A.<\/li>\n<\/ul>\n<p class=\"ql-align-justify\"><strong>Piezas incluidas<\/strong><\/p>\n<ul>\n<li class=\"ql-align-justify\">1 M\u00f3dulo controlador de bater\u00edas BCM-0000-B .1<\/li>\n<li class=\"ql-align-justify\">Juego de cables con 2 cables de conexi\u00f3n: BCM\/bater\u00eda (90 cm) y bater\u00eda\/bater\u00eda (17 cm)<\/li>\n<li class=\"ql-align-justify\">Nota: Si las bater\u00edas est\u00e1n colocadas en una carcasa de fuente de alimentaci\u00f3n, es necesario el juego de cables CBB 0000 A<\/li>\n<\/ul>\n<p>&nbsp;<\/p>\n<\/div>\n<\/div>\n<hr class=\"padding-bottom-2x\" \/>\n<div class=\"row align-items-center padding-bottom-2x\">\n<div class=\"col-md-5 order-md-2\"><img decoding=\"async\" class=\"d-block m-auto img-thumbnail\" src=\"https:\/\/tvc.mx\/media\/85644\/BCM-0000-B-config7.png\" alt=\" \" \/><\/div>\n<div class=\"col-md-7 order-md-1 text-md-left text-center\">\n<h2>Caracter\u00edsticas y Especificaciones<\/h2>\n<p class=\"text-muted\">\n<p class=\"ql-align-justify\"><strong>Nota: BCM-0000-B M\u00f3dulo Controlador de Bater\u00edas<\/strong><\/p>\n<p class=\"ql-align-justify\"><strong>Este supervisa la fuente de alimentaci\u00f3n de la central de incendios y la carga de las bater\u00edas.<\/strong><\/p>\n<p class=\"ql-align-justify\"><strong>Numero de pedido: BCM-0000-B<\/strong><\/p>\n<p class=\"ql-align-justify\"><strong>Principales caracter\u00edsticas<\/strong><\/p>\n<ul>\n<li class=\"ql-align-justify\">Dos salidas de tensi\u00f3n de 2,8 A a 24 V cada una de ellas.<\/li>\n<li class=\"ql-align-justify\">Control y carga de bater\u00edas con control de temperatura, conforme a la norma EN 54\u20114:1997\/ A2:2006.<\/li>\n<li class=\"ql-align-justify\">Sistema listo para funcionar, gracias a su tecnolog\u00eda \u00abplug-and-play\u00bb y a los bloques de terminales enchufables.<\/li>\n<\/ul>\n<p class=\"ql-align-justify\"><strong>Especificaciones<\/strong><\/p>\n<p class=\"ql-align-justify\"><strong>El\u00e9ctricas<\/strong><\/p>\n<p class=\"ql-align-justify\"><strong>Tensi\u00f3n de entrada: De 20,4 V CC a 30 V CC.<\/strong><\/p>\n<p class=\"ql-align-justify\"><strong>Consumo de corriente<\/strong><\/p>\n<ul>\n<li class=\"ql-align-justify\">En reposo 25 mA.<\/li>\n<li class=\"ql-align-justify\">Aver\u00eda 40 mA.<\/li>\n<\/ul>\n<p class=\"ql-align-justify\"><strong>Salidas de tensi\u00f3n<\/strong><\/p>\n<ul>\n<li class=\"ql-align-justify\">2 salidas conmutables +24 V (20,4 &#8211; 30 V) 2,8 A almacenadas por bater\u00eda (programable).<\/li>\n<\/ul>\n<p class=\"ql-align-justify\"><strong>Corriente m\u00e1xima del m\u00f3dulo M\u00e1x. 6 A<\/strong><\/p>\n<ul>\n<li class=\"ql-align-justify\">A los carriles de la central (PRS 0002 A\/ PRD 0004 A) M\u00e1x. 6 A.<\/li>\n<li class=\"ql-align-justify\">De las salidas M\u00e1x. 5,6 A (2 x 2,8 A, no en cableado paralelo).<\/li>\n<li class=\"ql-align-justify\">Resistencia m\u00e1xima de la bater\u00eda (umbral de aver\u00eda) 430 m\u2126.<\/li>\n<\/ul>\n<p class=\"ql-align-justify\"><strong>Capacidad permitida de las bater\u00edas<\/strong><\/p>\n<ul>\n<li class=\"ql-align-justify\">Con 2 bater\u00edas 24 \u2013 26 Ah 36 \u2013 45 Ah .<\/li>\n<li class=\"ql-align-justify\">Con 4 bater\u00edas 48 \u2013 52 Ah 72 \u2013 90 Ah.<\/li>\n<\/ul>\n<p class=\"ql-align-justify\"><strong>Mec\u00e1nicas<\/strong><\/p>\n<ul>\n<li class=\"ql-align-justify\">Material de la carcasa: Pl\u00e1stico ABS, Polylac PA-766 (UL94 V\u20110).<\/li>\n<li class=\"ql-align-justify\">Color de la carcasa Acabado satinado en antracita, RAL 7016.<\/li>\n<li class=\"ql-align-justify\">Dimensiones Aprox.: 127 x 96 x 60 mm (5 x 3,8 x 2,4 pulg.)<\/li>\n<\/ul>\n<p class=\"ql-align-justify\"><strong>Elementos de funcionamiento\/indicadores<\/strong><\/p>\n<ul>\n<li class=\"ql-align-justify\">1 LED verde Encendido.<\/li>\n<li class=\"ql-align-justify\">3 LED amarillos Aver\u00eda de alimentaci\u00f3n\/bater\u00eda 1\/bater\u00eda 2.<\/li>\n<li class=\"ql-align-justify\">1 tecla Las bater\u00edas se cargan a V &lt; 21 V y las unidades centrales se inician con la corriente de las bater\u00edas.<\/li>\n<\/ul>\n<p class=\"ql-align-justify\"><strong>Peso<\/strong><\/p>\n<ul>\n<li class=\"ql-align-justify\">Sin embalaje Aprox. 195 g (6,9 onzas).<\/li>\n<li class=\"ql-align-justify\">Con embalaje Aprox. 340 g (12 onzas).<\/li>\n<\/ul>\n<p class=\"ql-align-justify\"><strong>Ambientales<\/strong><\/p>\n<ul>\n<li class=\"ql-align-justify\">Temperatura de funcionamiento permitida: De -5 \u00b0C a 50 \u00b0C (de 23 \u00b0F a 122 \u00b0F).<\/li>\n<li class=\"ql-align-justify\">Temperatura de almacenamiento permitida: De -20 \u00b0C a 85 \u00b0C (de -13 \u00b0F a 185 \u00b0F).<\/li>\n<li class=\"ql-align-justify\">Humedad relativa permitida: 95%, sin condensaci\u00f3n.<\/li>\n<li class=\"ql-align-justify\">Clase de protecci\u00f3n: seg\u00fan IEC 60529 IP 30.<\/li>\n<\/ul>\n<\/div>\n<\/div>\n","protected":false},"excerpt":{"rendered":"<p>M\u00f3dulo Controlador de Bater\u00edas BCM-0000-B Resumen del sistema de todo el panel de control.\u00a0Controla la carga de hasta cuatro bater\u00edas (de\u00a012 V\/24 Ah a 12 V\/26 Ah o de 12 V\/36 Ah a 12 V\/45 Ah). La carga se acciona seg\u00fan la temperatura y el&hellip;<\/p>\n","protected":false},"featured_media":5852,"comment_status":"open","ping_status":"closed","template":"","meta":{"om_disable_all_campaigns":false,"_monsterinsights_skip_tracking":false,"_monsterinsights_sitenote_active":false,"_monsterinsights_sitenote_note":"","_monsterinsights_sitenote_category":0},"product_brand":[],"product_cat":[505],"product_tag":[495,497,498,499,500,501,496,502],"class_list":{"0":"post-5853","1":"product","2":"type-product","3":"status-publish","4":"has-post-thumbnail","6":"product_cat-modulos-bosch-incendio-2","7":"product_tag-control-de-incendio","8":"product_tag-detectores","9":"product_tag-estacion-manual","10":"product_tag-estrobos-y-sirenas","11":"product_tag-modulos","12":"product_tag-paneles-de-control","13":"product_tag-sistemas-de-incendio","14":"product_tag-teclados","16":"first","17":"instock","18":"sale","19":"taxable","20":"shipping-taxable","21":"purchasable","22":"product-type-simple"},"aioseo_notices":[],"_links":{"self":[{"href":"https:\/\/tecsecmty.com\/index.php\/wp-json\/wp\/v2\/product\/5853","targetHints":{"allow":["GET"]}}],"collection":[{"href":"https:\/\/tecsecmty.com\/index.php\/wp-json\/wp\/v2\/product"}],"about":[{"href":"https:\/\/tecsecmty.com\/index.php\/wp-json\/wp\/v2\/types\/product"}],"replies":[{"embeddable":true,"href":"https:\/\/tecsecmty.com\/index.php\/wp-json\/wp\/v2\/comments?post=5853"}],"version-history":[{"count":0,"href":"https:\/\/tecsecmty.com\/index.php\/wp-json\/wp\/v2\/product\/5853\/revisions"}],"wp:featuredmedia":[{"embeddable":true,"href":"https:\/\/tecsecmty.com\/index.php\/wp-json\/wp\/v2\/media\/5852"}],"wp:attachment":[{"href":"https:\/\/tecsecmty.com\/index.php\/wp-json\/wp\/v2\/media?parent=5853"}],"wp:term":[{"taxonomy":"product_brand","embeddable":true,"href":"https:\/\/tecsecmty.com\/index.php\/wp-json\/wp\/v2\/product_brand?post=5853"},{"taxonomy":"product_cat","embeddable":true,"href":"https:\/\/tecsecmty.com\/index.php\/wp-json\/wp\/v2\/product_cat?post=5853"},{"taxonomy":"product_tag","embeddable":true,"href":"https:\/\/tecsecmty.com\/index.php\/wp-json\/wp\/v2\/product_tag?post=5853"}],"curies":[{"name":"wp","href":"https:\/\/api.w.org\/{rel}","templated":true}]}}