{"id":5863,"date":"2023-02-23T11:41:49","date_gmt":"2023-02-23T17:41:49","guid":{"rendered":"https:\/\/tecsecmty.com\/index.php\/producto\/bosch-f_d7044-modulo-de-entrada-multiple\/"},"modified":"2023-03-22T23:21:04","modified_gmt":"2023-03-23T05:21:04","slug":"bosch-f_d7044-modulo-de-entrada-multiple","status":"publish","type":"product","link":"https:\/\/tecsecmty.com\/index.php\/producto\/bosch-f_d7044-modulo-de-entrada-multiple\/","title":{"rendered":"BOSCH F_D7044 &#8211; Modulo de entrada multiple"},"content":{"rendered":"<h5 class=\"card-title text-center\">M\u00f3dulo de una entrada m\u00faltiple D7044<\/h5>\n<p class=\"ql-align-justify\"><strong>El M\u00f3dulo de una entrada m\u00faltiple D7044 conecta un contacto normalmente abierto (NO) al bus m\u00faltiple de un Panel de control de alarma de incendio (FACP) direccionable D7024, DS9400M o FPD\u20117024.<\/strong>\u00a0Utilice una entrada supervisada D7044 en una configuraci\u00f3n clase B. Toda la potencia de funcionamiento para el m\u00f3dulo de entrada proviene del FACP.<\/p>\n<p class=\"ql-align-justify\">Interruptores giratorios permiten una c\u00f3moda configuraci\u00f3n de direcci\u00f3n. Un LED de estado integrado en el m\u00f3dulo indica condiciones normales, de alarma, de aver\u00edas y es visible en el m\u00f3dulo o en una placa frontal pr\u00e1ctica y compacta.<\/p>\n<p class=\"ql-align-justify\"><strong>Planificaci\u00f3n<\/strong><\/p>\n<p class=\"ql-align-justify\"><strong>Productos compatibles<\/strong><\/p>\n<p class=\"ql-align-justify\">Los siguientes productos son compatibles con el M\u00f3dulo de una entrada m\u00faltiple D7044:<\/p>\n<p class=\"ql-align-justify\"><strong>Paneles de Control<\/strong><\/p>\n<ul>\n<li class=\"ql-align-justify\">D7024 FACP direccionable.<\/li>\n<li class=\"ql-align-justify\">D7024\u2011EXP FACP direccionable para exportaci\u00f3n.<\/li>\n<li class=\"ql-align-justify\">DS9400M FACP direccionable.<\/li>\n<li class=\"ql-align-justify\">FPD\u20117024 FACP direccionable.<\/li>\n<\/ul>\n<p class=\"ql-align-justify\"><strong>Nota: El D7024 y DS9400M no est\u00e1n incluidos en la novena edici\u00f3n de la lista UL864.<\/strong><\/p>\n<p class=\"ql-align-justify\"><strong>M\u00f3dulos<\/strong><\/p>\n<ul>\n<li class=\"ql-align-justify\">FPE-7039 M\u00f3dulo de expansi\u00f3n m\u00faltiple.<\/li>\n<\/ul>\n<p class=\"ql-align-justify\"><strong>Montaje<\/strong><\/p>\n<p class=\"ql-align-justify\">Monte el D7044 en una caja posterior cuadrada de salida doble est\u00e1ndar o de cuatro pulgadas. Cables Realice las conexiones a los terminales en la parte posterior del D7044.<\/p>\n<p class=\"ql-align-justify\">Todos los terminales pueden admitir cables de hasta 12 AWG (2,3 mm); sin embargo, siga las pautas de cableado especificadas por el C\u00f3digo el\u00e9ctrico nacional (NFPA-70). Se limita y supervisa la alimentaci\u00f3n de todo el cableado.<\/p>\n<p class=\"ql-align-justify\"><strong>Piezas incluidas<\/strong><\/p>\n<ul>\n<li class=\"ql-align-justify\">1 M\u00f3dulo D7044.<\/li>\n<li class=\"ql-align-justify\">1 Resistencia fin de l\u00ednea (RFL) de 2,21 k\u03a9 (n\u00famero de parte: 25899).<\/li>\n<li class=\"ql-align-justify\">1 Paquete de documentaci\u00f3n.<\/li>\n<li class=\"ql-align-justify\">1 Paquete de hardware.<\/li>\n<\/ul>\n<p class=\"ql-align-justify\"><strong>Nota: M\u00f3dulo de una entrada m\u00faltiple D7044<\/strong><\/p>\n<p class=\"ql-align-justify\"><strong>El D7044 conecta un contacto normalmente abierto (NO) a un bus m\u00faltiple de un FACP D7024, DS9400M o FPD\u20117024. La alimentaci\u00f3n de entrada supervisada del D7044 proviene del FACP para su uso en una configuraci\u00f3n clase B. Interruptores giratorios permiten una c\u00f3moda configuraci\u00f3n de direcci\u00f3n.<\/strong><\/p>\n<p class=\"ql-align-justify\"><strong>N\u00famero de pedido: D7044<\/strong><\/p>\n<p class=\"ql-align-justify\"><strong>Principales caracter\u00edsticas<\/strong><\/p>\n<ul>\n<li class=\"ql-align-justify\">Se utiliza con FACP direccionables D7024, DS9400M o FPD\u20117024.<\/li>\n<li class=\"ql-align-justify\">Encaja en una caja posterior cuadrada de salida doble est\u00e1ndar o de cuatro pulgadas.<\/li>\n<li class=\"ql-align-justify\">F\u00e1cil de direccionar utilizando interruptores giratorios.<\/li>\n<li class=\"ql-align-justify\">Bajo consumo de corriente.<\/li>\n<li class=\"ql-align-justify\">Forma parte del listado UL.<\/li>\n<\/ul>\n<p class=\"ql-align-justify\"><strong>Especificaciones<\/strong><\/p>\n<p class=\"ql-align-justify\"><strong>Alimentaci\u00f3n (proveniente del bus MUX del FACP)<\/strong><\/p>\n<ul>\n<li class=\"ql-align-justify\">Corriente: 0,55 mA.<\/li>\n<li class=\"ql-align-justify\">Tensi\u00f3n (m\u00ednima): 8 V m\u00e1ximo (12 VCC nominal).<\/li>\n<\/ul>\n<p class=\"ql-align-justify\"><strong>Denominaci\u00f3n de circuito<\/strong><\/p>\n<ul>\n<li class=\"ql-align-justify\">Bus de multiplexor (MUX): SLC de clase A (estilo 6) o SLC clase B (estilo 4) supervisado.<\/li>\n<li class=\"ql-align-justify\">Entrada: IDC clase B supervisado (estilo B).<\/li>\n<\/ul>\n<p class=\"ql-align-justify\"><strong>Ambientales<\/strong><\/p>\n<ul>\n<li class=\"ql-align-justify\">Entorno: Interior, seco.<\/li>\n<li class=\"ql-align-justify\">Humedad relativa: Hasta un 93% sin condensaci\u00f3n.<\/li>\n<li class=\"ql-align-justify\">Temperatura (en funcionamiento): De 0 \u00b0C a +49 \u00b0C (de +32 \u00b0F a +120 \u00b0F).<\/li>\n<\/ul>\n<p class=\"ql-align-justify\"><strong>Entrada<\/strong><\/p>\n<p class=\"ql-align-justify\">Tipo: Una entrada de contacto normalmente abierto (NO) supervisado mediante una resistencia RFL de 2,21 k\u03a9 (n\u00famero de parte: 25899).<\/p>\n<p class=\"ql-align-justify\"><strong>Mec\u00e1nicas<\/strong><\/p>\n<ul>\n<li class=\"ql-align-justify\">Color: Blanco.<\/li>\n<li class=\"ql-align-justify\">Dimensione s: 4,3125 pulg. (10,9 cm) cuadrados por 1,0625 pulg. (2,7 cm) de profundidad.<\/li>\n<li class=\"ql-align-justify\">Material: Pl\u00e1stico ABS.<\/li>\n<li class=\"ql-align-justify\">Peso: 110 g (3,9 oz).<\/li>\n<\/ul>\n<p><img decoding=\"async\" class=\"overview-center-img-web\" src=\"https:\/\/tvc.mx\/media\/31635\/Logoopaginas-oficial-1920x400.png\" alt=\"\" \/><\/p>\n","protected":false},"excerpt":{"rendered":"<p>M\u00f3dulo de una entrada m\u00faltiple D7044 El M\u00f3dulo de una entrada m\u00faltiple D7044 conecta un contacto normalmente abierto (NO) al bus m\u00faltiple de un Panel de control de alarma de incendio (FACP) direccionable D7024, DS9400M o FPD\u20117024.\u00a0Utilice una entrada supervisada D7044 en una configuraci\u00f3n clase&hellip;<\/p>\n","protected":false},"featured_media":5862,"comment_status":"open","ping_status":"closed","template":"","meta":{"om_disable_all_campaigns":false,"_monsterinsights_skip_tracking":false,"_monsterinsights_sitenote_active":false,"_monsterinsights_sitenote_note":"","_monsterinsights_sitenote_category":0},"product_brand":[],"product_cat":[505],"product_tag":[495,497,498,499,500,501,496,502],"class_list":{"0":"post-5863","1":"product","2":"type-product","3":"status-publish","4":"has-post-thumbnail","6":"product_cat-modulos-bosch-incendio-2","7":"product_tag-control-de-incendio","8":"product_tag-detectores","9":"product_tag-estacion-manual","10":"product_tag-estrobos-y-sirenas","11":"product_tag-modulos","12":"product_tag-paneles-de-control","13":"product_tag-sistemas-de-incendio","14":"product_tag-teclados","16":"first","17":"instock","18":"sale","19":"taxable","20":"shipping-taxable","21":"purchasable","22":"product-type-simple"},"aioseo_notices":[],"_links":{"self":[{"href":"https:\/\/tecsecmty.com\/index.php\/wp-json\/wp\/v2\/product\/5863","targetHints":{"allow":["GET"]}}],"collection":[{"href":"https:\/\/tecsecmty.com\/index.php\/wp-json\/wp\/v2\/product"}],"about":[{"href":"https:\/\/tecsecmty.com\/index.php\/wp-json\/wp\/v2\/types\/product"}],"replies":[{"embeddable":true,"href":"https:\/\/tecsecmty.com\/index.php\/wp-json\/wp\/v2\/comments?post=5863"}],"version-history":[{"count":0,"href":"https:\/\/tecsecmty.com\/index.php\/wp-json\/wp\/v2\/product\/5863\/revisions"}],"wp:featuredmedia":[{"embeddable":true,"href":"https:\/\/tecsecmty.com\/index.php\/wp-json\/wp\/v2\/media\/5862"}],"wp:attachment":[{"href":"https:\/\/tecsecmty.com\/index.php\/wp-json\/wp\/v2\/media?parent=5863"}],"wp:term":[{"taxonomy":"product_brand","embeddable":true,"href":"https:\/\/tecsecmty.com\/index.php\/wp-json\/wp\/v2\/product_brand?post=5863"},{"taxonomy":"product_cat","embeddable":true,"href":"https:\/\/tecsecmty.com\/index.php\/wp-json\/wp\/v2\/product_cat?post=5863"},{"taxonomy":"product_tag","embeddable":true,"href":"https:\/\/tecsecmty.com\/index.php\/wp-json\/wp\/v2\/product_tag?post=5863"}],"curies":[{"name":"wp","href":"https:\/\/api.w.org\/{rel}","templated":true}]}}