{"id":5867,"date":"2023-02-23T11:41:55","date_gmt":"2023-02-23T17:41:55","guid":{"rendered":"https:\/\/tecsecmty.com\/index.php\/producto\/bosch-f_d7052-modulo-de-entrada-doble-multiple\/"},"modified":"2023-03-22T23:21:04","modified_gmt":"2023-03-23T05:21:04","slug":"bosch-f_d7052-modulo-de-entrada-doble-multiple","status":"publish","type":"product","link":"https:\/\/tecsecmty.com\/index.php\/producto\/bosch-f_d7052-modulo-de-entrada-doble-multiple\/","title":{"rendered":"BOSCH F_D7052 &#8211; Modulo de entrada doble multiple"},"content":{"rendered":"<h5 class=\"card-title text-center\">M\u00f3dulo de entrada doble m\u00faltiple D7052<\/h5>\n<p class=\"ql-align-justify\"><strong>El M\u00f3dulo de entrada doble m\u00faltiple D7052 conecta contactos normalmente abiertos (NO) al bus m\u00faltiple de un Panel de control de alarma de incendio (FACP) direccionable D7024, DS9400M o FPD\u20117024.\u00a0<\/strong>Utilice el D7052 para dos entradas supervisadas clase B (estilo B) o una entrada clase A (estilo D). Toda la potencia de funcionamiento para el m\u00f3dulo de entrada proviene del FACP.<\/p>\n<p class=\"ql-align-justify\"><strong>Nota:<\/strong><\/p>\n<ul>\n<li class=\"ql-align-justify\"><strong>El FPD-7024 y DS9400M no est\u00e1n incluidos en la novena edici\u00f3n de la lista UL864.<\/strong><\/li>\n<li class=\"ql-align-justify\"><strong>No utilice cables blindados.<\/strong><\/li>\n<li class=\"ql-align-justify\"><strong>Nota Supervise los lazos de entrada clase B con las resistencias RFL incluidas.<\/strong><\/li>\n<li class=\"ql-align-justify\"><strong>Un lazo clase A no requiere una resistencia RFL.<\/strong><\/li>\n<\/ul>\n<p class=\"ql-align-justify\">Interruptores giratorios permiten una c\u00f3moda configuraci\u00f3n de direcci\u00f3n. Un LED de estado integrado en el m\u00f3dulo indica condiciones normales, de alarma, de aver\u00edas y es visible en el m\u00f3dulo o en una placa frontal pr\u00e1ctica y compacta.<\/p>\n<p class=\"ql-align-justify\"><strong>Montaje<\/strong><\/p>\n<p class=\"ql-align-justify\">Monte el<strong>\u00a0D7052<\/strong>\u00a0en una caja posterior cuadrada de salida doble est\u00e1ndar o de cuatro pulgadas.<\/p>\n<p class=\"ql-align-justify\"><strong>Cables<\/strong><\/p>\n<p class=\"ql-align-justify\">Realice las conexiones a los terminales en la parte posterior del\u00a0<strong>D7052<\/strong>. Todos los terminales pueden admitir cables de hasta 1<strong>2 AWG<\/strong>\u00a0(2,3 mm); sin embargo, siga las pautas de cableado especificadas por el C\u00f3digo el\u00e9ctrico nacional\u00a0<strong>(NFPA-70)<\/strong>. Se limita y supervisa la alimentaci\u00f3n de todo el cableado.<\/p>\n<p class=\"ql-align-justify\"><strong>Piezas incluidas<\/strong><\/p>\n<ul>\n<li class=\"ql-align-justify\">1 M\u00f3dulo D7052 2 Resistencias fin de l\u00ednea (RFL) de 2,21 k\u03a9 (n\u00famero de parte: 25899).<\/li>\n<li class=\"ql-align-justify\">1 Paquete de documentaci\u00f3n.<\/li>\n<li class=\"ql-align-justify\">1 Paquete de hardware.<\/li>\n<\/ul>\n<p class=\"ql-align-justify\"><strong>Nota: M\u00f3dulo de entrada doble m\u00faltiple D7052<\/strong><\/p>\n<p class=\"ql-align-justify\"><strong>El D7052 conecta contactos normalmente abiertos (NO) a un bus m\u00faltiple de un FACP D7024, DS9400M o FPD\u20117024. La alimentaci\u00f3n de entrada del D7044 proviene del FACP para su uso en dos entradas supervisadas clase B (estilo B) o una entrada clase A (estilo D). Interruptores giratorios permiten una c\u00f3moda configuraci\u00f3n de direcci\u00f3n.<\/strong><\/p>\n<p class=\"ql-align-justify\"><strong>N\u00famero de pedido: D7052.<\/strong><\/p>\n<p class=\"ql-align-justify\"><strong>Principales caracter\u00edsticas<\/strong><\/p>\n<ul>\n<li class=\"ql-align-justify\">Se utiliza con FACP direccionables D7024, DS9400M o FPD\u20117024.<\/li>\n<li class=\"ql-align-justify\">Encaja en una caja posterior cuadrada de salida doble est\u00e1ndar o de cuatro pulgadas.<\/li>\n<li class=\"ql-align-justify\">F\u00e1cil de direccionar utilizando interruptores giratorios.<\/li>\n<li class=\"ql-align-justify\">Bajo consumo de corriente.<\/li>\n<li class=\"ql-align-justify\">Forma parte del listado UL.<\/li>\n<\/ul>\n<p class=\"ql-align-justify\"><strong>Especificaciones<\/strong><\/p>\n<p class=\"ql-align-justify\"><strong>Denominaci\u00f3n de circuito<\/strong><\/p>\n<ul>\n<li class=\"ql-align-justify\"><strong>Bus de multiplexor (MUX)<\/strong>: SLC de clase A (estilo 6) o SLC clase B (estilo 4) supervisado.<\/li>\n<li class=\"ql-align-justify\"><strong>Entrada:<\/strong>\u00a0IDC clase A (estilo D) o IDC clase B (estilo B) supervisado.<\/li>\n<\/ul>\n<p class=\"ql-align-justify\"><strong>Entradas Tipo:<\/strong><\/p>\n<ul>\n<li class=\"ql-align-justify\">Dos entradas de contacto normalmente abierto (NO) clase B (estilo B) o una entrada de contacto clase A (estilo D) supervisada mediante una resistencia RFL de 2,21 k\u03a9 (n\u00famero de parte: 25899)<\/li>\n<\/ul>\n<p class=\"ql-align-justify\"><strong>Ambientales<\/strong><\/p>\n<ul>\n<li class=\"ql-align-justify\">Entorno: Interior, seco Humedad relativa: Hasta un 93% sin condensaci\u00f3n.<\/li>\n<li class=\"ql-align-justify\">Temperatura (en funcionamiento): De 0 \u00b0C a +49 \u00b0C (de +32 \u00b0F a +120 \u00b0F).<\/li>\n<\/ul>\n<p class=\"ql-align-justify\"><strong>Mec\u00e1nicas<\/strong><\/p>\n<ul>\n<li class=\"ql-align-justify\">Color: Blanco Dimensiones: 4,3125 pulg. (10,9 cm) cuadrados por 1,0625 pulg. (2,7 cm) de profundidad.<\/li>\n<li class=\"ql-align-justify\">Material: Pl\u00e1stico ABS Peso: 110 g (3,9 oz).<\/li>\n<\/ul>\n<p class=\"ql-align-justify\"><strong>Requisitos de alimentaci\u00f3n (proveniente del bus MUX del FACP)<\/strong><\/p>\n<ul>\n<li class=\"ql-align-justify\">Corriente: 0,55 mA.<\/li>\n<li class=\"ql-align-justify\">Tensi\u00f3n (m\u00ednima): 8 V m\u00e1ximo (12 VCC nominal).<\/li>\n<\/ul>\n<p><img decoding=\"async\" class=\"overview-center-img-web\" src=\"https:\/\/tvc.mx\/media\/29906\/Logoopaginas-oficial-1920x400.png\" alt=\"\" \/><\/p>\n","protected":false},"excerpt":{"rendered":"<p>M\u00f3dulo de entrada doble m\u00faltiple D7052 El M\u00f3dulo de entrada doble m\u00faltiple D7052 conecta contactos normalmente abiertos (NO) al bus m\u00faltiple de un Panel de control de alarma de incendio (FACP) direccionable D7024, DS9400M o FPD\u20117024.\u00a0Utilice el D7052 para dos entradas supervisadas clase B (estilo&hellip;<\/p>\n","protected":false},"featured_media":5866,"comment_status":"open","ping_status":"closed","template":"","meta":{"om_disable_all_campaigns":false,"_monsterinsights_skip_tracking":false,"_monsterinsights_sitenote_active":false,"_monsterinsights_sitenote_note":"","_monsterinsights_sitenote_category":0},"product_brand":[],"product_cat":[505],"product_tag":[495,497,498,499,500,501,496,502],"class_list":{"0":"post-5867","1":"product","2":"type-product","3":"status-publish","4":"has-post-thumbnail","6":"product_cat-modulos-bosch-incendio-2","7":"product_tag-control-de-incendio","8":"product_tag-detectores","9":"product_tag-estacion-manual","10":"product_tag-estrobos-y-sirenas","11":"product_tag-modulos","12":"product_tag-paneles-de-control","13":"product_tag-sistemas-de-incendio","14":"product_tag-teclados","16":"first","17":"instock","18":"sale","19":"taxable","20":"shipping-taxable","21":"purchasable","22":"product-type-simple"},"aioseo_notices":[],"_links":{"self":[{"href":"https:\/\/tecsecmty.com\/index.php\/wp-json\/wp\/v2\/product\/5867","targetHints":{"allow":["GET"]}}],"collection":[{"href":"https:\/\/tecsecmty.com\/index.php\/wp-json\/wp\/v2\/product"}],"about":[{"href":"https:\/\/tecsecmty.com\/index.php\/wp-json\/wp\/v2\/types\/product"}],"replies":[{"embeddable":true,"href":"https:\/\/tecsecmty.com\/index.php\/wp-json\/wp\/v2\/comments?post=5867"}],"version-history":[{"count":0,"href":"https:\/\/tecsecmty.com\/index.php\/wp-json\/wp\/v2\/product\/5867\/revisions"}],"wp:featuredmedia":[{"embeddable":true,"href":"https:\/\/tecsecmty.com\/index.php\/wp-json\/wp\/v2\/media\/5866"}],"wp:attachment":[{"href":"https:\/\/tecsecmty.com\/index.php\/wp-json\/wp\/v2\/media?parent=5867"}],"wp:term":[{"taxonomy":"product_brand","embeddable":true,"href":"https:\/\/tecsecmty.com\/index.php\/wp-json\/wp\/v2\/product_brand?post=5867"},{"taxonomy":"product_cat","embeddable":true,"href":"https:\/\/tecsecmty.com\/index.php\/wp-json\/wp\/v2\/product_cat?post=5867"},{"taxonomy":"product_tag","embeddable":true,"href":"https:\/\/tecsecmty.com\/index.php\/wp-json\/wp\/v2\/product_tag?post=5867"}],"curies":[{"name":"wp","href":"https:\/\/api.w.org\/{rel}","templated":true}]}}