{"id":5915,"date":"2023-02-23T11:42:59","date_gmt":"2023-02-23T17:42:59","guid":{"rendered":"https:\/\/tecsecmty.com\/index.php\/producto\/bosch-f_flm420eol4ws-modulo-fin-de-linea-rfl-lsn\/"},"modified":"2023-03-22T23:21:08","modified_gmt":"2023-03-23T05:21:08","slug":"bosch-f_flm420eol4ws-modulo-fin-de-linea-rfl-lsn","status":"publish","type":"product","link":"https:\/\/tecsecmty.com\/index.php\/producto\/bosch-f_flm420eol4ws-modulo-fin-de-linea-rfl-lsn\/","title":{"rendered":"BOSCH F_FLM420EOL4WS &#8211; Modulo fin de linea \/ RFL LSN"},"content":{"rendered":"<h5 class=\"card-title text-center\">M\u00f3dulo final l\u00ednea, 4 hilos. mont.superf FLM-420-EOL4W-S<\/h5>\n<p class=\"ql-align-justify\"><strong>El m\u00f3dulo RFL termina las l\u00edneas LSN para la supervisi\u00f3n de rotura de l\u00ednea (ELS, anteriormente requisito EN 54-13).<\/strong>\u00a0Detecta las aver\u00edas de la l\u00ednea primaria y la l\u00ednea AUX se las notifica a la CDI.<\/p>\n<p class=\"ql-align-justify\"><strong>Certificaciones y aprobaciones<\/strong><\/p>\n<p class=\"ql-align-justify\"><strong>Regi\u00f3n, Marcas de calidad y cumplimiento normativo<\/strong><\/p>\n<p class=\"ql-align-justify\"><strong>Alemania<\/strong><\/p>\n<ul>\n<li class=\"ql-align-justify\">VdS G 211007 FLM-420-EOL4W-S, FLM-420-EOL4W-D.<\/li>\n<\/ul>\n<p class=\"ql-align-justify\"><strong>Europa<\/strong><\/p>\n<ul>\n<li class=\"ql-align-justify\">CE FLM-420-EOL4W-S\/-D CPD 0786-CPD-210027 FLM-420-EOL4W-S-D.<\/li>\n<\/ul>\n<p class=\"ql-align-justify\"><strong>Nota: M\u00f3dulo final l\u00ednea, 4 hilos. mont.superf FLM-420-EOL4W-S<\/strong><\/p>\n<p class=\"ql-align-justify\"><strong>Para la terminaci\u00f3n de una l\u00ednea LSN de 4 cables con Supervisi\u00f3n ampliada de l\u00ednea (ELS), para montaje en superficie.<\/strong><\/p>\n<p class=\"ql-align-justify\"><strong>N\u00famero de pedido: FLM-420-EOL4W-S<\/strong><\/p>\n<p class=\"ql-align-justify\"><strong>Principales caracter\u00edsticas<\/strong><\/p>\n<ul>\n<li class=\"ql-align-justify\">Para instalaciones con Supervisi\u00f3n ampliada de l\u00ednea (ELS).<\/li>\n<\/ul>\n<p class=\"ql-align-justify\"><strong>Especificaciones<\/strong><\/p>\n<p class=\"ql-align-justify\"><strong>Datos el\u00e9ctricos<\/strong><\/p>\n<ul>\n<li class=\"ql-align-justify\">Tensi\u00f3n en funcionamiento de auxiliar: De 8 V CC a 30 V CC.<\/li>\n<li class=\"ql-align-justify\">Tensi\u00f3n en funcionamiento de LSN: De 15 V CC a 33 V CC.<\/li>\n<li class=\"ql-align-justify\">Consumo de corriente: AUX &lt; 5,0 mA.<\/li>\n<li class=\"ql-align-justify\">Consumo de corriente: LSN &lt; 2,0 mA.<\/li>\n<\/ul>\n<p class=\"ql-align-justify\"><strong>Datos mec\u00e1nicos<\/strong><\/p>\n<ul>\n<li class=\"ql-align-justify\">Material de la carcasa: Mezcla ABS + PC.<\/li>\n<li class=\"ql-align-justify\">Color de la carcasa: Blanco (RAL 9003).<\/li>\n<\/ul>\n<p class=\"ql-align-justify\"><strong>Dimensiones (An. x Al. x Pr.)<\/strong><\/p>\n<ul>\n<li class=\"ql-align-justify\">FLM-420-EOL4W-D aprox. 77 x 86 x 44 mm<\/li>\n<li class=\"ql-align-justify\">FLM-420-EOL4W-S aprox. 126 x 126 x 71 mm<\/li>\n<\/ul>\n<p class=\"ql-align-justify\"><strong>Peso<\/strong><\/p>\n<ul>\n<li class=\"ql-align-justify\">FLM-420-EOL4W-D 85 g.<\/li>\n<li class=\"ql-align-justify\">FLM-420-EOL4W-S 346 g.<\/li>\n<\/ul>\n<p class=\"ql-align-justify\"><strong>Condiciones ambientales<\/strong><\/p>\n<ul>\n<li class=\"ql-align-justify\">Temperatura de funcionamiento permitida: De -20 \u00b0C a 55 \u00b0C.<\/li>\n<li class=\"ql-align-justify\">Temperatura de almacenamiento permitida: De -25 \u00b0C a 85 \u00b0C.<\/li>\n<li class=\"ql-align-justify\">Humedad relativa permitida: &lt; 96%, sin condensaci\u00f3n.<\/li>\n<li class=\"ql-align-justify\">Clase de protecci\u00f3n seg\u00fan IEC 60529.<\/li>\n<\/ul>\n<p><img decoding=\"async\" class=\"overview-center-img-web\" src=\"https:\/\/tvc.mx\/media\/39201\/Logoopaginas-oficial-1920x400.png\" alt=\"\" \/><\/p>\n","protected":false},"excerpt":{"rendered":"<p>M\u00f3dulo final l\u00ednea, 4 hilos. mont.superf FLM-420-EOL4W-S El m\u00f3dulo RFL termina las l\u00edneas LSN para la supervisi\u00f3n de rotura de l\u00ednea (ELS, anteriormente requisito EN 54-13).\u00a0Detecta las aver\u00edas de la l\u00ednea primaria y la l\u00ednea AUX se las notifica a la CDI. Certificaciones y aprobaciones&hellip;<\/p>\n","protected":false},"featured_media":5914,"comment_status":"open","ping_status":"closed","template":"","meta":{"om_disable_all_campaigns":false,"_monsterinsights_skip_tracking":false,"_monsterinsights_sitenote_active":false,"_monsterinsights_sitenote_note":"","_monsterinsights_sitenote_category":0},"product_brand":[],"product_cat":[505],"product_tag":[495,497,498,499,500,501,496,502],"class_list":{"0":"post-5915","1":"product","2":"type-product","3":"status-publish","4":"has-post-thumbnail","6":"product_cat-modulos-bosch-incendio-2","7":"product_tag-control-de-incendio","8":"product_tag-detectores","9":"product_tag-estacion-manual","10":"product_tag-estrobos-y-sirenas","11":"product_tag-modulos","12":"product_tag-paneles-de-control","13":"product_tag-sistemas-de-incendio","14":"product_tag-teclados","16":"first","17":"instock","18":"sale","19":"taxable","20":"shipping-taxable","21":"purchasable","22":"product-type-simple"},"aioseo_notices":[],"_links":{"self":[{"href":"https:\/\/tecsecmty.com\/index.php\/wp-json\/wp\/v2\/product\/5915","targetHints":{"allow":["GET"]}}],"collection":[{"href":"https:\/\/tecsecmty.com\/index.php\/wp-json\/wp\/v2\/product"}],"about":[{"href":"https:\/\/tecsecmty.com\/index.php\/wp-json\/wp\/v2\/types\/product"}],"replies":[{"embeddable":true,"href":"https:\/\/tecsecmty.com\/index.php\/wp-json\/wp\/v2\/comments?post=5915"}],"version-history":[{"count":0,"href":"https:\/\/tecsecmty.com\/index.php\/wp-json\/wp\/v2\/product\/5915\/revisions"}],"wp:featuredmedia":[{"embeddable":true,"href":"https:\/\/tecsecmty.com\/index.php\/wp-json\/wp\/v2\/media\/5914"}],"wp:attachment":[{"href":"https:\/\/tecsecmty.com\/index.php\/wp-json\/wp\/v2\/media?parent=5915"}],"wp:term":[{"taxonomy":"product_brand","embeddable":true,"href":"https:\/\/tecsecmty.com\/index.php\/wp-json\/wp\/v2\/product_brand?post=5915"},{"taxonomy":"product_cat","embeddable":true,"href":"https:\/\/tecsecmty.com\/index.php\/wp-json\/wp\/v2\/product_cat?post=5915"},{"taxonomy":"product_tag","embeddable":true,"href":"https:\/\/tecsecmty.com\/index.php\/wp-json\/wp\/v2\/product_tag?post=5915"}],"curies":[{"name":"wp","href":"https:\/\/api.w.org\/{rel}","templated":true}]}}