{"id":593,"date":"2023-02-14T04:23:53","date_gmt":"2023-02-14T04:23:53","guid":{"rendered":"https:\/\/tecsecmty.com\/?post_type=product&#038;p=593"},"modified":"2023-03-22T23:20:35","modified_gmt":"2023-03-23T05:20:35","slug":"kit-solar-ip-all-in-one-camara-bala-colorvu-4-megapixel-lente-4mm-panel-solar-bateria-de-respaldo-de-litio-23-2ah-hasta-24-dias-conexion-4g-accesorios-de-instalacion","status":"publish","type":"product","link":"https:\/\/tecsecmty.com\/index.php\/producto\/kit-solar-ip-all-in-one-camara-bala-colorvu-4-megapixel-lente-4mm-panel-solar-bateria-de-respaldo-de-litio-23-2ah-hasta-24-dias-conexion-4g-accesorios-de-instalacion\/","title":{"rendered":"Kit Solar IP All in One \/ Camara Bala ColorVu 4 Megapixel \/ Lente 4mm \/ Panel Solar \/ Bateria de Respaldo de Litio 23.2Ah (Hasta 24 Dias) \/ Conexion 4G \/ Accesorios de Instalacion"},"content":{"rendered":"<div class=\"container\">\n<div class=\"row\">\n<div class=\"col-md-12\">\n<div class=\"row\">\n<div class=\"row\">\n<div class=\"col-md-12\">\n<h4 class=\"text-primary center info-text\" style=\"text-align: center;\">Informaci\u00f3n de Producto<\/h4>\n<\/div>\n<\/div>\n<div class=\"row\" style=\"text-align: center;\">\n<div class=\"col-md-12\">\n<h3>Kit Solar IP All in One \/ C\u00e1mara Bala ColorVu 4 Megapixel \/ Lente 4mm \/ Panel Solar \/ Bater\u00eda de Respaldo de Litio 23.2Ah (Hasta 24 D\u00edas) \/ Conexi\u00f3n 4G \/ Accesorios de Instalaci\u00f3n<\/h3>\n<\/div>\n<\/div>\n<div id=\"producto_container\" class=\"row\" style=\"text-align: center;\">\n<div class=\"col-md-4\"><img decoding=\"async\" class=\"img-responsive center-block\" src=\"https:\/\/ftp3.syscom.mx\/usuarios\/fotos\/BancoFotografiasSyscom\/HIKVISION\/DS2XS2T47G0LDH_4G_C18S40\/DS2XS2T47G0LDH_4G_C18S40-p.PNG\" alt=\"DS-2XS2T47G0-LDH\/4G\/C18S40\" \/><\/p>\n<div class=\"row\">\n<div id=\"galerias\" class=\"col-sm-12\"><\/div>\n<\/div>\n<\/div>\n<div class=\"col-md-4\">\n<div><img decoding=\"async\" class=\"img-responsive img-thumbnail\" src=\"https:\/\/ftp3.syscom.mx\/usuarios\/fotos\/logotipos\/hikvision.png\" \/><\/div>\n<div><img decoding=\"async\" class=\"icono_info_product\" src=\"https:\/\/ftp3.syscom.mx\/usuarios\/ftp\/syscom_mx\/5-12-14-42-4g.png?v=1.05\" \/><img decoding=\"async\" class=\"icono_info_product\" src=\"https:\/\/ftp3.syscom.mx\/usuarios\/fotos\/colorvu1.png?v=1619143772?v=1619450981?v=1625615027?v=1625615953?v=1.05\" \/><\/div>\n<div>\n<p>Modelo:\u00a0<span class=\"modelo-marca\">DS-2XS2T47G0-LDH\/4G\/C18S40<\/span><\/p>\n<p>Marca:\u00a0<span class=\"modelo-marca\">HIKVISION<\/span><\/p>\n<\/div>\n<div>\n<h2 class=\"no_margin_top\"><\/h2>\n<\/div>\n<\/div>\n<\/div>\n<\/div>\n<div class=\"row \" style=\"text-align: center;\">\n<div class=\"col-md-12\">\n<div class=\"row\">\n<h3 class=\"text-primary\">Especificaciones:<\/h3>\n<\/div>\n<div class=\"row well\">\n<p><img decoding=\"async\" class=\"fr-fic fr-dii\" src=\"https:\/\/ftp3.syscom.mx\/usuarios\/jsosa\/HIKVISION\/imagenes\/logo\/hikvision%20see%20far.png\" \/><\/p>\n<p>&nbsp;<\/p>\n<p><img fetchpriority=\"high\" decoding=\"async\" src=\"https:\/\/ftp3.syscom.mx\/usuarios\/fotos\/DS2XS2T47G0LDH\/4G\/C18S40\/204349-camara-alimentada-energia-solar-serie-estandar-2000x1500.jpeg\" alt=\"\" width=\"768\" height=\"576\" \/><\/p>\n<div class=\"row\"><\/div>\n<div class=\"row\">\n<div class=\"col-sm-4\">\n<div><strong>Caracter\u00edsticas principales:<\/strong><\/p>\n<ul>\n<li>Sensor de imagen: 1\/2.8&#8243; CMOS Scan Progresivo.<\/li>\n<li>Iluminaci\u00f3n m\u00ednima: Color: 0.004 Lux @ (F1.4, AGC ON).<\/li>\n<li>Distancia focal: 4 mm.<\/li>\n<li>Distancia de IR: 30 m IR EXIR inteligente.<\/li>\n<li>Dia \/ Noche real (filtro ICR).<\/li>\n<li>Funciones : WDR real (120 dB) \/ 3D-DNR \/ EIS \/ HLC \/ BLC<\/li>\n<li>Detecci\u00f3n de cambio de escena \/ Equipaje desatendido \/ Cruce de linea \/ Detecci\u00f3n de intrusi\u00f3n.<\/li>\n<li>Ranura para SIM de datos (4G).<\/li>\n<\/ul>\n<\/div>\n<\/div>\n<div class=\"col-sm-4\">\n<div><strong>Caracter\u00edsticas F\u00edsicas y El\u00e9ctricas:<\/strong><\/p>\n<ul>\n<li>Aplicaci\u00f3n: Interior \/ Exterior.<\/li>\n<li>Protecci\u00f3n: IP67.<\/li>\n<li>Temperatura de operaci\u00f3n: -40\u00b0C a 60\u00b0C.<\/li>\n<li>Alimentaci\u00f3n \/ Consumo: 12 Vcc.<\/li>\n<li>Dimensiones: 614.8 \u00d7 390.5 \u00d7 760 mm<\/li>\n<li>Peso: 8.54 kgs.<\/li>\n<li>Garant\u00eda: 2\u00a0a\u00f1os.<\/li>\n<li><strong>Incluye:<\/strong>\u00a0c\u00e1mara, panel solar, bater\u00eda de respaldo, montaje de poste, brazo para camara y panel.<\/li>\n<\/ul>\n<\/div>\n<\/div>\n<div class=\"col-sm-4\">\n<div><strong>Bater\u00eda:<\/strong><\/p>\n<ul>\n<li>Tipo: Litio<\/li>\n<li>Capacidad de carga: 23.2Ah<\/li>\n<li>Voltaje m\u00e1ximo de carga: 8.4 V<\/li>\n<li>Temperatura de operaci\u00f3n: -5\u00b0C a 60\u00b0C.<\/li>\n<li>Ciclos de vida: +500<\/li>\n<\/ul>\n<p><strong>Interfaces:<\/strong><\/p>\n<p>Red: 1 puerto RJ45 (10 \/ 100 Mbps).<\/p>\n<ul>\n<li>Ranura para\u00a0<strong>Micro SD<\/strong>\u00a0hasta\u00a0<strong>256GB<\/strong>\u00a0(no la incluye)<\/li>\n<li><strong>Micr\u00f3fono y altavoz integrado<\/strong>\u00a0(audio de 2 v\u00edas).<\/li>\n<\/ul>\n<\/div>\n<\/div>\n<\/div>\n<p>&nbsp;<\/p>\n<div class=\"row\">\n<div class=\"col-sm-12\">\n<div><strong>Funciones de red y almacenamiento:<\/strong><\/p>\n<ul>\n<li>Protocolos:\u00a0IPv4\/IPv6, HTTP, HTTPS, 802.1x, Qos, FTP, SMTP, UPnP, SNMP, DNS, DDNS, NTP, RTSP,RTCP, RTP, TCP\/IP, DHCP, PPPoE, UDP, IGMP, ICMP, Bonjour<\/li>\n<li>Soporta ONVIF (Profile S, Profile G, Profile T) \/ ISAPI \/ SDK.<\/li>\n<li>Soporta NAS.<\/li>\n<li>Soporta navegadores Chrome, IE, Mozilla, Safari.<\/li>\n<li>Soporta triple streaming.<\/li>\n<li>Soporta 6 usuarios simult\u00e1neos.<\/li>\n<li>Soporta Micro SD de hasta 256 GB (no incluida).<\/li>\n<\/ul>\n<\/div>\n<\/div>\n<\/div>\n<p>&nbsp;<\/p>\n<p><strong>Nota:\u00a0El SIM no esta incluido en el kit, debe ser adquirido por separado.<\/strong><\/p>\n<p>&nbsp;<\/p>\n<p>&nbsp;<\/p>\n<h1><strong>Recursos<\/strong><\/h1>\n<p>&nbsp;<\/p>\n<div class=\"row default_margin_bottom\">\n<div class=\"col-sm-4\"><a href=\"https:\/\/www.hikvision.com\/es-la\/support\/download\/software\/ivms4200-series\/?q=serie%20ivms4200&amp;position=1\" target=\"_blank\" rel=\"noopener\"><img decoding=\"async\" class=\"img-responsive\" src=\"https:\/\/ftp3.syscom.mx\/usuarios\/gmagos\/HIK\/IP\/IPC\/Imagenes%20pagina\/Descargas%20IVMS4200.jpg\" \/><\/a><\/div>\n<div class=\"col-sm-4\"><a href=\"https:\/\/appstore.hikvision.com\/\" target=\"_blank\" rel=\"noopener\"><img decoding=\"async\" class=\"img-responsive\" src=\"https:\/\/ftp3.syscom.mx\/usuarios\/gmagos\/HIK\/IP\/IPC\/Imagenes%20pagina\/Descargas%20de%20app.jpg\" \/><\/a><\/div>\n<div class=\"col-sm-4\"><a href=\"https:\/\/ftp3.syscom.mx\/usuarios\/ftp\/2021\/12\/07\/16a81\/DS-2XS2T47G0-LDWH_4G_C18S40_Datasheet_V5.5.130_20210811.pdf\" target=\"_blank\" rel=\"noopener\"><img decoding=\"async\" class=\"img-responsive\" src=\"https:\/\/ftp3.syscom.mx\/usuarios\/gmagos\/HIK\/IP\/IPC\/Imagenes%20pagina\/Descarga%20de%20PDF.jpg\" \/><\/a><\/div>\n<\/div>\n<p>&nbsp;<\/p>\n<p>&#8212;<\/p>\n<div class=\"row\">\n<div class=\"col-sm-6\"><img decoding=\"async\" class=\"img-responsive\" src=\"https:\/\/ftp3.syscom.mx\/usuarios\/gmagos\/HIK\/IP\/IPC\/Solar\/imagenes%20\/a-easy-power-solution-with-a-solar-panel-and-a-battery.jpg\" width=\"100%\" height=\"100%\" \/><\/div>\n<div class=\"col-sm-6\">\n<h2>No se necesitan cables el\u00e9ctricos ni de red<\/h2>\n<p>Al funcionar con energ\u00eda solar, este equipo se instala sin ning\u00fan tipo de cableado el\u00e9ctrico. La bater\u00eda incorporada permite una gesti\u00f3n inteligente de la energ\u00eda y su almacenamiento a largo plazo. Los usuarios pueden disfrutar de hasta 7 d\u00edas de funcionamiento continuo en ausencia de luz solar directa.<\/p>\n<p>Al ser compatible con m\u00faltiples est\u00e1ndares, como GSM, WCDMA y 4G LTE, las c\u00e1maras se conectan a internet f\u00e1cilmente y sin cables a trav\u00e9s de redes m\u00f3viles.<\/p>\n<\/div>\n<\/div>\n<p>&nbsp;<\/p>\n<div class=\"row default_padding_bottom\">\n<div class=\"col-sm-6\">\n<h2>Instalaci\u00f3n f\u00e1cil<\/h2>\n<p>La ligereza y el dise\u00f1o modular profesional hacen posible el montaje sin equipos mec\u00e1nicos, lo que reduce enormemente los costes y el tiempo de instalaci\u00f3n.<\/p>\n<p>&nbsp;<\/p>\n<\/div>\n<div class=\"col-sm-6\"><img decoding=\"async\" class=\"img-responsive\" src=\"https:\/\/ftp3.syscom.mx\/usuarios\/gmagos\/HIK\/IP\/IPC\/Solar\/imagenes%20\/Bad-weather-No-problem.-.jpg\" width=\"100%\" height=\"100%\" \/><\/div>\n<\/div>\n<p>&nbsp;<\/p>\n<div class=\"row\">\n<div class=\"col-sm-6\"><img decoding=\"async\" class=\"img-responsive\" src=\"https:\/\/ftp3.syscom.mx\/usuarios\/gmagos\/HIK\/IP\/IPC\/Solar\/imagenes%20\/Easy%20installation.jpg\" width=\"100%\" height=\"100%\" \/><\/div>\n<div class=\"col-sm-6\">\n<h2>\u00bfHace mal tiempo? No hay problema.<\/h2>\n<p>Al estar dise\u00f1adas para el exterior, las instalaciones de c\u00e1maras a base de energ\u00eda solar son propensas a sufrir condiciones meteorol\u00f3gicas extremas, como fuertes vientos y tormentas. No hay problema. Las c\u00e1maras solares de Hikvision son robustas y estables.<\/p>\n<p>&nbsp;<\/p>\n<\/div>\n<\/div>\n<p>&nbsp;<\/p>\n<div class=\"row default_padding_bottom\">\n<div class=\"col-sm-6\">\n<h2>\u00bfLas temperaturas son extremadamente bajas? No hay problema.<\/h2>\n<p>Las bater\u00edas convencionales suelen perder potencia o quedan completamente inutilizadas en invierno, sobre todo a altitudes elevadas. Sin embargo, estas c\u00e1maras a base de energ\u00eda solar vienen con una bater\u00eda que funciona a temperaturas de hasta -20\u00b0 Celsius (-4 \u00b0F).<\/p>\n<p>&nbsp;<\/p>\n<\/div>\n<div class=\"col-sm-6\"><img decoding=\"async\" class=\"img-responsive\" src=\"https:\/\/ftp3.syscom.mx\/usuarios\/gmagos\/HIK\/IP\/IPC\/Solar\/imagenes%20\/Extremely-low-temperatures.jpg\" width=\"100%\" height=\"100%\" \/><\/div>\n<\/div>\n<p>&nbsp;<\/p>\n<p>&nbsp;<\/p>\n<p><img decoding=\"async\" class=\"fr-fic fr-dii\" src=\"https:\/\/ftp3.syscom.mx\/usuarios\/jsosa\/HIKVISION\/imagenes\/banners\/solution%20complete.png\" \/><\/p>\n<p>&nbsp;<\/p>\n<\/div>\n<\/div>\n<\/div>\n<\/div>\n<\/div>\n<\/div>\n<p><img decoding=\"async\" class=\"aligncenter\" src=\"https:\/\/tracker.metricool.com\/c3po.jpg?hash=95c94f37730bb8f54dd4308f1f878f9\" \/><\/p>\n","protected":false},"excerpt":{"rendered":"<p>Informaci\u00f3n de Producto Kit Solar IP All in One \/ C\u00e1mara Bala ColorVu 4 Megapixel \/ Lente 4mm \/ Panel Solar \/ Bater\u00eda de Respaldo de Litio 23.2Ah (Hasta 24 D\u00edas) \/ Conexi\u00f3n 4G \/ Accesorios de Instalaci\u00f3n Modelo:\u00a0DS-2XS2T47G0-LDH\/4G\/C18S40 Marca:\u00a0HIKVISION Especificaciones: &nbsp; Caracter\u00edsticas principales: Sensor&hellip;<\/p>\n","protected":false},"featured_media":687,"comment_status":"open","ping_status":"closed","template":"","meta":{"om_disable_all_campaigns":false,"_monsterinsights_skip_tracking":false,"_monsterinsights_sitenote_active":false,"_monsterinsights_sitenote_note":"","_monsterinsights_sitenote_category":0},"product_brand":[],"product_cat":[35,44],"product_tag":[38,37,36],"class_list":{"0":"post-593","1":"product","2":"type-product","3":"status-publish","4":"has-post-thumbnail","6":"product_cat-hik-vision","7":"product_cat-kits-hikvision","8":"product_tag-camaras-de-seguridad","9":"product_tag-hikvision","10":"product_tag-kit-4-cameras-hiklook","12":"first","13":"instock","14":"taxable","15":"shipping-taxable","16":"product-type-simple"},"aioseo_notices":[],"_links":{"self":[{"href":"https:\/\/tecsecmty.com\/index.php\/wp-json\/wp\/v2\/product\/593","targetHints":{"allow":["GET"]}}],"collection":[{"href":"https:\/\/tecsecmty.com\/index.php\/wp-json\/wp\/v2\/product"}],"about":[{"href":"https:\/\/tecsecmty.com\/index.php\/wp-json\/wp\/v2\/types\/product"}],"replies":[{"embeddable":true,"href":"https:\/\/tecsecmty.com\/index.php\/wp-json\/wp\/v2\/comments?post=593"}],"version-history":[{"count":0,"href":"https:\/\/tecsecmty.com\/index.php\/wp-json\/wp\/v2\/product\/593\/revisions"}],"wp:featuredmedia":[{"embeddable":true,"href":"https:\/\/tecsecmty.com\/index.php\/wp-json\/wp\/v2\/media\/687"}],"wp:attachment":[{"href":"https:\/\/tecsecmty.com\/index.php\/wp-json\/wp\/v2\/media?parent=593"}],"wp:term":[{"taxonomy":"product_brand","embeddable":true,"href":"https:\/\/tecsecmty.com\/index.php\/wp-json\/wp\/v2\/product_brand?post=593"},{"taxonomy":"product_cat","embeddable":true,"href":"https:\/\/tecsecmty.com\/index.php\/wp-json\/wp\/v2\/product_cat?post=593"},{"taxonomy":"product_tag","embeddable":true,"href":"https:\/\/tecsecmty.com\/index.php\/wp-json\/wp\/v2\/product_tag?post=593"}],"curies":[{"name":"wp","href":"https:\/\/api.w.org\/{rel}","templated":true}]}}