{"id":5933,"date":"2023-02-23T11:43:22","date_gmt":"2023-02-23T17:43:22","guid":{"rendered":"https:\/\/tecsecmty.com\/index.php\/producto\/bosch-f_flm420rhvs-modulo-de-dos-reles-de-alta-tension-compatible-panel-5000\/"},"modified":"2023-03-22T23:21:09","modified_gmt":"2023-03-23T05:21:09","slug":"bosch-f_flm420rhvs-modulo-de-dos-reles-de-alta-tension-compatible-panel-5000","status":"publish","type":"product","link":"https:\/\/tecsecmty.com\/index.php\/producto\/bosch-f_flm420rhvs-modulo-de-dos-reles-de-alta-tension-compatible-panel-5000\/","title":{"rendered":"BOSCH F_FLM420RHVS &#8211; Modulo de dos reles de alta tension \/ Compatible panel 5000"},"content":{"rendered":"<h5 class=\"card-title text-center\">M\u00f3dulo de dos rel\u00e9s de alta tensi\u00f3n con 2 rel\u00e9 FLM\u2011420\u2011RHV\u2011S<\/h5>\n<p class=\"ql-align-justify\"><strong>Los m\u00f3dulos de interconexi\u00f3n de rel\u00e9 de alta tensi\u00f3n FLM\u2011420\u2011RHV se utilizan para controlar la activaci\u00f3n de elementos externos; por ejemplo, compuertas cortafuegos o ventiladores (funci\u00f3n FAN) mediante la red de seguridad local LSN.<\/strong><\/p>\n<p class=\"ql-align-justify\"><strong>Funciones b\u00e1sicas<\/strong><\/p>\n<p class=\"ql-align-justify\">Distintos m\u00f3dulos de campo Dos versiones disponibles para el m\u00f3dulo de campo:<\/p>\n<ul>\n<li class=\"ql-align-justify\">FLM\u2011420\u2011RHV\u2011S para montaje en superficie con carcasa.<\/li>\n<li class=\"ql-align-justify\">FLM\u2011420\u2011RHV\u2011D para la instalaci\u00f3n de un carril DIN con adaptador. Funci\u00f3n de rel\u00e9 y FAN Los m\u00f3dulos de campo tienen dos rel\u00e9s de contacto de conmutaci\u00f3n (forma C) para la activaci\u00f3n controlada de elementos externos.<\/li>\n<\/ul>\n<p class=\"ql-align-justify\">Los contactos del rel\u00e9 est\u00e1n protegidos con fusibles de 10 A integrados en el m\u00f3dulo.<\/p>\n<p class=\"ql-align-justify\">Las cargas m\u00e1ximas del contacto del rel\u00e9 son (los valores se aplican a la carga resistiva):<\/p>\n<ul>\n<li class=\"ql-align-justify\">10 A a 120 V CA \/ 230 V CA \/ 24 V CC.<\/li>\n<li class=\"ql-align-justify\">6 A a 30 V CC.<\/li>\n<\/ul>\n<p class=\"ql-align-justify\"><strong>Interruptores giratorios.<\/strong><\/p>\n<p class=\"ql-align-justify\">Los interruptores giratorios se pueden usar para seleccionar la funci\u00f3n del rel\u00e9 (RLHV) o la funci\u00f3n de control del ventilador (FAN), as\u00ed como para definir la direcci\u00f3n del m\u00f3dulo de campo.<\/p>\n<p class=\"ql-align-justify\">Se pueden realizar los siguientes ajustes:<\/p>\n<p class=\"ql-align-justify\">Selecci\u00f3n de la funci\u00f3n (interruptor giratorio 1)<\/p>\n<ul>\n<li class=\"ql-align-justify\">RLHV: Funci\u00f3n de rel\u00e9 para controlar los elementos externos.<\/li>\n<li class=\"ql-align-justify\">VENTILADOR: Funci\u00f3n de control de ventilador<\/li>\n<\/ul>\n<p class=\"ql-align-justify\"><strong>Ajuste de la direcci\u00f3n (interruptores giratorios 1-3)<\/strong><\/p>\n<ul>\n<li class=\"ql-align-justify\">0 0 0 Lazo\/ramal en modo LSN improved version con direccionamiento autom\u00e1tico (no son posibles derivaciones en T).<\/li>\n<li class=\"ql-align-justify\">0 0 1 &#8211; 254 Sistema de lazo\/ramal\/derivaci\u00f3n en T en modo LSN improved con direccionamiento manual.<\/li>\n<li class=\"ql-align-justify\">CL 0 0 Lazo\/ramal en modo.<\/li>\n<\/ul>\n<p class=\"ql-align-justify\"><strong>LSN cl\u00e1sico<\/strong><\/p>\n<p class=\"ql-align-justify\"><strong>Caracter\u00edsticas de la versi\u00f3n<\/strong><\/p>\n<p class=\"ql-align-justify\">LSN improved Los m\u00f3dulos de campo de la serie 420 proporcionan todas las caracter\u00edsticas de la tecnolog\u00eda LSN improved:<\/p>\n<ul>\n<li class=\"ql-align-justify\">Estructuras de red flexibles, incluyendo derivaciones en T sin elementos adicionales.<\/li>\n<li class=\"ql-align-justify\">Hasta 254 elementos LSN improved por lazo o ramal.<\/li>\n<li class=\"ql-align-justify\">Posibilidad de uso de cable sin protecci\u00f3n.<\/li>\n<li class=\"ql-align-justify\">Compatible con versiones anteriores de sistemas LSN y centrales existentes.<\/li>\n<\/ul>\n<p class=\"ql-align-justify\"><strong>M\u00e1s caracter\u00edsticas de rendimiento<\/strong><\/p>\n<ul>\n<li class=\"ql-align-justify\">El estado de los dos rel\u00e9s se indica mediante un LED rojo y verde.<\/li>\n<\/ul>\n<p class=\"ql-align-justify\">Los aisladores integrados garantizan que se mantenga el funcionamiento en caso de cortocircuito o una interrupci\u00f3n de l\u00ednea en el lazo LSN. Se env\u00eda un mensaje de aver\u00eda a la central de incendios. Alimentaci\u00f3n mediante lazo LSN<\/p>\n<p class=\"ql-align-justify\"><strong>Certificados y homologaciones<\/strong><\/p>\n<p class=\"ql-align-justify\"><strong>Cumple con la norma<\/strong><\/p>\n<ul>\n<li class=\"ql-align-justify\">EN54-17:2005<\/li>\n<li class=\"ql-align-justify\">EN54-18:2005<\/li>\n<\/ul>\n<p class=\"ql-align-justify\"><strong>Planificaci\u00f3n<\/strong><\/p>\n<ul>\n<li class=\"ql-align-justify\">Se puede conectar a las centrales de incendios FPA\u20115000 y FPA\u20111200, as\u00ed como a las centrales de incendios LSN cl\u00e1sicas BZ 500 LSN, UEZ 2000 LSN y UGM 2020.<\/li>\n<li class=\"ql-align-justify\">Deben tenerse en cuenta los est\u00e1ndares y directrices nacionales durante la fase de dise\u00f1o.<\/li>\n<li class=\"ql-align-justify\">No est\u00e1 permitido &#8211; hacer funcionar los rel\u00e9s con tensiones diferentes (alta y baja tensi\u00f3n) &#8211; colocar dos fases de tensi\u00f3n de l\u00ednea de CA en los contactos del rel\u00e9.<\/li>\n<li class=\"ql-align-justify\">La funci\u00f3n de monitorizaci\u00f3n se puede desactivar en el momento de la entrega y activarse mediante el software del panel.<\/li>\n<li class=\"ql-align-justify\">La carcasa para montaje en superficie tiene dos conductos para cables en las caras opuestas: &#8211; 2 x 2 conductos para cables pretaladrados para un di\u00e1metro de hasta 21 mm\/34 mm (para tubos) &#8211; 2 x 4 manguitos de goma con di\u00e1metros de hasta 8 mm.<\/li>\n<li class=\"ql-align-justify\">Adem\u00e1s, hay conductos para cables en la base de la carcasa para montaje en superficie: &#8211; 1 x conducto para cables pretaladrado para un di\u00e1metro de hasta 21 mm (para tubos) &#8211; 2 x 4 manguitos de goma con di\u00e1metros de hasta 8 mm.<\/li>\n<li class=\"ql-align-justify\">Para el funcionamiento de un sistema contra incendios conforme a la norma EN 54\u20112, los m\u00f3dulos de interconexi\u00f3n utilizados para activar el equipo de protecci\u00f3n contra incendios (cuyas salidas no est\u00e9n controladas) se deben instalar junto al dispositivo a activar o en su interior.<\/li>\n<\/ul>\n<p class=\"ql-align-justify\"><strong>Piezas incluidas<\/strong><\/p>\n<p class=\"ql-align-justify\"><strong>Tipo Cant. Componentes<\/strong><\/p>\n<ul>\n<li class=\"ql-align-justify\">FLM-420-RHV-S 1 M\u00f3dulo de dos rel\u00e9s de alta tensi\u00f3n con carcasa para montaje en superficie.<\/li>\n<\/ul>\n<p class=\"ql-align-justify\"><strong>Nota: M\u00f3dulo de dos rel\u00e9s de alta tensi\u00f3n con 2 rel\u00e9 FLM\u2011420\u2011RHV\u2011S<\/strong><\/p>\n<p class=\"ql-align-justify\"><strong>M\u00f3dulo de dos rel\u00e9s de alta tensi\u00f3n con 2 rel\u00e9s de salida (230 V) y carcasa para montaje en superficie.<\/strong><\/p>\n<p class=\"ql-align-justify\"><strong>Numero de pedido: FLM\u2011420\u2011RHV\u2011S<\/strong><\/p>\n<p class=\"ql-align-justify\"><strong>Principales caracter\u00edsticas<\/strong><\/p>\n<ul>\n<li class=\"ql-align-justify\">Selecci\u00f3n de funci\u00f3n de rel\u00e9 o funci\u00f3n de control de ventilador.<\/li>\n<li class=\"ql-align-justify\">Interruptores giratorios para el ajuste manual de direcciones.<\/li>\n<li class=\"ql-align-justify\">Pantalla de leds para el estado de funcionamiento (puede desactivarse con LSN).<\/li>\n<li class=\"ql-align-justify\">Fuente de alimentaci\u00f3n, a trav\u00e9s de LSN.<\/li>\n<li class=\"ql-align-justify\">Dos aisladores integrados que conservan las funciones del lazo LSN en caso de cortocircuito o interrupci\u00f3n de cables.<\/li>\n<li class=\"ql-align-justify\">Disponible con carcasa para montaje en superficie o adaptador de carril DIN.<\/li>\n<\/ul>\n<p class=\"ql-align-justify\"><strong>Especificaciones<\/strong><\/p>\n<p class=\"ql-align-justify\"><strong>Datos el\u00e9ctricos<\/strong><\/p>\n<ul>\n<li class=\"ql-align-justify\">Tensi\u00f3n de entrada: De 15 V CC a 33 V CC (m\u00edn&#8230;m\u00e1x.)<\/li>\n<li class=\"ql-align-justify\">Consumo de corriente m\u00e1ximo 17,15 mA (funcionamiento normal y activado)<\/li>\n<li class=\"ql-align-justify\">Carga m\u00e1x. de contacto 10 A a 120 VCA 10 A a 230 VCA 10 A a 24 VCC 6 A a 30 VCC<\/li>\n<li class=\"ql-align-justify\">Per\u00edodo de rebote m\u00e1x. del contacto normalmente cerrado 9 ms.<\/li>\n<li class=\"ql-align-justify\">Corriente de retroalimentaci\u00f3n 1 mA (resistencia RFL, R=3,9 k\u03a9).<\/li>\n<li class=\"ql-align-justify\">Tensi\u00f3n de retroalimentaci\u00f3n M\u00e1x. 30 VCC Fusibles (F1, F2) 10 A \/ 250 V.<\/li>\n<\/ul>\n<p class=\"ql-align-justify\"><strong>Datos mec\u00e1nicos<\/strong><\/p>\n<ul>\n<li class=\"ql-align-justify\">Elementos de funcionamiento\/ indicadores 2 LED (1 x rojo, 1 x verde).<\/li>\n<li class=\"ql-align-justify\">Conexiones 12 abrazaderas roscadas.<\/li>\n<\/ul>\n<p class=\"ql-align-justify\"><strong>Selecci\u00f3n de funci\u00f3n y ajuste de direcciones 3 interruptores giratorios para:<\/strong><\/p>\n<ul>\n<li class=\"ql-align-justify\">Funci\u00f3n FAN\/RLHV.<\/li>\n<li class=\"ql-align-justify\">Modo LSN \u00abcl\u00e1sico\u00bb o versi\u00f3n LSN \u00abimproved\u00bb.<\/li>\n<li class=\"ql-align-justify\">Asignaci\u00f3n de direcciones autom\u00e1tico o manua.<\/li>\n<\/ul>\n<p class=\"ql-align-justify\"><strong>Material de la carcasa<\/strong><\/p>\n<ul>\n<li class=\"ql-align-justify\">M\u00f3dulo LSN PPO (Noryl).<\/li>\n<li class=\"ql-align-justify\">Carcasa para montaje en superficie Mezcla ABS\/PC.<\/li>\n<\/ul>\n<p class=\"ql-align-justify\"><strong>Color de la carcasa<\/strong><\/p>\n<ul>\n<li class=\"ql-align-justify\">M\u00f3dulo LSN Blanquecino, parecido a RAL 9002.<\/li>\n<li class=\"ql-align-justify\">Carcasa para montaje en superficie Blanco, RAL 9003<\/li>\n<\/ul>\n<p class=\"ql-align-justify\"><strong>Dimensiones<\/strong><\/p>\n<ul>\n<li class=\"ql-align-justify\">FLM-420-RHV-S Aprox. 126 x 126 x 71 mm (4,96 x 4,96 x 2,8 pulg.)<\/li>\n<li class=\"ql-align-justify\">FLM-420-RHV-D (con adaptador de carril DIN) Aprox. 110 x 110 x 48 mm (4,33 x 4,33 x 1,89 pulg.) Peso \u2022 FLM-420-RHV-S Aprox. 390 g (13,8 onzas)<\/li>\n<li class=\"ql-align-justify\">FLM-420-RHV-D Aprox. 150 g (5,3 onzas).<\/li>\n<\/ul>\n<p class=\"ql-align-justify\"><strong>Condiciones ambientales<\/strong><\/p>\n<ul>\n<li class=\"ql-align-justify\">Temperatura de funcionamiento permitida: De -20 \u00b0C a 50 \u00b0C (de -4 \u00b0F a 122 \u00b0F).<\/li>\n<li class=\"ql-align-justify\">Temperatura de almacenamiento permitida: De -25 \u00b0C a 85 \u00b0C (de -13 \u00b0F a 176 \u00b0F).<\/li>\n<li class=\"ql-align-justify\">Humedad relativa permitida: &lt; 96%.<\/li>\n<li class=\"ql-align-justify\">Clases de equipo seg\u00fan IEC 60950 Equipo clase II.<\/li>\n<\/ul>\n<p class=\"ql-align-justify\"><strong>Clase de protecci\u00f3n seg\u00fan IEC 60529<\/strong><\/p>\n<ul>\n<li class=\"ql-align-justify\">FLM-420-RHV-S IP 54<\/li>\n<\/ul>\n<p><img decoding=\"async\" class=\"overview-center-img-web\" src=\"https:\/\/tvc.mx\/media\/39435\/Logoopaginas-oficial-1920x400.png\" alt=\"\" \/><\/p>\n","protected":false},"excerpt":{"rendered":"<p>M\u00f3dulo de dos rel\u00e9s de alta tensi\u00f3n con 2 rel\u00e9 FLM\u2011420\u2011RHV\u2011S Los m\u00f3dulos de interconexi\u00f3n de rel\u00e9 de alta tensi\u00f3n FLM\u2011420\u2011RHV se utilizan para controlar la activaci\u00f3n de elementos externos; por ejemplo, compuertas cortafuegos o ventiladores (funci\u00f3n FAN) mediante la red de seguridad local LSN.&hellip;<\/p>\n","protected":false},"featured_media":5932,"comment_status":"open","ping_status":"closed","template":"","meta":{"om_disable_all_campaigns":false,"_monsterinsights_skip_tracking":false,"_monsterinsights_sitenote_active":false,"_monsterinsights_sitenote_note":"","_monsterinsights_sitenote_category":0},"product_brand":[],"product_cat":[505],"product_tag":[495,497,498,499,500,501,496,502],"class_list":{"0":"post-5933","1":"product","2":"type-product","3":"status-publish","4":"has-post-thumbnail","6":"product_cat-modulos-bosch-incendio-2","7":"product_tag-control-de-incendio","8":"product_tag-detectores","9":"product_tag-estacion-manual","10":"product_tag-estrobos-y-sirenas","11":"product_tag-modulos","12":"product_tag-paneles-de-control","13":"product_tag-sistemas-de-incendio","14":"product_tag-teclados","16":"first","17":"instock","18":"sale","19":"taxable","20":"shipping-taxable","21":"purchasable","22":"product-type-simple"},"aioseo_notices":[],"_links":{"self":[{"href":"https:\/\/tecsecmty.com\/index.php\/wp-json\/wp\/v2\/product\/5933","targetHints":{"allow":["GET"]}}],"collection":[{"href":"https:\/\/tecsecmty.com\/index.php\/wp-json\/wp\/v2\/product"}],"about":[{"href":"https:\/\/tecsecmty.com\/index.php\/wp-json\/wp\/v2\/types\/product"}],"replies":[{"embeddable":true,"href":"https:\/\/tecsecmty.com\/index.php\/wp-json\/wp\/v2\/comments?post=5933"}],"version-history":[{"count":0,"href":"https:\/\/tecsecmty.com\/index.php\/wp-json\/wp\/v2\/product\/5933\/revisions"}],"wp:featuredmedia":[{"embeddable":true,"href":"https:\/\/tecsecmty.com\/index.php\/wp-json\/wp\/v2\/media\/5932"}],"wp:attachment":[{"href":"https:\/\/tecsecmty.com\/index.php\/wp-json\/wp\/v2\/media?parent=5933"}],"wp:term":[{"taxonomy":"product_brand","embeddable":true,"href":"https:\/\/tecsecmty.com\/index.php\/wp-json\/wp\/v2\/product_brand?post=5933"},{"taxonomy":"product_cat","embeddable":true,"href":"https:\/\/tecsecmty.com\/index.php\/wp-json\/wp\/v2\/product_cat?post=5933"},{"taxonomy":"product_tag","embeddable":true,"href":"https:\/\/tecsecmty.com\/index.php\/wp-json\/wp\/v2\/product_tag?post=5933"}],"curies":[{"name":"wp","href":"https:\/\/api.w.org\/{rel}","templated":true}]}}