{"id":5973,"date":"2023-02-23T11:44:10","date_gmt":"2023-02-23T17:44:10","guid":{"rendered":"https:\/\/tecsecmty.com\/index.php\/producto\/bosch-f_hbe0012a-cabina-de-central-modular-para-12-modulos-compatible-con-fpa5000\/"},"modified":"2023-03-22T23:21:14","modified_gmt":"2023-03-23T05:21:14","slug":"bosch-f_hbe0012a-cabina-de-central-modular-para-12-modulos-compatible-con-fpa5000","status":"publish","type":"product","link":"https:\/\/tecsecmty.com\/index.php\/producto\/bosch-f_hbe0012a-cabina-de-central-modular-para-12-modulos-compatible-con-fpa5000\/","title":{"rendered":"BOSCH F_HBE0012A &#8211; Cabina de central modular para 12 modulos \/ Compatible con FPA5000"},"content":{"rendered":"<h5 class=\"card-title text-center\">HBE 0012 A Carcasa extensi\u00f3n, montaje en pared<\/h5>\n<p class=\"ql-align-justify\"><strong>La carcasa HBE 0012 A puede alojar hasta 12 m\u00f3dulos, as\u00ed como bater\u00edas y fuentes de alimentaci\u00f3n.<\/strong><\/p>\n<p class=\"ql-align-justify\"><strong>Notas de configuraci\u00f3n\/instalaci\u00f3n<\/strong><\/p>\n<p class=\"ql-align-justify\"><strong>Puede equiparse con:<\/strong><\/p>\n<ul>\n<li class=\"ql-align-justify\">3 ra\u00edles de central largos PRD 0004 A, cada uno para 4 m\u00f3dulos.<\/li>\n<li class=\"ql-align-justify\">1 soporte de fuente de alimentaci\u00f3n FPO\u20115000\u2011PSB\u2011CH para carcasa de central.<\/li>\n<li class=\"ql-align-justify\">2 bater\u00edas de 12 V\/28 Ah o , como alternativa, 1 distribuidor de alimentaci\u00f3n HPD 0000 A.<\/li>\n<\/ul>\n<p class=\"ql-align-justify\"><strong>Puede ampliarse con:<\/strong><\/p>\n<ul>\n<li class=\"ql-align-justify\">Puerta frontal transparente con bloqueo en el lado derecho FDT 0001 A.<\/li>\n<li class=\"ql-align-justify\">Puerta frontal transparente con bloqueo en el lado izquierdo FDT 0002 A.<\/li>\n<\/ul>\n<p class=\"ql-align-justify\">El montaje y la puesta en funcionamiento de la central de incendio deber\u00e1n llevarse a cabo en el interior, en un espacio limpio y seco.<\/p>\n<p class=\"ql-align-justify\"><strong>Piezas incluidas<\/strong><\/p>\n<p class=\"ql-align-justify\"><strong>Cantidad<\/strong><\/p>\n<ul>\n<li class=\"ql-align-justify\">1 Carcasa.<\/li>\n<li class=\"ql-align-justify\">1 Cable de conexi\u00f3n CAN bus, longitud de cable 190 cm.<\/li>\n<\/ul>\n<p class=\"ql-align-justify\"><strong>Nota: HBE 0012 A Carcasa extensi\u00f3n, montaje en pared para montaje en superficie o empotrado, o instalaci\u00f3n en racks de 482,6 mm (19&#8243;).<\/strong><\/p>\n<p class=\"ql-align-justify\"><strong>N\u00famero de pedido: HBE 0012 A<\/strong><\/p>\n<p class=\"ql-align-justify\"><strong>Principales caracter\u00edsticas<\/strong><\/p>\n<ul>\n<li class=\"ql-align-justify\">Carcasa de extensi\u00f3n.<\/li>\n<li class=\"ql-align-justify\">Soporte de pared.<\/li>\n<\/ul>\n<p class=\"ql-align-justify\"><strong>Especificaciones<\/strong><\/p>\n<p class=\"ql-align-justify\"><strong>Mec\u00e1nicos<\/strong><\/p>\n<ul>\n<li class=\"ql-align-justify\">Material de la carcasa L\u00e1mina de acero, pintada.<\/li>\n<li class=\"ql-align-justify\">Color de la carcasa Gris pizarra, RAL 7015 Frontal: gris antracita, RAL 7016.<\/li>\n<\/ul>\n<p class=\"ql-align-justify\"><strong>Dimensiones<\/strong><\/p>\n<ul>\n<li class=\"ql-align-justify\">HCP 0006 A Aprox. 638 x 440 x 149 mm.<\/li>\n<li class=\"ql-align-justify\">HBC 0010 A y HBE 0012 A Aprox. 840 x 440 x 149 mm.<\/li>\n<li class=\"ql-align-justify\">PSB 0004 A Aprox. 502 x 440 x 149 mm.<\/li>\n<li class=\"ql-align-justify\">PSS 0002 A y DIB 0000 A Aprox. 267 x 440.<\/li>\n<\/ul>\n<p class=\"ql-align-justify\"><strong>Peso<\/strong><\/p>\n<ul>\n<li class=\"ql-align-justify\">HCP 0006 A Aprox. 12,5 kg.<\/li>\n<li class=\"ql-align-justify\">HBC 0010 A y HBE 0012 A Aprox. 17 kg .<\/li>\n<li class=\"ql-align-justify\">PSB 0004 A Aprox. 11,4 kg.<\/li>\n<li class=\"ql-align-justify\">PSS 0002 A y DIB 0000 A Aprox. 6,4 kg.<\/li>\n<\/ul>\n<p><img decoding=\"async\" class=\"overview-center-img-web\" src=\"https:\/\/tvc.mx\/media\/36321\/Logoopaginas-oficial-1920x400.png\" alt=\"\" \/><\/p>\n","protected":false},"excerpt":{"rendered":"<p>HBE 0012 A Carcasa extensi\u00f3n, montaje en pared La carcasa HBE 0012 A puede alojar hasta 12 m\u00f3dulos, as\u00ed como bater\u00edas y fuentes de alimentaci\u00f3n. Notas de configuraci\u00f3n\/instalaci\u00f3n Puede equiparse con: 3 ra\u00edles de central largos PRD 0004 A, cada uno para 4 m\u00f3dulos. 1&hellip;<\/p>\n","protected":false},"featured_media":5972,"comment_status":"open","ping_status":"closed","template":"","meta":{"om_disable_all_campaigns":false,"_monsterinsights_skip_tracking":false,"_monsterinsights_sitenote_active":false,"_monsterinsights_sitenote_note":"","_monsterinsights_sitenote_category":0},"product_brand":[],"product_cat":[505],"product_tag":[495,497,498,499,500,501,496,502],"class_list":{"0":"post-5973","1":"product","2":"type-product","3":"status-publish","4":"has-post-thumbnail","6":"product_cat-modulos-bosch-incendio-2","7":"product_tag-control-de-incendio","8":"product_tag-detectores","9":"product_tag-estacion-manual","10":"product_tag-estrobos-y-sirenas","11":"product_tag-modulos","12":"product_tag-paneles-de-control","13":"product_tag-sistemas-de-incendio","14":"product_tag-teclados","16":"first","17":"instock","18":"sale","19":"taxable","20":"shipping-taxable","21":"purchasable","22":"product-type-simple"},"aioseo_notices":[],"_links":{"self":[{"href":"https:\/\/tecsecmty.com\/index.php\/wp-json\/wp\/v2\/product\/5973","targetHints":{"allow":["GET"]}}],"collection":[{"href":"https:\/\/tecsecmty.com\/index.php\/wp-json\/wp\/v2\/product"}],"about":[{"href":"https:\/\/tecsecmty.com\/index.php\/wp-json\/wp\/v2\/types\/product"}],"replies":[{"embeddable":true,"href":"https:\/\/tecsecmty.com\/index.php\/wp-json\/wp\/v2\/comments?post=5973"}],"version-history":[{"count":0,"href":"https:\/\/tecsecmty.com\/index.php\/wp-json\/wp\/v2\/product\/5973\/revisions"}],"wp:featuredmedia":[{"embeddable":true,"href":"https:\/\/tecsecmty.com\/index.php\/wp-json\/wp\/v2\/media\/5972"}],"wp:attachment":[{"href":"https:\/\/tecsecmty.com\/index.php\/wp-json\/wp\/v2\/media?parent=5973"}],"wp:term":[{"taxonomy":"product_brand","embeddable":true,"href":"https:\/\/tecsecmty.com\/index.php\/wp-json\/wp\/v2\/product_brand?post=5973"},{"taxonomy":"product_cat","embeddable":true,"href":"https:\/\/tecsecmty.com\/index.php\/wp-json\/wp\/v2\/product_cat?post=5973"},{"taxonomy":"product_tag","embeddable":true,"href":"https:\/\/tecsecmty.com\/index.php\/wp-json\/wp\/v2\/product_tag?post=5973"}],"curies":[{"name":"wp","href":"https:\/\/api.w.org\/{rel}","templated":true}]}}