{"id":5979,"date":"2023-02-23T11:44:19","date_gmt":"2023-02-23T17:44:19","guid":{"rendered":"https:\/\/tecsecmty.com\/index.php\/producto\/bosch-f_hmbmp16-panel-maestro-con-16-entradas-mensajeria-automatica\/"},"modified":"2023-03-22T23:21:14","modified_gmt":"2023-03-23T05:21:14","slug":"bosch-f_hmbmp16-panel-maestro-con-16-entradas-mensajeria-automatica","status":"publish","type":"product","link":"https:\/\/tecsecmty.com\/index.php\/producto\/bosch-f_hmbmp16-panel-maestro-con-16-entradas-mensajeria-automatica\/","title":{"rendered":"BOSCH F_HMBMP16- PANEL MAESTRO CON 16 ENTRADAS\/ MENSAJERIA AUTOMATICA"},"content":{"rendered":"<h5 class=\"card-title text-center\">Panel maestro HMB-MP16<\/h5>\n<p class=\"ql-align-justify\"><strong>El sistema Bosch EVAX para aplicaciones de gran altura es un sistema de localizaci\u00f3n y reubicaci\u00f3n de emergencia en red con sistema telef\u00f3nico de dos v\u00edas integrado para bomberos.<\/strong>\u00a0Eso funciona con el Panel de control de alarma contra incendios (FACP) en un edificio para proporcionar una respuesta autom\u00e1tica a la seguridad de la vida emergencias Mientras proporciona todas las caracter\u00edsticas necesarias para un sistema de evacuaci\u00f3n de voz efectivo, puede f\u00e1cilmente transmitir evacuaci\u00f3n, permanecer en el lugar u otro p\u00fablico anuncios de direcci\u00f3n y mensajes autom\u00e1ticos con M\u00faltiples canales de audio simult\u00e1neo.<\/p>\n<p class=\"ql-align-justify\">Configure su sistema para incluir tel\u00e9fonos de bomberos o estaciones de vigilancia seg\u00fan sea necesario, para bomberos comunicaciones para complementar radios bidireccionales y para utilizar en \u00e1reas de asistencia de refugio tan atrapadas los individuos pueden comunicarse con el comando de fuego.<\/p>\n<p class=\"ql-align-justify\">Las funciones de control de humo incluyen autom\u00e1tico o manual presurizaci\u00f3n positiva o negativa para compartimentos, pisos o escaleras. Las interfaces f\u00e1ciles de usar permiten<\/p>\n<p class=\"ql-align-justify\">autoridades del departamento de bomberos para hacerse cargo de los controles y comunicarse efectivamente.<\/p>\n<p class=\"ql-align-justify\"><strong>Resumen del sistema<\/strong><\/p>\n<p class=\"ql-align-justify\">La configuraci\u00f3n m\u00e1xima del sistema contiene hasta 256 paneles distribuidos que proporcionan hasta 2028 monitores y puntos de control.<\/p>\n<p class=\"ql-align-justify\"><strong>Funciones b\u00e1sicas<\/strong><\/p>\n<p class=\"ql-align-justify\"><strong>Panel maestro<\/strong><\/p>\n<p class=\"ql-align-justify\">El panel maestro proporciona la alta velocidad bucle de comunicaci\u00f3n (NetComm Loop), maestro control de micr\u00f3fono para mensajes de voz en vivo (PA), dual canal repetidor de mensajes digitales (DMR) para hasta 1000 mensajes pregrabados y un control de 16 interruptores m\u00f3dulo.<\/p>\n<p class=\"ql-align-justify\"><strong>NetComm Loop<\/strong><\/p>\n<p class=\"ql-align-justify\">El NetComm Loop proporciona alta velocidad RS \u2011 485 comunicaciones sobre par trenzado, Categor\u00eda 5 UTP cable. La red se puede conectar como Estilo 4 o Estilo 7 con un m\u00e1ximo de 4000 pies entre paneles y un total longitud del bucle de 50,000 pies. El bucle transporta datos y seis canales de audio.<\/p>\n<p class=\"ql-align-justify\"><strong>Paneles Distribuidos<\/strong><\/p>\n<p class=\"ql-align-justify\">Los paneles distribuidos se comunican con el maestro Panel a trav\u00e9s del bucle de NetCom. Ellos t\u00edpicamente proporcionar:<\/p>\n<ul>\n<li class=\"ql-align-justify\">Bucles de altavoces de evacuaci\u00f3n de voz: datos dedicados y bucles de audio con un cable m\u00ednimo de 18 AWG con resistencias de fin de l\u00ednea (EOLR).<\/li>\n<li class=\"ql-align-justify\">Fire Phone Loops: bucle de audio dedicado utilizando un m\u00ednimo de cableado de par trenzado de 20 AWG con un EOLR.<\/li>\n<li class=\"ql-align-justify\">Bucles de ventilador y amortiguador: bucle de datos con un m\u00ednimo Cableado de par trenzado de 20 AWG en el que hasta 32 se pueden conectar m\u00f3dulos. Cada m\u00f3dulo proporciona dos puntos (un control y un monitor) para un total de 64 puntos en el circuito.<\/li>\n<li class=\"ql-align-justify\">Adem\u00e1s, se pueden conectar amplificadores de audio locales a los paneles distribuidos.<\/li>\n<\/ul>\n<p class=\"ql-align-justify\">Los paneles distribuidos de Bosch proporcionan adicionalmente Accesorios espec\u00edficos para soportar funciones espec\u00edficas, los HMB \u2011 DP proporciona cuatro circuitos de audio, el HMB \u2011 DP \/ P proporciona cuatro circuitos de Fire Phone y el HMB\u2011DP\u201142 proporciona 16 circuitos de audio.<\/p>\n<p class=\"ql-align-justify\"><strong>Certificaciones y aprobaciones<\/strong><\/p>\n<p class=\"ql-align-justify\"><strong>Certificaci\u00f3n de regi\u00f3n<\/strong><\/p>\n<p class=\"ql-align-justify\"><strong>EE. UU.<\/strong><\/p>\n<ul>\n<li class=\"ql-align-justify\">UL UOXX: accesorios de la unidad de control, sistema (ANSI \/ UL 864).<\/li>\n<li class=\"ql-align-justify\">CSFM vea nuestro sitio web.<\/li>\n<\/ul>\n<p class=\"ql-align-justify\"><strong>Notas de instalaci\u00f3n \/ configuraci\u00f3n<\/strong><\/p>\n<p class=\"ql-align-justify\"><strong>Productos compatibles<\/strong><\/p>\n<p class=\"ql-align-justify\"><strong>Accesorios del panel principal<\/strong><\/p>\n<ul>\n<li class=\"ql-align-justify\">MB\u2011SLC Switch\/LED Card.<\/li>\n<li class=\"ql-align-justify\">MB\u2011SSC Switch Scan Card.<\/li>\n<li class=\"ql-align-justify\">MB\u2011MFA Master Fire Phone Assembly.<\/li>\n<li class=\"ql-align-justify\">MB\u2011XI Extended Input Interface.<\/li>\n<li class=\"ql-align-justify\">MB\u2011OI Output Interface Card.<\/li>\n<\/ul>\n<p class=\"ql-align-justify\"><strong>Accesorios de panel distribuido<\/strong><\/p>\n<ul>\n<li class=\"ql-align-justify\">EVX\u201125E Expander Module 25 W.<\/li>\n<li class=\"ql-align-justify\">EVX\u201150E Expander Module 50 W.<\/li>\n<li class=\"ql-align-justify\">EVX-100E Expander Module 100 W.<\/li>\n<li class=\"ql-align-justify\">EVX\u2011T2885 Power transformer for EVX\u201125E.<\/li>\n<li class=\"ql-align-justify\">EVX\u2011T17528 Power transformer for EVX\u201150E\/100E.<\/li>\n<li class=\"ql-align-justify\">MB\u2011MBK Mother Board Relays.<\/li>\n<li class=\"ql-align-justify\">MB\u2011AMI Audio Module Interface.<\/li>\n<li class=\"ql-align-justify\">MB\u2011FPI Fire Phone Interface.<\/li>\n<li class=\"ql-align-justify\">MB\u2011FPO2 Fire Phone Output Adapter.<\/li>\n<li class=\"ql-align-justify\">MB\u2011FO Fiber Optic Interface Card.<\/li>\n<li class=\"ql-align-justify\">EVB\u2011BA100 Backup Audio Interface.<\/li>\n<\/ul>\n<p class=\"ql-align-justify\"><strong>Accesorios telef\u00f3nicos<\/strong><\/p>\n<ul>\n<li class=\"ql-align-justify\">MB\u2011FJ Telephone Jack.<\/li>\n<li class=\"ql-align-justify\">MB\u2011FH Portable Handset.<\/li>\n<li class=\"ql-align-justify\">MB\u2011TC Fire Phone Cabinet.<\/li>\n<li class=\"ql-align-justify\">MB\u2011FS Fire Phone Station.<\/li>\n<li class=\"ql-align-justify\">MB\u2011WS Warden Station.<\/li>\n<\/ul>\n<p class=\"ql-align-justify\"><strong>Piezas de repuesto<\/strong><\/p>\n<ul>\n<li class=\"ql-align-justify\">MB\u2011DCC Data Communication Controller.<\/li>\n<li class=\"ql-align-justify\">MB\u2011ASC Audio System Control.<\/li>\n<li class=\"ql-align-justify\">MB\u2011MMC Master Microphone Control.<\/li>\n<li class=\"ql-align-justify\">MB\u2011MBR Mother Board Remote.<\/li>\n<li class=\"ql-align-justify\">MB\u2011PWR Master Panel Power Supply.<\/li>\n<\/ul>\n<p class=\"ql-align-justify\"><strong>Partes incluidas<\/strong><\/p>\n<p class=\"ql-align-justify\"><strong>Cuant. Componente<\/strong><\/p>\n<ul>\n<li class=\"ql-align-justify\">1 Panel maestro o distribuido.<\/li>\n<li class=\"ql-align-justify\">1 Literatura &#8211; Instrucciones de instalaci\u00f3n.<\/li>\n<\/ul>\n<p class=\"ql-align-justify\"><strong>Nota: Panel maestro HMB-MP16<\/strong><\/p>\n<p class=\"ql-align-justify\"><strong>16 Interruptor \/ Entrada, incluye DCC, ASC, SSC, PWR-2A, MMC, 1-SLC, 1-IOI, puerta abatible y gabinete.<\/strong><\/p>\n<p class=\"ql-align-justify\"><strong>N\u00famero de pedido: HMB-MP16<\/strong><\/p>\n<p class=\"ql-align-justify\"><strong>Principales caracter\u00edsticas<\/strong><\/p>\n<ul>\n<li class=\"ql-align-justify\">Panel maestro con capacidad para m\u00faltiples distribuidos\u00a0paneles.<\/li>\n<li class=\"ql-align-justify\">Funciona como independiente o conectado a un FACP.<\/li>\n<li class=\"ql-align-justify\">Transmisi\u00f3n de red a trav\u00e9s de fibra \u00f3ptica o par de cobre cable.<\/li>\n<li class=\"ql-align-justify\">Voz digitalizada en vivo y mensajes pregrabados.<\/li>\n<li class=\"ql-align-justify\">Control de paginaci\u00f3n de zona.<\/li>\n<\/ul>\n<p class=\"ql-align-justify\"><strong>Especificaciones<\/strong><\/p>\n<p class=\"ql-align-justify\"><strong>El\u00e9ctrico (panel distribuido)<\/strong><\/p>\n<p class=\"ql-align-justify\"><strong>Consumo de corriente<\/strong><\/p>\n<ul>\n<li class=\"ql-align-justify\">AMI: alarma: 10 mA, en espera: 10 mA.<\/li>\n<li class=\"ql-align-justify\">DCC: alarma: 55 mA, en espera: 55 mA.<\/li>\n<li class=\"ql-align-justify\">MBR: alarma: 55 mA, en espera: 10 mA.<\/li>\n<li class=\"ql-align-justify\">Bater\u00edas 2.<\/li>\n<li class=\"ql-align-justify\">Tipo: dos celdas de gel de 12 VCC en serie<\/li>\n<\/ul>\n<p class=\"ql-align-justify\"><strong>Corriente (bater\u00edacarga)<\/strong><\/p>\n<p class=\"ql-align-justify\"><strong>Depende del amplificador:<\/strong><\/p>\n<ul>\n<li class=\"ql-align-justify\">EVX \u2011 25E \/ 50E: 800 mA m\u00e1ximo.<\/li>\n<li class=\"ql-align-justify\">EVX \u2011 100E: 1 A m\u00e1ximo.<\/li>\n<\/ul>\n<p class=\"ql-align-justify\"><strong>Capacidad: depende del amplificador<\/strong><\/p>\n<ul>\n<li class=\"ql-align-justify\">EVX \u2011 25E \/ 50E: 24 V CC, 18 Ah m\u00e1ximo<\/li>\n<li class=\"ql-align-justify\">EVX \u2011 100E: 24 V CC, 24 Ah m\u00e1ximo<\/li>\n<\/ul>\n<p class=\"ql-align-justify\"><strong>Poder<\/strong><\/p>\n<ul>\n<li class=\"ql-align-justify\">Entrada (primaria): 120 VCA.<\/li>\n<li class=\"ql-align-justify\">Corriente de entrada: depende de la configuraci\u00f3n del panel.<\/li>\n<li class=\"ql-align-justify\">Entrada (circuitos): todos los circuitos a 24 V CC.<\/li>\n<\/ul>\n<p><img decoding=\"async\" class=\"overview-center-img-web\" src=\"https:\/\/tvc.mx\/media\/40431\/Logoopaginas-oficial-1920x400.png\" alt=\"\" \/><\/p>\n","protected":false},"excerpt":{"rendered":"<p>Panel maestro HMB-MP16 El sistema Bosch EVAX para aplicaciones de gran altura es un sistema de localizaci\u00f3n y reubicaci\u00f3n de emergencia en red con sistema telef\u00f3nico de dos v\u00edas integrado para bomberos.\u00a0Eso funciona con el Panel de control de alarma contra incendios (FACP) en un&hellip;<\/p>\n","protected":false},"featured_media":5978,"comment_status":"open","ping_status":"closed","template":"","meta":{"om_disable_all_campaigns":false,"_monsterinsights_skip_tracking":false,"_monsterinsights_sitenote_active":false,"_monsterinsights_sitenote_note":"","_monsterinsights_sitenote_category":0},"product_brand":[],"product_cat":[505],"product_tag":[495,497,498,499,500,501,496,502],"class_list":{"0":"post-5979","1":"product","2":"type-product","3":"status-publish","4":"has-post-thumbnail","6":"product_cat-modulos-bosch-incendio-2","7":"product_tag-control-de-incendio","8":"product_tag-detectores","9":"product_tag-estacion-manual","10":"product_tag-estrobos-y-sirenas","11":"product_tag-modulos","12":"product_tag-paneles-de-control","13":"product_tag-sistemas-de-incendio","14":"product_tag-teclados","16":"first","17":"instock","18":"sale","19":"taxable","20":"shipping-taxable","21":"purchasable","22":"product-type-simple"},"aioseo_notices":[],"_links":{"self":[{"href":"https:\/\/tecsecmty.com\/index.php\/wp-json\/wp\/v2\/product\/5979","targetHints":{"allow":["GET"]}}],"collection":[{"href":"https:\/\/tecsecmty.com\/index.php\/wp-json\/wp\/v2\/product"}],"about":[{"href":"https:\/\/tecsecmty.com\/index.php\/wp-json\/wp\/v2\/types\/product"}],"replies":[{"embeddable":true,"href":"https:\/\/tecsecmty.com\/index.php\/wp-json\/wp\/v2\/comments?post=5979"}],"version-history":[{"count":0,"href":"https:\/\/tecsecmty.com\/index.php\/wp-json\/wp\/v2\/product\/5979\/revisions"}],"wp:featuredmedia":[{"embeddable":true,"href":"https:\/\/tecsecmty.com\/index.php\/wp-json\/wp\/v2\/media\/5978"}],"wp:attachment":[{"href":"https:\/\/tecsecmty.com\/index.php\/wp-json\/wp\/v2\/media?parent=5979"}],"wp:term":[{"taxonomy":"product_brand","embeddable":true,"href":"https:\/\/tecsecmty.com\/index.php\/wp-json\/wp\/v2\/product_brand?post=5979"},{"taxonomy":"product_cat","embeddable":true,"href":"https:\/\/tecsecmty.com\/index.php\/wp-json\/wp\/v2\/product_cat?post=5979"},{"taxonomy":"product_tag","embeddable":true,"href":"https:\/\/tecsecmty.com\/index.php\/wp-json\/wp\/v2\/product_tag?post=5979"}],"curies":[{"name":"wp","href":"https:\/\/api.w.org\/{rel}","templated":true}]}}