{"id":5989,"date":"2023-02-23T11:44:35","date_gmt":"2023-02-23T17:44:35","guid":{"rendered":"https:\/\/tecsecmty.com\/index.php\/producto\/bosch-f_lsn0300a-mod-lazo-lsn-longitud-de-linea-de-hasta1600m-corriente-de-linea-de-hasta-300-ma\/"},"modified":"2023-03-22T23:21:14","modified_gmt":"2023-03-23T05:21:14","slug":"bosch-f_lsn0300a-mod-lazo-lsn-longitud-de-linea-de-hasta1600m-corriente-de-linea-de-hasta-300-ma","status":"publish","type":"product","link":"https:\/\/tecsecmty.com\/index.php\/producto\/bosch-f_lsn0300a-mod-lazo-lsn-longitud-de-linea-de-hasta1600m-corriente-de-linea-de-hasta-300-ma\/","title":{"rendered":"BOSCH F_LSN0300A &#8211; MOD Lazo LSN \/ Longitud de linea de HASTA1600M \/ Corriente de linea de hasta 300 MA"},"content":{"rendered":"<div class=\"row aling-items-center padding-bottom-2x\">\n<div class=\"col-lg-12\">\n<h5 class=\"card-title text-center\">LSN 0300 A M\u00f3dulo LSN improved de 300 mA<\/h5>\n<p class=\"ql-align-justify\">\n<p><img decoding=\"async\" class=\"overview-center-img- aligncenter\" src=\"https:\/\/tvc.mx\/media\/11238\/Logoopaginas-oficial.png\" alt=\"\" \/><\/div>\n<\/div>\n<div class=\"row align-items-center padding-bottom-2x\">\n<div class=\"col-md-5\"><img decoding=\"async\" class=\"d-block m-auto img-thumbnail\" src=\"https:\/\/tvc.mx\/media\/81472\/LSN-0300-A.config6.png\" alt=\" \" \/><\/div>\n<div class=\"col-md-7 text-md-left text-center\">\n<h2>Resumen del sistema<\/h2>\n<p class=\"text-muted\">\n<p>Este m\u00f3dulo permite conectar un lazo LSN a un m\u00e1ximo de 254 elementos LSN improved o 127 elementos LSN cl\u00e1sicos, con una corriente de l\u00ednea m\u00e1xima de 300 mA.<\/p>\n<p>&nbsp;<\/p>\n<\/div>\n<\/div>\n<hr class=\"padding-bottom-2x\" \/>\n<div class=\"row align-items-center padding-bottom-2x\">\n<div class=\"col-md-5 order-md-2\"><img decoding=\"async\" class=\"d-block m-auto img-thumbnail\" src=\"https:\/\/tvc.mx\/media\/81476\/LSN-0300-A.config5.png\" alt=\" \" \/><\/div>\n<div class=\"col-md-7 order-md-1 text-md-left text-center\">\n<h2>Funciones b\u00e1sicas<\/h2>\n<p class=\"text-muted\">\n<p class=\"ql-align-justify\"><strong>Planificaci\u00f3n<\/strong><\/p>\n<p class=\"ql-align-justify\">Nota: El consumo de corriente de los dispositivos conectados y la longitud del cable se pueden calcular con el software de dise\u00f1o FSD.<\/p>\n<ul>\n<li class=\"ql-align-justify\">Se deben tener en cuenta los est\u00e1ndares y directrices espec\u00edficos del pa\u00eds en el dise\u00f1o.<\/li>\n<li class=\"ql-align-justify\">Para el funcionamiento del sistema de detecci\u00f3n de incendios conforme a la norma EN 54-13, es necesario que todos los ramales y derivaciones en T terminen en un m\u00f3dulo RFL.<\/li>\n<\/ul>\n<p class=\"ql-align-justify\">Nota: La alimentaci\u00f3n auxiliar s\u00f3lo se debe devolver a AUX2<\/p>\n<p class=\"ql-align-justify\">en aisladores de lazo (sistemas ERT). [Los aisladores adecuados incluyen aisladores YBO-R\/SCI].<\/p>\n<p class=\"ql-align-justify\"><strong>Piezas incluidas<\/strong><\/p>\n<ul>\n<li class=\"ql-align-justify\">1 LSN 0300 A M\u00f3dulo LSN improved de 300 mA.<\/li>\n<\/ul>\n<p>&nbsp;<\/p>\n<\/div>\n<\/div>\n<hr class=\"padding-bottom-2x\" \/>\n<div class=\"row align-items-center padding-bottom-2x\">\n<div class=\"col-md-5 order-md-2\"><img decoding=\"async\" class=\"d-block m-auto img-thumbnail\" src=\"https:\/\/tvc.mx\/media\/81480\/LSN-0300-A.config7.png\" alt=\" \" \/><\/div>\n<div class=\"col-md-7 order-md-1 text-md-left text-center\">\n<h2>Caracter\u00edsticas y Especificaciones<\/h2>\n<p class=\"text-muted\">\n<p class=\"ql-align-justify\"><strong>Nota: LSN 0300 A M\u00f3dulo LSN improved de 300 mA<\/strong><\/p>\n<p class=\"ql-align-justify\"><strong>para conectar un lazo LSN a un m\u00e1ximo de 254 elementos LSN improved o 127 elementos LSN cl\u00e1sicos, con una corriente de l\u00ednea m\u00e1xima de 300 mA.<\/strong><\/p>\n<p class=\"ql-align-justify\"><strong>Numero de pedido: LSN 0300 A.<\/strong><\/p>\n<p class=\"ql-align-justify\"><strong>Principales\u00a0<\/strong><strong>Caracter\u00edsticas<\/strong><\/p>\n<ul>\n<li class=\"ql-align-justify\">Hasta 254 elementos LSN improved.<\/li>\n<li class=\"ql-align-justify\">Longitud de l\u00ednea de hasta 1600 m, dependiendo de la configuraci\u00f3n y del tipo de cable.<\/li>\n<li class=\"ql-align-justify\">Posibilidad de uso de cable sin protecci\u00f3n.<\/li>\n<li class=\"ql-align-justify\">Corriente de l\u00ednea de hasta 300 mA, dependiendo de la configuraci\u00f3n y del tipo de cable.<\/li>\n<li class=\"ql-align-justify\">Salida de tensi\u00f3n adicional (compatible con ERT).<\/li>\n<li class=\"ql-align-justify\">Estructuras de red flexibles (lazo, ramal y derivaci\u00f3n en T).<\/li>\n<li class=\"ql-align-justify\">T\u00e9cnicas de direccionamiento: LSN improved con direccionamiento autom\u00e1tico, direccionamiento autom\u00e1tico LSN cl\u00e1sico y asignaci\u00f3n manual de direcciones.<\/li>\n<\/ul>\n<p class=\"ql-align-justify\"><strong>Especificaciones<\/strong><\/p>\n<p class=\"ql-align-justify\"><strong>El\u00e9ctricas<\/strong><\/p>\n<p class=\"ql-align-justify\"><strong>Tensi\u00f3n de entrada:<\/strong><\/p>\n<ul>\n<li class=\"ql-align-justify\">De 20 V CC a 30 V CC\/\u00a0 5 VCC \u00b1 5%.<\/li>\n<\/ul>\n<p class=\"ql-align-justify\"><strong>Tensi\u00f3n de salida:<\/strong><\/p>\n<ul>\n<li class=\"ql-align-justify\">LSN 30 \u00b1 1,0 VCC.<\/li>\n<li class=\"ql-align-justify\">Alimentaci\u00f3n auxiliar 28 \u00b1 1,0 VCC.<\/li>\n<\/ul>\n<p class=\"ql-align-justify\"><strong>Consumo de corriente m\u00e1ximo<\/strong><\/p>\n<ul>\n<li class=\"ql-align-justify\">1750 mA a 24 V CC.<\/li>\n<\/ul>\n<p class=\"ql-align-justify\"><strong>Consumo de corriente nominal<\/strong><\/p>\n<ul>\n<li class=\"ql-align-justify\">M\u00f3dulo 39 mA a 24 V CC<\/li>\n<li class=\"ql-align-justify\">LSN 1,7 x consumo de corriente de elementos<\/li>\n<li class=\"ql-align-justify\">LSN<\/li>\n<li class=\"ql-align-justify\">AUX 1,2 x alimentaci\u00f3n auxiliar<\/li>\n<\/ul>\n<p class=\"ql-align-justify\"><strong>Corriente de l\u00ednea LSN:<\/strong><\/p>\n<ul>\n<li class=\"ql-align-justify\">M\u00e1x. 300 mA, dependiendo de la configuraci\u00f3n y del tipo de cable.<\/li>\n<\/ul>\n<p class=\"ql-align-justify\"><strong>Alimentaci\u00f3n auxiliar<\/strong><\/p>\n<ul>\n<li class=\"ql-align-justify\">(28 V CC) 500 mA como m\u00e1ximo en un lazo LSN (sistema ERT) o 2 de 500 mA como m\u00e1ximo en 2 ramales.<\/li>\n<\/ul>\n<p class=\"ql-align-justify\"><strong>Mec\u00e1nicos<\/strong><\/p>\n<p class=\"ql-align-justify\"><strong>Elementos de funcionamiento y visualizaci\u00f3n<\/strong><\/p>\n<ul>\n<li class=\"ql-align-justify\">2 LED (rojo = alarma, amarillo = fallo).<\/li>\n<li class=\"ql-align-justify\">1 bot\u00f3n (test de LED).<\/li>\n<\/ul>\n<p class=\"ql-align-justify\"><strong>Material de la carcasa<\/strong><\/p>\n<ul>\n<li class=\"ql-align-justify\">Pl\u00e1stico ABS, (UL94 V-0)<\/li>\n<\/ul>\n<p class=\"ql-align-justify\"><strong>Color de la carcasa<\/strong><\/p>\n<ul>\n<li class=\"ql-align-justify\">Acabado satinado en antracita, RAL 7016<\/li>\n<\/ul>\n<p class=\"ql-align-justify\"><strong>Dimensiones Aprox.<\/strong><\/p>\n<ul>\n<li class=\"ql-align-justify\">127 x 96 x 60 mm (5 x 3,8 x 2,4 pulg.).<\/li>\n<\/ul>\n<p class=\"ql-align-justify\"><strong>Peso Aprox.<\/strong><\/p>\n<ul>\n<li class=\"ql-align-justify\">225 g.<\/li>\n<\/ul>\n<p class=\"ql-align-justify\"><strong>L\u00edmites del sistema<\/strong><\/p>\n<ul>\n<li class=\"ql-align-justify\">Longitud de l\u00ednea m\u00e1x. 1.600 m, dependiendo de la configuraci\u00f3n y del tipo de cable.<\/li>\n<li class=\"ql-align-justify\">N\u00famero de elementos M\u00e1x. de 127 elementos LSN cl\u00e1sicos M\u00e1x. de 254 elementos LSN improved.<\/li>\n<\/ul>\n<p class=\"ql-align-justify\"><strong>Ambientales<\/strong><\/p>\n<p class=\"ql-align-justify\"><strong>Temperatura de funcionamiento permitida<\/strong><\/p>\n<ul>\n<li class=\"ql-align-justify\">De -5 \u00b0C a 50 \u00b0C (de 23 \u00b0F a 122 \u00b0F).<\/li>\n<\/ul>\n<p class=\"ql-align-justify\">Temperatura de almacenamiento permitida<\/p>\n<ul>\n<li class=\"ql-align-justify\">De -20 \u00b0C a 60 \u00b0C (de -4 \u00b0F a 140 \u00b0F).<\/li>\n<\/ul>\n<p class=\"ql-align-justify\"><strong>Humedad relativa permitida<\/strong><\/p>\n<ul>\n<li class=\"ql-align-justify\">95%, sin condensaci\u00f3n.<\/li>\n<\/ul>\n<p class=\"ql-align-justify\"><strong>Clase de protecci\u00f3n seg\u00fan<\/strong><\/p>\n<ul>\n<li class=\"ql-align-justify\">IEC 60529.<\/li>\n<li class=\"ql-align-justify\">IP 30.<\/li>\n<\/ul>\n<\/div>\n<\/div>\n","protected":false},"excerpt":{"rendered":"<p>LSN 0300 A M\u00f3dulo LSN improved de 300 mA Resumen del sistema Este m\u00f3dulo permite conectar un lazo LSN a un m\u00e1ximo de 254 elementos LSN improved o 127 elementos LSN cl\u00e1sicos, con una corriente de l\u00ednea m\u00e1xima de 300 mA. &nbsp; Funciones b\u00e1sicas Planificaci\u00f3n&hellip;<\/p>\n","protected":false},"featured_media":5988,"comment_status":"open","ping_status":"closed","template":"","meta":{"om_disable_all_campaigns":false,"_monsterinsights_skip_tracking":false,"_monsterinsights_sitenote_active":false,"_monsterinsights_sitenote_note":"","_monsterinsights_sitenote_category":0},"product_brand":[],"product_cat":[505],"product_tag":[495,497,498,499,500,501,496,502],"class_list":{"0":"post-5989","1":"product","2":"type-product","3":"status-publish","4":"has-post-thumbnail","6":"product_cat-modulos-bosch-incendio-2","7":"product_tag-control-de-incendio","8":"product_tag-detectores","9":"product_tag-estacion-manual","10":"product_tag-estrobos-y-sirenas","11":"product_tag-modulos","12":"product_tag-paneles-de-control","13":"product_tag-sistemas-de-incendio","14":"product_tag-teclados","16":"first","17":"instock","18":"sale","19":"taxable","20":"shipping-taxable","21":"purchasable","22":"product-type-simple"},"aioseo_notices":[],"_links":{"self":[{"href":"https:\/\/tecsecmty.com\/index.php\/wp-json\/wp\/v2\/product\/5989","targetHints":{"allow":["GET"]}}],"collection":[{"href":"https:\/\/tecsecmty.com\/index.php\/wp-json\/wp\/v2\/product"}],"about":[{"href":"https:\/\/tecsecmty.com\/index.php\/wp-json\/wp\/v2\/types\/product"}],"replies":[{"embeddable":true,"href":"https:\/\/tecsecmty.com\/index.php\/wp-json\/wp\/v2\/comments?post=5989"}],"version-history":[{"count":0,"href":"https:\/\/tecsecmty.com\/index.php\/wp-json\/wp\/v2\/product\/5989\/revisions"}],"wp:featuredmedia":[{"embeddable":true,"href":"https:\/\/tecsecmty.com\/index.php\/wp-json\/wp\/v2\/media\/5988"}],"wp:attachment":[{"href":"https:\/\/tecsecmty.com\/index.php\/wp-json\/wp\/v2\/media?parent=5989"}],"wp:term":[{"taxonomy":"product_brand","embeddable":true,"href":"https:\/\/tecsecmty.com\/index.php\/wp-json\/wp\/v2\/product_brand?post=5989"},{"taxonomy":"product_cat","embeddable":true,"href":"https:\/\/tecsecmty.com\/index.php\/wp-json\/wp\/v2\/product_cat?post=5989"},{"taxonomy":"product_tag","embeddable":true,"href":"https:\/\/tecsecmty.com\/index.php\/wp-json\/wp\/v2\/product_tag?post=5989"}],"curies":[{"name":"wp","href":"https:\/\/api.w.org\/{rel}","templated":true}]}}